{"id":24703,"date":"2025-08-01T18:17:29","date_gmt":"2025-08-01T16:17:29","guid":{"rendered":"https:\/\/uj.adatbank.ro\/lexikon\/termek\/vojt-bela\/"},"modified":"2025-08-01T18:17:29","modified_gmt":"2025-08-01T16:17:29","slug":"vojt-bela","status":"publish","type":"product","link":"https:\/\/uj.adatbank.ro\/lexikon\/termek\/vojt-bela\/","title":{"rendered":"VOJT B\u00e9la"},"content":{"rendered":"<p>1918. \u2020\u00a01980: orvos. \u2013 A mv.-i T\u00fcd\u0151klinik\u00e1n dolgozik tan\u00e1rseg\u00e9d (1948\u2013), a klinika \u00fcgyvezet\u0151je (1952\u2013), f\u0151orvos nyugd\u00edjaz\u00e1s\u00e1ig )1959\u2013). <br \/><strong>\u2013 Irod.:<\/strong> Kiss\u2013P\u00e9terffy\u2013P\u00e9terffy.<\/br><\/p>\n","protected":false},"excerpt":{"rendered":"<p>1918. \u2020\u00a01980: orvos. \u2013 A mv.-i T\u00fcd\u0151klinik\u00e1n dolgozik tan\u00e1rseg\u00e9d (1948\u2013), a klinika \u00fcgyvezet\u0151je (1952\u2013), f\u0151orvos nyugd\u00edjaz\u00e1s\u00e1ig )1959\u2013). \u2013 Irod.: Kiss\u2013P\u00e9terffy\u2013P\u00e9terffy.<\/p>\n","protected":false},"featured_media":0,"comment_status":"open","ping_status":"closed","template":"","meta":[],"product_brand":[],"product_cat":[137],"product_tag":[],"class_list":{"0":"post-24703","1":"product","2":"type-product","3":"status-publish","5":"product_cat-maros-megyei-eletrajzi-lexikon","7":"first","8":"instock","9":"shipping-taxable","10":"product-type-simple"},"_links":{"self":[{"href":"https:\/\/uj.adatbank.ro\/lexikon\/wp-json\/wp\/v2\/product\/24703","targetHints":{"allow":["GET"]}}],"collection":[{"href":"https:\/\/uj.adatbank.ro\/lexikon\/wp-json\/wp\/v2\/product"}],"about":[{"href":"https:\/\/uj.adatbank.ro\/lexikon\/wp-json\/wp\/v2\/types\/product"}],"replies":[{"embeddable":true,"href":"https:\/\/uj.adatbank.ro\/lexikon\/wp-json\/wp\/v2\/comments?post=24703"}],"wp:attachment":[{"href":"https:\/\/uj.adatbank.ro\/lexikon\/wp-json\/wp\/v2\/media?parent=24703"}],"wp:term":[{"taxonomy":"product_brand","embeddable":true,"href":"https:\/\/uj.adatbank.ro\/lexikon\/wp-json\/wp\/v2\/product_brand?post=24703"},{"taxonomy":"product_cat","embeddable":true,"href":"https:\/\/uj.adatbank.ro\/lexikon\/wp-json\/wp\/v2\/product_cat?post=24703"},{"taxonomy":"product_tag","embeddable":true,"href":"https:\/\/uj.adatbank.ro\/lexikon\/wp-json\/wp\/v2\/product_tag?post=24703"}],"curies":[{"name":"wp","href":"https:\/\/api.w.org\/{rel}","templated":true}]}}