{"id":24707,"date":"2025-08-01T18:17:39","date_gmt":"2025-08-01T16:17:39","guid":{"rendered":"https:\/\/uj.adatbank.ro\/lexikon\/termek\/voros-agnes-sz-vita\/"},"modified":"2026-02-17T16:55:18","modified_gmt":"2026-02-17T15:55:18","slug":"voros-agnes-sz-vita","status":"publish","type":"product","link":"https:\/\/uj.adatbank.ro\/lexikon\/termek\/voros-agnes-sz-vita\/","title":{"rendered":"V\u00d6R\u00d6S \u00c1GNES, sz. Vita"},"content":{"rendered":"<p>1940 \u2020\u00a0Mv., 2006. szept. 3., eltemetve Kv.-on.<\/p>\n","protected":false},"excerpt":{"rendered":"<p>1940 \u2020\u00a0Mv., 2006. szept. 3., eltemetve Kv.-on.<\/p>\n","protected":false},"featured_media":0,"comment_status":"open","ping_status":"closed","template":"","meta":[],"product_brand":[],"product_cat":[137],"product_tag":[],"class_list":{"0":"post-24707","1":"product","2":"type-product","3":"status-publish","5":"product_cat-maros-megyei-eletrajzi-lexikon","7":"first","8":"instock","9":"shipping-taxable","10":"product-type-simple"},"_links":{"self":[{"href":"https:\/\/uj.adatbank.ro\/lexikon\/wp-json\/wp\/v2\/product\/24707","targetHints":{"allow":["GET"]}}],"collection":[{"href":"https:\/\/uj.adatbank.ro\/lexikon\/wp-json\/wp\/v2\/product"}],"about":[{"href":"https:\/\/uj.adatbank.ro\/lexikon\/wp-json\/wp\/v2\/types\/product"}],"replies":[{"embeddable":true,"href":"https:\/\/uj.adatbank.ro\/lexikon\/wp-json\/wp\/v2\/comments?post=24707"}],"wp:attachment":[{"href":"https:\/\/uj.adatbank.ro\/lexikon\/wp-json\/wp\/v2\/media?parent=24707"}],"wp:term":[{"taxonomy":"product_brand","embeddable":true,"href":"https:\/\/uj.adatbank.ro\/lexikon\/wp-json\/wp\/v2\/product_brand?post=24707"},{"taxonomy":"product_cat","embeddable":true,"href":"https:\/\/uj.adatbank.ro\/lexikon\/wp-json\/wp\/v2\/product_cat?post=24707"},{"taxonomy":"product_tag","embeddable":true,"href":"https:\/\/uj.adatbank.ro\/lexikon\/wp-json\/wp\/v2\/product_tag?post=24707"}],"curies":[{"name":"wp","href":"https:\/\/api.w.org\/{rel}","templated":true}]}}

VÖRÖS ÁGNES, sz. Vita
