{"id":24711,"date":"2025-08-01T18:17:48","date_gmt":"2025-08-01T16:17:48","guid":{"rendered":"https:\/\/uj.adatbank.ro\/lexikon\/termek\/vulcan-nicolae\/"},"modified":"2025-08-01T18:17:48","modified_gmt":"2025-08-01T16:17:48","slug":"vulcan-nicolae","status":"publish","type":"product","link":"https:\/\/uj.adatbank.ro\/lexikon\/termek\/vulcan-nicolae\/","title":{"rendered":"VULCAN, Nicolae"},"content":{"rendered":"<p>S\u0103li\u015fte (Szeben), 1870., \u2020 Mv., 1941.: b\u00e9rl\u0151. A Mez\u0151s\u00e9g legnagyobb b\u00e9rl\u0151je volt, f\u0151leg Mez\u0151pagocs\u00e1n. <br \/><strong>\u2013 Irod.:<\/strong> T\u0103ureni.<\/br><\/p>\n","protected":false},"excerpt":{"rendered":"<p>S\u0103li\u015fte (Szeben), 1870., \u2020 Mv., 1941.: b\u00e9rl\u0151. A Mez\u0151s\u00e9g legnagyobb b\u00e9rl\u0151je volt, f\u0151leg Mez\u0151pagocs\u00e1n. \u2013 Irod.: T\u0103ureni.<\/p>\n","protected":false},"featured_media":0,"comment_status":"open","ping_status":"closed","template":"","meta":[],"product_brand":[],"product_cat":[137],"product_tag":[],"class_list":{"0":"post-24711","1":"product","2":"type-product","3":"status-publish","5":"product_cat-maros-megyei-eletrajzi-lexikon","7":"first","8":"instock","9":"shipping-taxable","10":"product-type-simple"},"_links":{"self":[{"href":"https:\/\/uj.adatbank.ro\/lexikon\/wp-json\/wp\/v2\/product\/24711","targetHints":{"allow":["GET"]}}],"collection":[{"href":"https:\/\/uj.adatbank.ro\/lexikon\/wp-json\/wp\/v2\/product"}],"about":[{"href":"https:\/\/uj.adatbank.ro\/lexikon\/wp-json\/wp\/v2\/types\/product"}],"replies":[{"embeddable":true,"href":"https:\/\/uj.adatbank.ro\/lexikon\/wp-json\/wp\/v2\/comments?post=24711"}],"wp:attachment":[{"href":"https:\/\/uj.adatbank.ro\/lexikon\/wp-json\/wp\/v2\/media?parent=24711"}],"wp:term":[{"taxonomy":"product_brand","embeddable":true,"href":"https:\/\/uj.adatbank.ro\/lexikon\/wp-json\/wp\/v2\/product_brand?post=24711"},{"taxonomy":"product_cat","embeddable":true,"href":"https:\/\/uj.adatbank.ro\/lexikon\/wp-json\/wp\/v2\/product_cat?post=24711"},{"taxonomy":"product_tag","embeddable":true,"href":"https:\/\/uj.adatbank.ro\/lexikon\/wp-json\/wp\/v2\/product_tag?post=24711"}],"curies":[{"name":"wp","href":"https:\/\/api.w.org\/{rel}","templated":true}]}}