{"id":24713,"date":"2025-08-01T18:17:51","date_gmt":"2025-08-01T16:17:51","guid":{"rendered":"https:\/\/uj.adatbank.ro\/lexikon\/termek\/vulcu-nicolae\/"},"modified":"2025-08-01T18:17:51","modified_gmt":"2025-08-01T16:17:51","slug":"vulcu-nicolae","status":"publish","type":"product","link":"https:\/\/uj.adatbank.ro\/lexikon\/termek\/vulcu-nicolae\/","title":{"rendered":"VULCU, Nicolae"},"content":{"rendered":"<p>Szelistye, 1870., \u2020\u00a0Mv. 1941. j\u00fal. 6.: f\u00f6ldbirtokos, politikus. \u2013 Nagyszebenben \u00e9s Kv.-on v\u00e9gezte az egyetemet. F\u00f6ldbirtokai voltak Nagyikland, Mez\u0151r\u00fccs, Mez\u0151pagocsa, Mez\u0151b\u00e1nd k\u00f6rny\u00e9k\u00e9n. Mez\u0151r\u00fccs\u00f6n 250 holdas csal\u00e1di birtok\u00e1n gazd\u00e1lkodott. Majd Mv.-en lakott (1890\u201395). Az ASTRA v\u00e1s\u00e1rhelyi tagozat\u00e1nak tagja, eln\u00f6ke (1909\u201313), a r\u00fccsi tagozatban tev\u00e9kenykedett (1914\u2013). Az Albina Bank Mv.-i fi\u00f3kj\u00e1nak p\u00e9nzt\u00e1rnoka. a Rom\u00e1n Nemzeti P\u00e1rt tagjak\u00e9nt bekapcsol\u00f3dott az egyes\u00fcl\u00e9s el\u0151tti politikai \u00e9letbe. Nagyikland hivatalos k\u00fcld\u00f6tte a gyulafeh\u00e9rv\u00e1ri nagygy\u0171l\u00e9sen (1918. dec. 1.). 8 \u00e9vig volt a rom\u00e1n \u00e1llam szen\u00e1tora \u00e9s 3 \u00e9vig orsz\u00e1ggy\u0171l\u00e9si k\u00e9pvisel\u0151 \u00e9s t\u00f6rvh. biz. tag. Tagja a Maros-Torda v\u00e1rmegye k\u00f6zigazgat\u00e1si bizotts\u00e1g\u00e1nak (1919), a B\u00e1ndi Ker\u00fcleti Mez\u0151gazdas\u00e1gi Bizotts\u00e1gnak (1922\u201325), az els\u0151 Kolozsi Ortodox Egyh\u00e1zmegyei Tan\u00e1csnak (1921\u201324), annak vil\u00e1gi k\u00fcld\u00f6tte (1924\u201327); Mez\u0151b\u00e1nd parlamenti k\u00e9pvisel\u0151je (1919\u20131920); tagja a megyei tan\u00e1csnak (1926\u201330); a Nemzeti Paraszt P\u00e1rtnak (1923). N\u00e9pm\u0171vel\u0151 el\u0151ad\u00e1sokat tartott, r\u00e9szt vett a Mv.-i Avram Iancu szobor leleplez\u00e9s\u00e9n; a Tinerimea Rom\u00e2n\u0103 T\u00e1rsas\u00e1g alap\u00edt\u00f3 tagja (19239, a m\u00f3csi C\u00e2mpiana Hitelsz\u00f6vetkezet aleln\u00f6ke (1905), a F\u00f6ldm\u0171ves Hitelsz\u00f6vetkezet elind\u00edt\u00f3ja (1927). A mv.-i Tehnica S.A. \u00e9s a Banca Agrar\u0103 vezet\u0151s\u00e9gi tagja. Kiadta \u00e9s t\u00e1mogatta a Mure\u015ful c. \u00fajs\u00e1got (1922\u201326; 36\u201337). A b\u00e9csi d\u00f6nt\u00e9s ut\u00e1n k\u00e9nyszerlakhelyen volt Mv.-en. <br \/><strong>\u2013 Irod.:<\/strong> Bosoanc\u0103; Politics and political parties in Roumania (Lindon, 1936); Sz\u00e9kelyf\u00f6ld \u00ed.k.; Todea 2013.<\/br><\/p>\n","protected":false},"excerpt":{"rendered":"<p>Szelistye, 1870., \u2020\u00a0Mv. 1941. j\u00fal. 6.: f\u00f6ldbirtokos, politikus. \u2013 Nagyszebenben \u00e9s Kv.-on v\u00e9gezte az egyetemet. F\u00f6ldbirtokai voltak Nagyikland, Mez\u0151r\u00fccs, Mez\u0151pagocsa, Mez\u0151b\u00e1nd k\u00f6rny\u00e9k\u00e9n. Mez\u0151r\u00fccs\u00f6n 250 holdas csal\u00e1di birtok\u00e1n gazd\u00e1lkodott. Majd Mv.-en lakott (1890\u201395). Az ASTRA v\u00e1s\u00e1rhelyi tagozat\u00e1nak tagja, eln\u00f6ke (1909\u201313), a r\u00fccsi tagozatban tev\u00e9kenykedett (1914\u2013). Az Albina Bank Mv.-i fi\u00f3kj\u00e1nak p\u00e9nzt\u00e1rnoka. a Rom\u00e1n Nemzeti P\u00e1rt tagjak\u00e9nt [&hellip;]<\/p>\n","protected":false},"featured_media":0,"comment_status":"open","ping_status":"closed","template":"","meta":[],"product_brand":[],"product_cat":[137],"product_tag":[],"class_list":{"0":"post-24713","1":"product","2":"type-product","3":"status-publish","5":"product_cat-maros-megyei-eletrajzi-lexikon","7":"first","8":"instock","9":"shipping-taxable","10":"product-type-simple"},"_links":{"self":[{"href":"https:\/\/uj.adatbank.ro\/lexikon\/wp-json\/wp\/v2\/product\/24713","targetHints":{"allow":["GET"]}}],"collection":[{"href":"https:\/\/uj.adatbank.ro\/lexikon\/wp-json\/wp\/v2\/product"}],"about":[{"href":"https:\/\/uj.adatbank.ro\/lexikon\/wp-json\/wp\/v2\/types\/product"}],"replies":[{"embeddable":true,"href":"https:\/\/uj.adatbank.ro\/lexikon\/wp-json\/wp\/v2\/comments?post=24713"}],"wp:attachment":[{"href":"https:\/\/uj.adatbank.ro\/lexikon\/wp-json\/wp\/v2\/media?parent=24713"}],"wp:term":[{"taxonomy":"product_brand","embeddable":true,"href":"https:\/\/uj.adatbank.ro\/lexikon\/wp-json\/wp\/v2\/product_brand?post=24713"},{"taxonomy":"product_cat","embeddable":true,"href":"https:\/\/uj.adatbank.ro\/lexikon\/wp-json\/wp\/v2\/product_cat?post=24713"},{"taxonomy":"product_tag","embeddable":true,"href":"https:\/\/uj.adatbank.ro\/lexikon\/wp-json\/wp\/v2\/product_tag?post=24713"}],"curies":[{"name":"wp","href":"https:\/\/api.w.org\/{rel}","templated":true}]}}

<p>Szelistye, 1870., † Mv. 1941. júl. 6.: földbirtokos, politikus. – Nagyszebenben és Kv.-on végezte az egyetemet. Földbirtokai voltak Nagyikland, Mezőrücs, Mezőpagocsa, Mezőbánd környékén. Mezőrücsön 250 holdas családi birtokán gazdálkodott. Majd Mv.-en lakott (1890–95). Az ASTRA vásárhelyi tagozatának tagja, elnöke (1909–13), a rücsi tagozatban tevékenykedett (1914–). Az Albina Bank Mv.-i fiókjának pénztárnoka. a Román Nemzeti Párt tagjaként bekapcsolódott az egyesülés előtti politikai életbe. Nagyikland hivatalos küldötte a gyulafehérvári nagygyűlésen (1918. dec. 1.). 8 évig volt a román állam szenátora és 3 évig országgyűlési képviselő és törvh. biz. tag. Tagja a Maros-Torda vármegye közigazgatási bizottságának (1919), a Bándi Kerületi Mezőgazdasági Bizottságnak (1922–25), az első Kolozsi Ortodox Egyházmegyei Tanácsnak (1921–24), annak világi küldötte (1924–27); Mezőbánd parlamenti képviselője (1919–1920); tagja a megyei tanácsnak (1926–30); a Nemzeti Paraszt Pártnak (1923). Népművelő előadásokat tartott, részt vett a Mv.-i Avram Iancu szobor leleplezésén; a Tinerimea Română Társaság alapító tagja (19239, a mócsi Câmpiana Hitelszövetkezet alelnöke (1905), a Földműves Hitelszövetkezet elindítója (1927). A mv.-i Tehnica S.A. és a Banca Agrară vezetőségi tagja. Kiadta és támogatta a Mureşul c. újságot (1922–26; 36–37). A bécsi döntés után kényszerlakhelyen volt Mv.-en. <br /><strong>– Irod.:</strong> Bosoancă; Politics and political parties in Roumania (Lindon, 1936); Székelyföld í.k.; Todea 2013.</br></p>

<p>Szelistye, 1870., † Mv. 1941. júl. 6.: földbirtokos, politikus. – Nagyszebenben és Kv.-on végezte az egyetemet. Földbirtokai voltak Nagyikland, Mezőrücs, Mezőpagocsa, Mezőbánd környékén. Mezőrücsön 250 holdas családi birtokán gazdálkodott. Majd Mv.-en lakott (1890–95). Az ASTRA vásárhelyi tagozatának tagja, elnöke (1909–13), a rücsi tagozatban tevékenykedett (1914–). Az Albina Bank Mv.-i fiókjának pénztárnoka. a Román Nemzeti Párt tagjaként [&hellip;]</p>
