{"id":24715,"date":"2025-08-01T18:17:57","date_gmt":"2025-08-01T16:17:57","guid":{"rendered":"https:\/\/uj.adatbank.ro\/lexikon\/termek\/vulcutiu-ioan\/"},"modified":"2025-08-01T18:17:57","modified_gmt":"2025-08-01T16:17:57","slug":"vulcutiu-ioan","status":"publish","type":"product","link":"https:\/\/uj.adatbank.ro\/lexikon\/termek\/vulcutiu-ioan\/","title":{"rendered":"VULCU\u0162IU, Ioan"},"content":{"rendered":"<p>Ecsell\u0151, 1892. szept. 23., \u2020 Nagyszeben, 1973. m\u00e1j. 26.: tan\u00e1r. \u2013 T\u00f6rt\u00e9nelemtan\u00e1ri diplom\u00e1t szerzett Kv.-on. Tan\u00edt\u00f3, majd tan\u00e1r igazgat\u00f3 Aciuliu (Szelistye), Sebes, Ludason (1923), Dics\u0151sztm\u00e1rtonban a Fi\u00fagimn. t\u00f6rt\u00e9nelem tan\u00e1ra, igazgat\u00f3ja (1923\u201348). A Dics\u0151szentm\u00e1rtonban elt\u00f6lt\u00f6tt 27 \u00e9v nagy m\u00e9rt\u00e9kben hozz\u00e1j\u00e1rult a rom\u00e1n oktat\u00e1s fejleszt\u00e9s\u00e9hez. Javaslat\u00e1ra vette fel a az iskola az Andrei B\u00e2rseanu nev\u00e9t (1924). Nagy m\u00e9rt\u00e9kben gyarap\u00edtotta \u00e9s fejlesztette az iskola didaktikai felszerelts\u00e9g\u00e9t. Sz\u00e1mos iskolai \u00e9s iskol\u00e1n k\u00edv\u00fcli tev\u00e9kenys\u00e9get szervezett. Az iskol\u00e1ban k\u00f6nyvt\u00e1rat l\u00e9tes\u00edtettek, k\u00fcl\u00f6n a tanul\u00f3k, k\u00fcl\u00f6n a tan\u00e1rok sz\u00e1m\u00e1ra. T\u00f6bb kultur\u00e1lis k\u00f6r is m\u0171k\u00f6d\u00f6tt vezet\u00e9s\u00e9vel. Tev\u00e9keny tagja az ASTRA-nak (1924\u2013) majd eln\u00f6ke (1934\u2013). 35 k\u00f6zm\u0171vel\u0151d\u00e9si k\u00f6rt szervezett \u00fajj\u00e1, szerelt fel k\u00f6nyvt\u00e1rral. Dics\u0151szentm\u00e1rton id\u0151k\u00f6zi polg\u00e1rmestere volt 9 h\u00f3napig (1931\u201332), a v\u00e1ros az \u0151 javaslata alapj\u00e1n nyerte, h\u00e1rom javaslat k\u00f6z\u00fcl, a ma is haszn\u00e1lt rom\u00e1n elnevez\u00e9s\u00e9t: T\u00e2rn\u0103veni (1941. m\u00e1j. 3\u2013), azel\u0151tt Dicios\u00e2nmartinnak h\u00edvt\u00e1k. Ind\u00edtv\u00e1nyoz\u00e1s\u00e1ra emeltek Octavian Goganak szobrot a v\u00e1rosban (1943). Sok menek\u00fclt tanul\u00f3t fogadott be, \u00e9s seg\u00edtett meg (1940\u201344). A h\u00e1bor\u00fa ideje alatt az iskol\u00e1t k\u00f3rh\u00e1zz\u00e1 alak\u00edtotta, ahol a k\u00f6zeli front sebes\u00fcltjeit \u00e1polt\u00e1k. A n\u00e9gyoszt\u00e1lyos iskol\u00e1t nyolcoszt\u00e1lyoss\u00e1 alak\u00edtotta (1944 ut\u00e1n), ahol szint\u00e9n \u0151 volt az igazgat\u00f3. Az iskola felvette a Liceul de stat \u201eAl. Sahia\u201d nevet (1946). Tagja volt a V\u00e1rosi Tan\u00e1csnak, az Ortodox Egyh\u00e1zi Tan\u00e1csnak, a V\u00f6r\u00f6s Kereszt Bizotts\u00e1gnak, titk\u00e1ra a N\u0151egyletnek. Kit\u00fcntet\u00e9sei: a Tan\u00fcgyben kifejtett munk\u00e1j\u00e1\u00e9rt (R\u0103splata Muncii pt. \u00cenv\u0103\u0163\u0103m\u00e2nt); Regele Ferdinand kir\u00e1ly \u00e9rem (1943); Grada\u0163ie de merit (1946); Diploma de onoare cu medalia comemorativ\u0103 R.P.R. (1948). Szebenbe k\u00f6lt\u00f6z\u00f6tt (1950). Post mortem Dics\u0151sztm\u00e1rton d\u00edszpolg\u00e1r\u00e1v\u00e1 v\u00e1lasztott\u00e1k (1997). <br \/><strong>\u2013 Irod.:<\/strong> C.l. (1997. aug. 16); Dasc\u0103li mure\u015feni, 1.; \u00c9vfordul\u00f3nkra; T\u00e2rn\u0103veni, cult.- ist.; Todea 2013.<\/br><\/p>\n","protected":false},"excerpt":{"rendered":"<p>Ecsell\u0151, 1892. szept. 23., \u2020 Nagyszeben, 1973. m\u00e1j. 26.: tan\u00e1r. \u2013 T\u00f6rt\u00e9nelemtan\u00e1ri diplom\u00e1t szerzett Kv.-on. Tan\u00edt\u00f3, majd tan\u00e1r igazgat\u00f3 Aciuliu (Szelistye), Sebes, Ludason (1923), Dics\u0151sztm\u00e1rtonban a Fi\u00fagimn. t\u00f6rt\u00e9nelem tan\u00e1ra, igazgat\u00f3ja (1923\u201348). A Dics\u0151szentm\u00e1rtonban elt\u00f6lt\u00f6tt 27 \u00e9v nagy m\u00e9rt\u00e9kben hozz\u00e1j\u00e1rult a rom\u00e1n oktat\u00e1s fejleszt\u00e9s\u00e9hez. Javaslat\u00e1ra vette fel a az iskola az Andrei B\u00e2rseanu nev\u00e9t (1924). Nagy [&hellip;]<\/p>\n","protected":false},"featured_media":0,"comment_status":"open","ping_status":"closed","template":"","meta":[],"product_brand":[],"product_cat":[137],"product_tag":[],"class_list":{"0":"post-24715","1":"product","2":"type-product","3":"status-publish","5":"product_cat-maros-megyei-eletrajzi-lexikon","7":"first","8":"instock","9":"shipping-taxable","10":"product-type-simple"},"_links":{"self":[{"href":"https:\/\/uj.adatbank.ro\/lexikon\/wp-json\/wp\/v2\/product\/24715","targetHints":{"allow":["GET"]}}],"collection":[{"href":"https:\/\/uj.adatbank.ro\/lexikon\/wp-json\/wp\/v2\/product"}],"about":[{"href":"https:\/\/uj.adatbank.ro\/lexikon\/wp-json\/wp\/v2\/types\/product"}],"replies":[{"embeddable":true,"href":"https:\/\/uj.adatbank.ro\/lexikon\/wp-json\/wp\/v2\/comments?post=24715"}],"wp:attachment":[{"href":"https:\/\/uj.adatbank.ro\/lexikon\/wp-json\/wp\/v2\/media?parent=24715"}],"wp:term":[{"taxonomy":"product_brand","embeddable":true,"href":"https:\/\/uj.adatbank.ro\/lexikon\/wp-json\/wp\/v2\/product_brand?post=24715"},{"taxonomy":"product_cat","embeddable":true,"href":"https:\/\/uj.adatbank.ro\/lexikon\/wp-json\/wp\/v2\/product_cat?post=24715"},{"taxonomy":"product_tag","embeddable":true,"href":"https:\/\/uj.adatbank.ro\/lexikon\/wp-json\/wp\/v2\/product_tag?post=24715"}],"curies":[{"name":"wp","href":"https:\/\/api.w.org\/{rel}","templated":true}]}}

VULCUŢIU, Ioan

<p>Ecsellő, 1892. szept. 23., † Nagyszeben, 1973. máj. 26.: tanár. – Történelemtanári diplomát szerzett Kv.-on. Tanító, majd tanár igazgató Aciuliu (Szelistye), Sebes, Ludason (1923), Dicsősztmártonban a Fiúgimn. történelem tanára, igazgatója (1923–48). A Dicsőszentmártonban eltöltött 27 év nagy mértékben hozzájárult a román oktatás fejlesztéséhez. Javaslatára vette fel a az iskola az Andrei Bârseanu nevét (1924). Nagy mértékben gyarapította és fejlesztette az iskola didaktikai felszereltségét. Számos iskolai és iskolán kívüli tevékenységet szervezett. Az iskolában könyvtárat létesítettek, külön a tanulók, külön a tanárok számára. Több kulturális kör is működött vezetésével. Tevékeny tagja az ASTRA-nak (1924–) majd elnöke (1934–). 35 közművelődési kört szervezett újjá, szerelt fel könyvtárral. Dicsőszentmárton időközi polgármestere volt 9 hónapig (1931–32), a város az ő javaslata alapján nyerte, három javaslat közül, a ma is használt román elnevezését: Târnăveni (1941. máj. 3–), azelőtt Diciosânmartinnak hívták. Indítványozására emeltek Octavian Goganak szobrot a városban (1943). Sok menekült tanulót fogadott be, és segített meg (1940–44). A háború ideje alatt az iskolát kórházzá alakította, ahol a közeli front sebesültjeit ápolták. A négyosztályos iskolát nyolcosztályossá alakította (1944 után), ahol szintén ő volt az igazgató. Az iskola felvette a Liceul de stat „Al. Sahia” nevet (1946). Tagja volt a Városi Tanácsnak, az Ortodox Egyházi Tanácsnak, a Vörös Kereszt Bizottságnak, titkára a Nőegyletnek. Kitüntetései: a Tanügyben kifejtett munkájáért (Răsplata Muncii pt. Învăţământ); Regele Ferdinand király érem (1943); Gradaţie de merit (1946); Diploma de onoare cu medalia comemorativă R.P.R. (1948). Szebenbe költözött (1950). Post mortem Dicsősztmárton díszpolgárává választották (1997). <br /><strong>– Irod.:</strong> C.l. (1997. aug. 16); Dascăli mureşeni, 1.; Évfordulónkra; Târnăveni, cult.- ist.; Todea 2013.</br></p>

<p>Ecsellő, 1892. szept. 23., † Nagyszeben, 1973. máj. 26.: tanár. – Történelemtanári diplomát szerzett Kv.-on. Tanító, majd tanár igazgató Aciuliu (Szelistye), Sebes, Ludason (1923), Dicsősztmártonban a Fiúgimn. történelem tanára, igazgatója (1923–48). A Dicsőszentmártonban eltöltött 27 év nagy mértékben hozzájárult a román oktatás fejlesztéséhez. Javaslatára vette fel a az iskola az Andrei Bârseanu nevét (1924). Nagy [&hellip;]</p>
