{"id":24717,"date":"2025-08-01T18:18:01","date_gmt":"2025-08-01T16:18:01","guid":{"rendered":"https:\/\/uj.adatbank.ro\/lexikon\/termek\/vultur-ioan\/"},"modified":"2025-08-01T18:18:01","modified_gmt":"2025-08-01T16:18:01","slug":"vultur-ioan","status":"publish","type":"product","link":"https:\/\/uj.adatbank.ro\/lexikon\/termek\/vultur-ioan\/","title":{"rendered":"VULTUR, Ioan"},"content":{"rendered":"<p>Mez\u0151harasztos, 1905. \u00e1pr. 9., \u2020 Bal\u00e1zsfalva, 1979. febr. 27.: tan\u00e1r, g\u00f6r\u00f6g kat. pap. \u2013 Sz\u00fcl\u0151faluj\u00e1ban v\u00e9gezte az elemi iskol\u00e1t, Sz\u00e1szr\u00e9genben a n\u00e9met gimn\u00e1ziumot, majd a mv.-i Al. Papiu L\u00edc.-ban tanult \u00e9s Bal\u00e1zsfalv\u00e1n fejezte be a k\u00f6z\u00e9piskol\u00e1t (1925), Bal\u00e1zsfalv\u00e1n teol\u00f3gi\u00e1t hallgatott (1925\u201328), \u00f6szt\u00f6nd\u00edjas irodalom szakos P\u00e1rizsban, Louvainban (1928\u201331). Franciatan\u00e1r Bal\u00e1zsfalv\u00e1n a Sf. Vasile L\u00edceumban (1931\u201348), papp\u00e1 szentelt\u00e9k (1932), a g\u00f6r\u00f6g kat. egyh\u00e1z megsz\u00fcntet\u00e9sekor letart\u00f3ztatt\u00e1k \u00e9s h\u00e9t \u00e9vet t\u00f6lt\u00f6tt C\u0103ld\u0103ru\u0163ani, M\u00e1ramarossziget, Brass\u00f3 b\u00f6rt\u00f6neiben \u00edt\u00e9let n\u00e9lk\u00fcl (1948\u201355). Kiszabadul\u00e1sa ut\u00e1n munk\u00e1sk\u00e9nt dolgozott Bal\u00e1zsfalv\u00e1n, majd visszah\u00edvt\u00e1k tan\u00edtani, \u00e9s franciatan\u00e1rk\u00e9nt m\u0171k\u00f6d\u00f6tt a mez\u0151gazdas\u00e1gi l\u00edceumban (1962\u201370) nyugd\u00edjba vonul\u00e1s\u00e1ig. Egyik szerkeszt\u0151je volt a bal\u00e1zsfalvi Blajul c. foly\u00f3iratnak (1934\u201336), az Unirea poporului c. lapnak (1946\u201348), cikkeit k\u00f6z\u00f6lt\u00e9k a bal\u00e1zsfalvi Unirea, Unirea poporului, Blajul, Cultura cre\u015ftin\u0103, a szil\u00e1gysomly\u00f3i Gazeta de duminec\u0103, Flori de crin, a brass\u00f3i Tribuna, a biksz\u00e1di Cuv\u00e2ntul adev\u0103rului, a bukaresti Curentul, Rom\u00e2nia, a bel\u00e9nyesi Observatorul, a br\u00fcsszeli La cit\u00e9 chr\u00e9tienne. \u2013  <strong>F. m..:<\/strong> Pilde pentru ilustrarea predicilor \u015fi conferin\u0163elor (s.l., 1940); Biserica \u015fi muncitorul (s.l., 1941); Comoarea predicatorilor (s.l., 1943); Biserica \u015fi progresul intelectual (s.l., 1942); Biserica \u015fi civiliza\u0163ia (s.l., 1945); O mare peniten\u0103: Eva Lavalli\u00e8re (s.l., s.a.);  <strong>ford.:<\/strong> Examenul de con\u015ftien\u0163\u0103 (s.l., 1934); Via\u0163a \u015fi doctrina sf\u00e2ntului Ioan Vianney (s.l., 1935); Alonso, Garcia: Cavaleri p\u00e2n\u0103 la moarte (s.l., s.a.). k\u00e9ziratban: \u00centre via\u0163a \u015fi moarte \u2013terorile temni\u0163elor comuniste (1948\u201355); Cr\u00eempeie din via\u0163a lui \u015eincai, Blajul \u015fi via\u0163a neamului rom\u00e2nesc, Vl\u0103dicii Blajului, Vl\u0103dicii Martiri, \u015ecoala Ardeleana . <br \/><strong>\u2013 Irod.:<\/strong> Com\u015fa\u2013 Seiceanu, Todea 2013.<\/br><\/p>\n","protected":false},"excerpt":{"rendered":"<p>Mez\u0151harasztos, 1905. \u00e1pr. 9., \u2020 Bal\u00e1zsfalva, 1979. febr. 27.: tan\u00e1r, g\u00f6r\u00f6g kat. pap. \u2013 Sz\u00fcl\u0151faluj\u00e1ban v\u00e9gezte az elemi iskol\u00e1t, Sz\u00e1szr\u00e9genben a n\u00e9met gimn\u00e1ziumot, majd a mv.-i Al. Papiu L\u00edc.-ban tanult \u00e9s Bal\u00e1zsfalv\u00e1n fejezte be a k\u00f6z\u00e9piskol\u00e1t (1925), Bal\u00e1zsfalv\u00e1n teol\u00f3gi\u00e1t hallgatott (1925\u201328), \u00f6szt\u00f6nd\u00edjas irodalom szakos P\u00e1rizsban, Louvainban (1928\u201331). Franciatan\u00e1r Bal\u00e1zsfalv\u00e1n a Sf. Vasile L\u00edceumban (1931\u201348), papp\u00e1 [&hellip;]<\/p>\n","protected":false},"featured_media":0,"comment_status":"open","ping_status":"closed","template":"","meta":[],"product_brand":[],"product_cat":[137],"product_tag":[],"class_list":{"0":"post-24717","1":"product","2":"type-product","3":"status-publish","5":"product_cat-maros-megyei-eletrajzi-lexikon","7":"first","8":"instock","9":"shipping-taxable","10":"product-type-simple"},"_links":{"self":[{"href":"https:\/\/uj.adatbank.ro\/lexikon\/wp-json\/wp\/v2\/product\/24717","targetHints":{"allow":["GET"]}}],"collection":[{"href":"https:\/\/uj.adatbank.ro\/lexikon\/wp-json\/wp\/v2\/product"}],"about":[{"href":"https:\/\/uj.adatbank.ro\/lexikon\/wp-json\/wp\/v2\/types\/product"}],"replies":[{"embeddable":true,"href":"https:\/\/uj.adatbank.ro\/lexikon\/wp-json\/wp\/v2\/comments?post=24717"}],"wp:attachment":[{"href":"https:\/\/uj.adatbank.ro\/lexikon\/wp-json\/wp\/v2\/media?parent=24717"}],"wp:term":[{"taxonomy":"product_brand","embeddable":true,"href":"https:\/\/uj.adatbank.ro\/lexikon\/wp-json\/wp\/v2\/product_brand?post=24717"},{"taxonomy":"product_cat","embeddable":true,"href":"https:\/\/uj.adatbank.ro\/lexikon\/wp-json\/wp\/v2\/product_cat?post=24717"},{"taxonomy":"product_tag","embeddable":true,"href":"https:\/\/uj.adatbank.ro\/lexikon\/wp-json\/wp\/v2\/product_tag?post=24717"}],"curies":[{"name":"wp","href":"https:\/\/api.w.org\/{rel}","templated":true}]}}

<p>Mezőharasztos, 1905. ápr. 9., † Balázsfalva, 1979. febr. 27.: tanár, görög kat. pap. – Szülőfalujában végezte az elemi iskolát, Szászrégenben a német gimnáziumot, majd a mv.-i Al. Papiu Líc.-ban tanult és Balázsfalván fejezte be a középiskolát (1925), Balázsfalván teológiát hallgatott (1925–28), ösztöndíjas irodalom szakos Párizsban, Louvainban (1928–31). Franciatanár Balázsfalván a Sf. Vasile Líceumban (1931–48), pappá szentelték (1932), a görög kat. egyház megszüntetésekor letartóztatták és hét évet töltött Căldăruţani, Máramarossziget, Brassó börtöneiben ítélet nélkül (1948–55). Kiszabadulása után munkásként dolgozott Balázsfalván, majd visszahívták tanítani, és franciatanárként működött a mezőgazdasági líceumban (1962–70) nyugdíjba vonulásáig. Egyik szerkesztője volt a balázsfalvi Blajul c. folyóiratnak (1934–36), az Unirea poporului c. lapnak (1946–48), cikkeit közölték a balázsfalvi Unirea, Unirea poporului, Blajul, Cultura creştină, a szilágysomlyói Gazeta de duminecă, Flori de crin, a brassói Tribuna, a bikszádi Cuvântul adevărului, a bukaresti Curentul, România, a belényesi Observatorul, a brüsszeli La cité chrétienne. –  <strong>F. m..:</strong> Pilde pentru ilustrarea predicilor şi conferinţelor (s.l., 1940); Biserica şi muncitorul (s.l., 1941); Comoarea predicatorilor (s.l., 1943); Biserica şi progresul intelectual (s.l., 1942); Biserica şi civilizaţia (s.l., 1945); O mare penitenă: Eva Lavallière (s.l., s.a.);  <strong>ford.:</strong> Examenul de conştienţă (s.l., 1934); Viaţa şi doctrina sfântului Ioan Vianney (s.l., 1935); Alonso, Garcia: Cavaleri până la moarte (s.l., s.a.). kéziratban: Între viaţa şi moarte –terorile temniţelor comuniste (1948–55); Crîmpeie din viaţa lui Şincai, Blajul şi viaţa neamului românesc, Vlădicii Blajului, Vlădicii Martiri, Şcoala Ardeleana . <br /><strong>– Irod.:</strong> Comşa– Seiceanu, Todea 2013.</br></p>

<p>Mezőharasztos, 1905. ápr. 9., † Balázsfalva, 1979. febr. 27.: tanár, görög kat. pap. – Szülőfalujában végezte az elemi iskolát, Szászrégenben a német gimnáziumot, majd a mv.-i Al. Papiu Líc.-ban tanult és Balázsfalván fejezte be a középiskolát (1925), Balázsfalván teológiát hallgatott (1925–28), ösztöndíjas irodalom szakos Párizsban, Louvainban (1928–31). Franciatanár Balázsfalván a Sf. Vasile Líceumban (1931–48), pappá [&hellip;]</p>
