{"id":24718,"date":"2025-08-01T18:18:04","date_gmt":"2025-08-01T16:18:04","guid":{"rendered":"https:\/\/uj.adatbank.ro\/lexikon\/termek\/vultur-ioan-2\/"},"modified":"2025-08-01T18:18:04","modified_gmt":"2025-08-01T16:18:04","slug":"vultur-ioan-2","status":"publish","type":"product","link":"https:\/\/uj.adatbank.ro\/lexikon\/termek\/vultur-ioan-2\/","title":{"rendered":"VULTUR, Ioan"},"content":{"rendered":"<p>Mez\u0151harasztos, 1950. jan. 11., \u2020 Mv., 2006. aug. 15.: ikonfest\u0151. \u2013 A mv.-i Vegyipari Kombin\u00e1t mestere volt. \u00dcvegre festett ikonjaival t\u00f6bb ki\u00e1ll\u00edt\u00e1son vett r\u00e9szt Mv.-en, a megy\u00e9ben \u00e9s Buk.-ben. A Rom\u00e1niai K\u00e9pz\u0151m\u0171v\u00e9szeti Sz\u00f6vets\u00e9g mv.-i fi\u00f3kj\u00e1nak tagja (2006). A Strassbourgi Mi is Eur\u00f3p\u00e1ban \u00e9l\u00fcnk c. ki\u00e1ll\u00edt\u00e1son els\u0151 d\u00edjat nyert, a ki\u00e1ll\u00edt\u00e1s anyag\u00e1t bemutatt\u00e1k Bp.-en \u00e9s Mv.-en is. Ki\u00e1ll\u00edtott: Mv., Buk.-ben. Alkot\u00e1sai megtal\u00e1lhatok szerte az orsz\u00e1gban \u00e9s k\u00fclf\u00f6ld\u00f6n. A mv.-i Amat\u0151r K\u00e9pz\u0151m\u0171v\u00e9szeti Egyes\u00fclet tagja volt. \u2013  <strong>F. ki\u00e1ll.:<\/strong> \u201eUnirea\u201d Teremben Mv-en, Buk.-ben, Strassburgban a \u201eMi is Eur\u00f3p\u00e1ban vagyunk\u201d c. ki\u00e1ll\u00edt\u00e1son I. d\u00edjat nyert (2006). Ezt az anyagot Bp.-en \u00e9s Mv.-en is ki\u00e1ll\u00edtott\u00e1k. Munk\u00e1i hazai \u00e9s k\u00fclf\u00f6ldi gy\u0171jt\u0151kn\u00e9l tal\u00e1lhat\u00f3k. A mv.-i Amat\u0151r M\u0171v\u00e9szeti Egyes\u00fclet tagja volt. <br \/><strong>\u2013 Irod.:<\/strong> AAPM 1977\u20132007; Todea 2013.<\/br><\/p>\n","protected":false},"excerpt":{"rendered":"<p>Mez\u0151harasztos, 1950. jan. 11., \u2020 Mv., 2006. aug. 15.: ikonfest\u0151. \u2013 A mv.-i Vegyipari Kombin\u00e1t mestere volt. \u00dcvegre festett ikonjaival t\u00f6bb ki\u00e1ll\u00edt\u00e1son vett r\u00e9szt Mv.-en, a megy\u00e9ben \u00e9s Buk.-ben. A Rom\u00e1niai K\u00e9pz\u0151m\u0171v\u00e9szeti Sz\u00f6vets\u00e9g mv.-i fi\u00f3kj\u00e1nak tagja (2006). A Strassbourgi Mi is Eur\u00f3p\u00e1ban \u00e9l\u00fcnk c. ki\u00e1ll\u00edt\u00e1son els\u0151 d\u00edjat nyert, a ki\u00e1ll\u00edt\u00e1s anyag\u00e1t bemutatt\u00e1k Bp.-en \u00e9s Mv.-en [&hellip;]<\/p>\n","protected":false},"featured_media":0,"comment_status":"open","ping_status":"closed","template":"","meta":[],"product_brand":[],"product_cat":[137],"product_tag":[],"class_list":{"0":"post-24718","1":"product","2":"type-product","3":"status-publish","5":"product_cat-maros-megyei-eletrajzi-lexikon","7":"first","8":"instock","9":"shipping-taxable","10":"product-type-simple"},"_links":{"self":[{"href":"https:\/\/uj.adatbank.ro\/lexikon\/wp-json\/wp\/v2\/product\/24718","targetHints":{"allow":["GET"]}}],"collection":[{"href":"https:\/\/uj.adatbank.ro\/lexikon\/wp-json\/wp\/v2\/product"}],"about":[{"href":"https:\/\/uj.adatbank.ro\/lexikon\/wp-json\/wp\/v2\/types\/product"}],"replies":[{"embeddable":true,"href":"https:\/\/uj.adatbank.ro\/lexikon\/wp-json\/wp\/v2\/comments?post=24718"}],"wp:attachment":[{"href":"https:\/\/uj.adatbank.ro\/lexikon\/wp-json\/wp\/v2\/media?parent=24718"}],"wp:term":[{"taxonomy":"product_brand","embeddable":true,"href":"https:\/\/uj.adatbank.ro\/lexikon\/wp-json\/wp\/v2\/product_brand?post=24718"},{"taxonomy":"product_cat","embeddable":true,"href":"https:\/\/uj.adatbank.ro\/lexikon\/wp-json\/wp\/v2\/product_cat?post=24718"},{"taxonomy":"product_tag","embeddable":true,"href":"https:\/\/uj.adatbank.ro\/lexikon\/wp-json\/wp\/v2\/product_tag?post=24718"}],"curies":[{"name":"wp","href":"https:\/\/api.w.org\/{rel}","templated":true}]}}

<p>Mezőharasztos, 1950. jan. 11., † Mv., 2006. aug. 15.: ikonfestő. – A mv.-i Vegyipari Kombinát mestere volt. Üvegre festett ikonjaival több kiállításon vett részt Mv.-en, a megyében és Buk.-ben. A Romániai Képzőművészeti Szövetség mv.-i fiókjának tagja (2006). A Strassbourgi Mi is Európában élünk c. kiállításon első díjat nyert, a kiállítás anyagát bemutatták Bp.-en és Mv.-en is. Kiállított: Mv., Buk.-ben. Alkotásai megtalálhatok szerte az országban és külföldön. A mv.-i Amatőr Képzőművészeti Egyesület tagja volt. –  <strong>F. kiáll.:</strong> „Unirea” Teremben Mv-en, Buk.-ben, Strassburgban a „Mi is Európában vagyunk” c. kiállításon I. díjat nyert (2006). Ezt az anyagot Bp.-en és Mv.-en is kiállították. Munkái hazai és külföldi gyűjtőknél találhatók. A mv.-i Amatőr Művészeti Egyesület tagja volt. <br /><strong>– Irod.:</strong> AAPM 1977–2007; Todea 2013.</br></p>

<p>Mezőharasztos, 1950. jan. 11., † Mv., 2006. aug. 15.: ikonfestő. – A mv.-i Vegyipari Kombinát mestere volt. Üvegre festett ikonjaival több kiállításon vett részt Mv.-en, a megyében és Buk.-ben. A Romániai Képzőművészeti Szövetség mv.-i fiókjának tagja (2006). A Strassbourgi Mi is Európában élünk c. kiállításon első díjat nyert, a kiállítás anyagát bemutatták Bp.-en és Mv.-en [&hellip;]</p>
