{"id":24721,"date":"2025-08-01T18:18:09","date_gmt":"2025-08-01T16:18:09","guid":{"rendered":"https:\/\/uj.adatbank.ro\/lexikon\/termek\/vultur-vasile\/"},"modified":"2025-08-01T18:18:09","modified_gmt":"2025-08-01T16:18:09","slug":"vultur-vasile","status":"publish","type":"product","link":"https:\/\/uj.adatbank.ro\/lexikon\/termek\/vultur-vasile\/","title":{"rendered":"VULTUR, Vasile"},"content":{"rendered":"<p>Kincsesf\u0151, 1929. nov. 28., \u2020 Szov\u00e1ta, 2009.: \u00f6rnagy. \u2013 Alhadnagya (1951), f\u0151hadnagy (1959), sz\u00e1zados (1960), \u0151rnagy (1974). Brass\u00f3 \/Szt\u00e1lin Tartom\u00e1nyi Securitate (1951\u201353), MAT \/ MMAT (1953\u201368), az Erd\u0151szentgy\u00f6rgy Rajoni Securitate hivatal alhadnagya (1951), majd hadnagy, \u00e1thelyezt\u00e9k Sz\u00e1szr\u00e9genbe (1956\u20131968), majd a Hargita megyei Securitate, illetve a Bel\u00fcgyminiszt\u00e9rium Hargita megyei Fel\u00fcgyel\u0151s\u00e9g\u00e9n dolgozott (1968\u2013). Tartal\u00e9kba helyezt\u00e9k (1979. dec. 20). <br \/><strong>\u2013 Irod.:<\/strong> Bartos 2012.<\/br><\/p>\n","protected":false},"excerpt":{"rendered":"<p>Kincsesf\u0151, 1929. nov. 28., \u2020 Szov\u00e1ta, 2009.: \u00f6rnagy. \u2013 Alhadnagya (1951), f\u0151hadnagy (1959), sz\u00e1zados (1960), \u0151rnagy (1974). Brass\u00f3 \/Szt\u00e1lin Tartom\u00e1nyi Securitate (1951\u201353), MAT \/ MMAT (1953\u201368), az Erd\u0151szentgy\u00f6rgy Rajoni Securitate hivatal alhadnagya (1951), majd hadnagy, \u00e1thelyezt\u00e9k Sz\u00e1szr\u00e9genbe (1956\u20131968), majd a Hargita megyei Securitate, illetve a Bel\u00fcgyminiszt\u00e9rium Hargita megyei Fel\u00fcgyel\u0151s\u00e9g\u00e9n dolgozott (1968\u2013). Tartal\u00e9kba helyezt\u00e9k (1979. dec. [&hellip;]<\/p>\n","protected":false},"featured_media":0,"comment_status":"open","ping_status":"closed","template":"","meta":[],"product_brand":[],"product_cat":[137],"product_tag":[],"class_list":{"0":"post-24721","1":"product","2":"type-product","3":"status-publish","5":"product_cat-maros-megyei-eletrajzi-lexikon","7":"first","8":"instock","9":"shipping-taxable","10":"product-type-simple"},"_links":{"self":[{"href":"https:\/\/uj.adatbank.ro\/lexikon\/wp-json\/wp\/v2\/product\/24721","targetHints":{"allow":["GET"]}}],"collection":[{"href":"https:\/\/uj.adatbank.ro\/lexikon\/wp-json\/wp\/v2\/product"}],"about":[{"href":"https:\/\/uj.adatbank.ro\/lexikon\/wp-json\/wp\/v2\/types\/product"}],"replies":[{"embeddable":true,"href":"https:\/\/uj.adatbank.ro\/lexikon\/wp-json\/wp\/v2\/comments?post=24721"}],"wp:attachment":[{"href":"https:\/\/uj.adatbank.ro\/lexikon\/wp-json\/wp\/v2\/media?parent=24721"}],"wp:term":[{"taxonomy":"product_brand","embeddable":true,"href":"https:\/\/uj.adatbank.ro\/lexikon\/wp-json\/wp\/v2\/product_brand?post=24721"},{"taxonomy":"product_cat","embeddable":true,"href":"https:\/\/uj.adatbank.ro\/lexikon\/wp-json\/wp\/v2\/product_cat?post=24721"},{"taxonomy":"product_tag","embeddable":true,"href":"https:\/\/uj.adatbank.ro\/lexikon\/wp-json\/wp\/v2\/product_tag?post=24721"}],"curies":[{"name":"wp","href":"https:\/\/api.w.org\/{rel}","templated":true}]}}

<p>Kincsesfő, 1929. nov. 28., † Szováta, 2009.: örnagy. – Alhadnagya (1951), főhadnagy (1959), százados (1960), őrnagy (1974). Brassó /Sztálin Tartományi Securitate (1951–53), MAT / MMAT (1953–68), az Erdőszentgyörgy Rajoni Securitate hivatal alhadnagya (1951), majd hadnagy, áthelyezték Szászrégenbe (1956–1968), majd a Hargita megyei Securitate, illetve a Belügyminisztérium Hargita megyei Felügyelőségén dolgozott (1968–). Tartalékba helyezték (1979. dec. 20). <br /><strong>– Irod.:</strong> Bartos 2012.</br></p>

<p>Kincsesfő, 1929. nov. 28., † Szováta, 2009.: örnagy. – Alhadnagya (1951), főhadnagy (1959), százados (1960), őrnagy (1974). Brassó /Sztálin Tartományi Securitate (1951–53), MAT / MMAT (1953–68), az Erdőszentgyörgy Rajoni Securitate hivatal alhadnagya (1951), majd hadnagy, áthelyezték Szászrégenbe (1956–1968), majd a Hargita megyei Securitate, illetve a Belügyminisztérium Hargita megyei Felügyelőségén dolgozott (1968–). Tartalékba helyezték (1979. dec. [&hellip;]</p>
