{"id":24726,"date":"2025-08-01T18:18:22","date_gmt":"2025-08-01T16:18:22","guid":{"rendered":"https:\/\/uj.adatbank.ro\/lexikon\/termek\/wachner-hermann-traugott-emil\/"},"modified":"2025-08-01T18:18:22","modified_gmt":"2025-08-01T16:18:22","slug":"wachner-hermann-traugott-emil","status":"publish","type":"product","link":"https:\/\/uj.adatbank.ro\/lexikon\/termek\/wachner-hermann-traugott-emil\/","title":{"rendered":"WACHNER, Hermann Traugott Emil"},"content":{"rendered":"<p>Sz\u00e1szr\u00e9gen, 1890. okt. 21. \u2020 Nagyl\u00e9ta, 1953. okt. 20: katonatiszt, hadb\u00edr\u00f3 vez\u00e9r\u0151rnagy. \u2013 W. Hermann, vaskeresked\u0151 \u00e9s Wermescher Lujza fia. \u2013 Elemi iskol\u00e1t \u00e9s gimn.-ot a sz\u00fcl\u0151v\u00e1ros\u00e1ban (1896\u20131904), Szebenben fels\u0151bb gimn.-ot v\u00e9gzett, majd G\u00f6tzben \u00f6nk\u00e9ntes volt a Gyalogos Ezredben egy \u00e9vig, onnan Klagenfurtba ker\u00fclt (1910. jan. 1. \u2013). Bp.-en, Eperjesen \u00e9s a kv.-i egyetemen jogot hallgatott, \u00e9s jog\u00e1sz okl.-t szerzett (1914\u201318). F\u0151hadnagy hadb\u00edr\u00f3 (1915. m\u00e1j. 1.), sz\u00e1zados hadb\u00edr\u00f3 (1919. nov. 1.), \u0151rnagy hadb\u00edr\u00f3 (1928. m\u00e1j. 1.), alezredes hadb\u00edr\u00f3 (1935. m\u00e1j. 1.), ezredes hadb\u00edr\u00f3 (1941. m\u00e1j.1), hadb\u00edr\u00f3 vez\u00e9r\u0151rnagy (1944. jan. 1.). A h\u00e1bor\u00faban Szarajev\u00f3ban, majd Olaszo.-ban volt. Bp.-en szolg\u00e1lt (1931\u201343), gener\u00e1lis \u00e9s a Legfels\u0151 Honv\u00e9dt\u00f6rv\u00e9nysz\u00e9k eln\u00f6ke (1944\u201345). Szovjet hadifogoly Moszkv\u00e1t\u00f3l \u00c9-ra (1945. m\u00e1rc. 29.- 48. j\u00fal. 7.). Hazat\u00e9r\u00e9se ut\u00e1n nem kapott munk\u00e1t, szakk\u00e9pzetlen munk\u00e1sk\u00e9nt teng\u0151d\u00f6tt (1949\u201353), kiemelt\u00e9k \u00e9s Nagyl\u00e9t\u00e1ra sz\u00e1ll\u00edtott\u00e1k, ahol utcasepr\u0151, majd \u00e9p\u00edt\u0151munk\u00e1s volt. <br \/><strong>\u2013 Irod.:<\/strong> Reghin, militari; Szak\u00e1ly S\u00e1ndor.<\/br><\/p>\n","protected":false},"excerpt":{"rendered":"<p>Sz\u00e1szr\u00e9gen, 1890. okt. 21. \u2020 Nagyl\u00e9ta, 1953. okt. 20: katonatiszt, hadb\u00edr\u00f3 vez\u00e9r\u0151rnagy. \u2013 W. Hermann, vaskeresked\u0151 \u00e9s Wermescher Lujza fia. \u2013 Elemi iskol\u00e1t \u00e9s gimn.-ot a sz\u00fcl\u0151v\u00e1ros\u00e1ban (1896\u20131904), Szebenben fels\u0151bb gimn.-ot v\u00e9gzett, majd G\u00f6tzben \u00f6nk\u00e9ntes volt a Gyalogos Ezredben egy \u00e9vig, onnan Klagenfurtba ker\u00fclt (1910. jan. 1. \u2013). Bp.-en, Eperjesen \u00e9s a kv.-i egyetemen jogot [&hellip;]<\/p>\n","protected":false},"featured_media":0,"comment_status":"open","ping_status":"closed","template":"","meta":[],"product_brand":[],"product_cat":[137],"product_tag":[],"class_list":{"0":"post-24726","1":"product","2":"type-product","3":"status-publish","5":"product_cat-maros-megyei-eletrajzi-lexikon","7":"first","8":"instock","9":"shipping-taxable","10":"product-type-simple"},"_links":{"self":[{"href":"https:\/\/uj.adatbank.ro\/lexikon\/wp-json\/wp\/v2\/product\/24726","targetHints":{"allow":["GET"]}}],"collection":[{"href":"https:\/\/uj.adatbank.ro\/lexikon\/wp-json\/wp\/v2\/product"}],"about":[{"href":"https:\/\/uj.adatbank.ro\/lexikon\/wp-json\/wp\/v2\/types\/product"}],"replies":[{"embeddable":true,"href":"https:\/\/uj.adatbank.ro\/lexikon\/wp-json\/wp\/v2\/comments?post=24726"}],"wp:attachment":[{"href":"https:\/\/uj.adatbank.ro\/lexikon\/wp-json\/wp\/v2\/media?parent=24726"}],"wp:term":[{"taxonomy":"product_brand","embeddable":true,"href":"https:\/\/uj.adatbank.ro\/lexikon\/wp-json\/wp\/v2\/product_brand?post=24726"},{"taxonomy":"product_cat","embeddable":true,"href":"https:\/\/uj.adatbank.ro\/lexikon\/wp-json\/wp\/v2\/product_cat?post=24726"},{"taxonomy":"product_tag","embeddable":true,"href":"https:\/\/uj.adatbank.ro\/lexikon\/wp-json\/wp\/v2\/product_tag?post=24726"}],"curies":[{"name":"wp","href":"https:\/\/api.w.org\/{rel}","templated":true}]}}