{"id":24729,"date":"2025-08-01T18:18:28","date_gmt":"2025-08-01T16:18:28","guid":{"rendered":"https:\/\/uj.adatbank.ro\/lexikon\/termek\/wachsmann-petrus\/"},"modified":"2025-08-01T18:18:28","modified_gmt":"2025-08-01T16:18:28","slug":"wachsmann-petrus","status":"publish","type":"product","link":"https:\/\/uj.adatbank.ro\/lexikon\/termek\/wachsmann-petrus\/","title":{"rendered":"WACHSMANN, Petrus"},"content":{"rendered":"<p>Sz\u00e1szr\u00e9gen, 1792? \u2020\u00a0?: seb\u00e9sz. \u2013 Pesten gyakorlati vizsg\u00e1t tett seb\u00e9szeti karon, szigorlatozott, mesterr\u00e9 avatt\u00e1k, felesk\u00fcd\u00f6tt \u00e9s oklevelet kapott (1818. aug. 18.). <br \/><strong>\u2013 Irod.:<\/strong> Szab\u00f3 Mikl\u00f3s 2005.<\/br><\/p>\n","protected":false},"excerpt":{"rendered":"<p>Sz\u00e1szr\u00e9gen, 1792? \u2020\u00a0?: seb\u00e9sz. \u2013 Pesten gyakorlati vizsg\u00e1t tett seb\u00e9szeti karon, szigorlatozott, mesterr\u00e9 avatt\u00e1k, felesk\u00fcd\u00f6tt \u00e9s oklevelet kapott (1818. aug. 18.). \u2013 Irod.: Szab\u00f3 Mikl\u00f3s 2005.<\/p>\n","protected":false},"featured_media":0,"comment_status":"open","ping_status":"closed","template":"","meta":[],"product_brand":[],"product_cat":[137],"product_tag":[],"class_list":{"0":"post-24729","1":"product","2":"type-product","3":"status-publish","5":"product_cat-maros-megyei-eletrajzi-lexikon","7":"first","8":"instock","9":"shipping-taxable","10":"product-type-simple"},"_links":{"self":[{"href":"https:\/\/uj.adatbank.ro\/lexikon\/wp-json\/wp\/v2\/product\/24729","targetHints":{"allow":["GET"]}}],"collection":[{"href":"https:\/\/uj.adatbank.ro\/lexikon\/wp-json\/wp\/v2\/product"}],"about":[{"href":"https:\/\/uj.adatbank.ro\/lexikon\/wp-json\/wp\/v2\/types\/product"}],"replies":[{"embeddable":true,"href":"https:\/\/uj.adatbank.ro\/lexikon\/wp-json\/wp\/v2\/comments?post=24729"}],"wp:attachment":[{"href":"https:\/\/uj.adatbank.ro\/lexikon\/wp-json\/wp\/v2\/media?parent=24729"}],"wp:term":[{"taxonomy":"product_brand","embeddable":true,"href":"https:\/\/uj.adatbank.ro\/lexikon\/wp-json\/wp\/v2\/product_brand?post=24729"},{"taxonomy":"product_cat","embeddable":true,"href":"https:\/\/uj.adatbank.ro\/lexikon\/wp-json\/wp\/v2\/product_cat?post=24729"},{"taxonomy":"product_tag","embeddable":true,"href":"https:\/\/uj.adatbank.ro\/lexikon\/wp-json\/wp\/v2\/product_tag?post=24729"}],"curies":[{"name":"wp","href":"https:\/\/api.w.org\/{rel}","templated":true}]}}