{"id":24732,"date":"2025-08-01T18:18:34","date_gmt":"2025-08-01T16:18:34","guid":{"rendered":"https:\/\/uj.adatbank.ro\/lexikon\/termek\/wagner-adolf\/"},"modified":"2025-08-01T18:18:34","modified_gmt":"2025-08-01T16:18:34","slug":"wagner-adolf","status":"publish","type":"product","link":"https:\/\/uj.adatbank.ro\/lexikon\/termek\/wagner-adolf\/","title":{"rendered":"WAGNER, Adolf"},"content":{"rendered":"<p>Sz\u00e1szr\u00e9gen, 1886. okt. 1., \u2020 M\u00fcnchen, 1962. jan. 22.: katonatiszt \u2013 Kad\u00e9tiskol\u00e1t Szebenben v\u00e9gzett a gyalogosokn\u00e1l. Kadetk\u00e9nt tiszthelyettesk\u00e9nt helyezt\u00e9k Beszterc\u00e9re a 82. Freiherr von Schwitzer Gyalogezredbe (1905. aug. 18.c\u2013). El\u0151l\u00e9ptett\u00e9k f\u0151hadnaggy\u00e1 \u00e9s B\u00e9csbe helyezt\u00e9k (1913. nov.1. \u2013). Ott \u00e1tker\u00fclt az er\u0151d\u00edtm\u00e9ny\u00e9p\u00edt\u0151 igazgat\u00f3s\u00e1ghoz (1915. m\u00e1rc. \u2013). Kapit\u00e1nyi rangot kapott, \u00e9s a frontra k\u00fcldt\u00e9k, ahol megsebes\u00fclt \u00e9s orosz fogs\u00e1gba, Szib\u00e9ri\u00e1ba, ker\u00fclt (1916. j\u00fan. 5.). Kit\u00fcntet\u00e9sei: Bosznia Hercegovina eml\u00e9k\u00e9rem, Jubileumi Katonai \u00c9rem, A porosz kir.-korona rendjele, IV. oszt., Katonai Ez\u00fcst \u00c9rdemrend. A h\u00e1bor\u00fa ut\u00e1n \u00e1t\u00e1llt a rom\u00e1n hadsegbe, ahol a mv.-i 82. gyalogezredbe osztott\u00e1k be (1920\u2013), \u0151rnagy (1921), alezredes (1930\u2013). \u00c1thelyezt\u00e9k Basarciugba a 40. gyalogezredbe (1930. okt. 1.\u2013). A b\u00e9csi d\u00f6nt\u00e9s ut\u00e1n nyugd\u00edjazt\u00e1k (1940. aug. \u2013). M\u00e1s tisztekkel egy\u00fctt alezredesk\u00e9nt \u00e1tvette \u0151t a n\u00e9met hadsereg (1942. j\u00fan. \u2013). Frontszolg\u00e1latot teljes\u00edtett Jugoszl\u00e1vi\u00e1ban, Olaszo.-ban (1942. j\u00fan. \u2013 1945. m\u00e1j.). SS ezredess\u00e9 l\u00e9ptett\u00e9k el\u0151, \u00e9s a 24. SS div\u00edzi\u00f3 parancsnoka (1945. \u00e1pr. 17. \u2013). Amerikai fogs\u00e1gba esett \u00e9s Riegsee, Darmstadt, Dachau \u00e9s Moosburg l\u00e1gereibe hurcolt\u00e1k (1945. m\u00e1j. 10. \u2013 1945. j\u00fan. 17.). Kiszabadul\u00e1sa ut\u00e1n Schneisee \/ Traunsteinban lakott (1950), azut\u00e1n F\u00fcrstenfeldbr\u00fcckban (1950\u201357), v\u00e9g\u00fcl M\u00fcnchenben hal\u00e1l\u00e1ig. A Waldfriedhofba temett\u00e9k el. Kit\u00fcntet\u00e9sei a II. vh.-ban: Coroana Rom\u00e2niei, Crucea de fier, cl. a II.-a, Trifoiul de fier, cl. a II.-a (horv\u00e1t kit\u00fcntet\u00e9s), Crucea de Fier, cl. I.-a, Distinc\u0163ia de argint pentru infanterie, Crucea meritului militar, cl a II.-a cu spade. <br \/><strong>\u2013 Irod.:<\/strong> Reghin, militari.<\/br><\/p>\n","protected":false},"excerpt":{"rendered":"<p>Sz\u00e1szr\u00e9gen, 1886. okt. 1., \u2020 M\u00fcnchen, 1962. jan. 22.: katonatiszt \u2013 Kad\u00e9tiskol\u00e1t Szebenben v\u00e9gzett a gyalogosokn\u00e1l. Kadetk\u00e9nt tiszthelyettesk\u00e9nt helyezt\u00e9k Beszterc\u00e9re a 82. Freiherr von Schwitzer Gyalogezredbe (1905. aug. 18.c\u2013). El\u0151l\u00e9ptett\u00e9k f\u0151hadnaggy\u00e1 \u00e9s B\u00e9csbe helyezt\u00e9k (1913. nov.1. \u2013). Ott \u00e1tker\u00fclt az er\u0151d\u00edtm\u00e9ny\u00e9p\u00edt\u0151 igazgat\u00f3s\u00e1ghoz (1915. m\u00e1rc. \u2013). Kapit\u00e1nyi rangot kapott, \u00e9s a frontra k\u00fcldt\u00e9k, ahol megsebes\u00fclt \u00e9s [&hellip;]<\/p>\n","protected":false},"featured_media":0,"comment_status":"open","ping_status":"closed","template":"","meta":[],"product_brand":[],"product_cat":[137],"product_tag":[],"class_list":{"0":"post-24732","1":"product","2":"type-product","3":"status-publish","5":"product_cat-maros-megyei-eletrajzi-lexikon","7":"first","8":"instock","9":"shipping-taxable","10":"product-type-simple"},"_links":{"self":[{"href":"https:\/\/uj.adatbank.ro\/lexikon\/wp-json\/wp\/v2\/product\/24732","targetHints":{"allow":["GET"]}}],"collection":[{"href":"https:\/\/uj.adatbank.ro\/lexikon\/wp-json\/wp\/v2\/product"}],"about":[{"href":"https:\/\/uj.adatbank.ro\/lexikon\/wp-json\/wp\/v2\/types\/product"}],"replies":[{"embeddable":true,"href":"https:\/\/uj.adatbank.ro\/lexikon\/wp-json\/wp\/v2\/comments?post=24732"}],"wp:attachment":[{"href":"https:\/\/uj.adatbank.ro\/lexikon\/wp-json\/wp\/v2\/media?parent=24732"}],"wp:term":[{"taxonomy":"product_brand","embeddable":true,"href":"https:\/\/uj.adatbank.ro\/lexikon\/wp-json\/wp\/v2\/product_brand?post=24732"},{"taxonomy":"product_cat","embeddable":true,"href":"https:\/\/uj.adatbank.ro\/lexikon\/wp-json\/wp\/v2\/product_cat?post=24732"},{"taxonomy":"product_tag","embeddable":true,"href":"https:\/\/uj.adatbank.ro\/lexikon\/wp-json\/wp\/v2\/product_tag?post=24732"}],"curies":[{"name":"wp","href":"https:\/\/api.w.org\/{rel}","templated":true}]}}

<p>Szászrégen, 1886. okt. 1., † München, 1962. jan. 22.: katonatiszt – Kadétiskolát Szebenben végzett a gyalogosoknál. Kadetként tiszthelyettesként helyezték Besztercére a 82. Freiherr von Schwitzer Gyalogezredbe (1905. aug. 18.c–). Előléptették főhadnaggyá és Bécsbe helyezték (1913. nov.1. –). Ott átkerült az erődítményépítő igazgatósághoz (1915. márc. –). Kapitányi rangot kapott, és a frontra küldték, ahol megsebesült és orosz fogságba, Szibériába, került (1916. jún. 5.). Kitüntetései: Bosznia Hercegovina emlékérem, Jubileumi Katonai Érem, A porosz kir.-korona rendjele, IV. oszt., Katonai Ezüst Érdemrend. A háború után átállt a román hadsegbe, ahol a mv.-i 82. gyalogezredbe osztották be (1920–), őrnagy (1921), alezredes (1930–). Áthelyezték Basarciugba a 40. gyalogezredbe (1930. okt. 1.–). A bécsi döntés után nyugdíjazták (1940. aug. –). Más tisztekkel együtt alezredesként átvette őt a német hadsereg (1942. jún. –). Frontszolgálatot teljesített Jugoszláviában, Olaszo.-ban (1942. jún. – 1945. máj.). SS ezredessé léptették elő, és a 24. SS divízió parancsnoka (1945. ápr. 17. –). Amerikai fogságba esett és Riegsee, Darmstadt, Dachau és Moosburg lágereibe hurcolták (1945. máj. 10. – 1945. jún. 17.). Kiszabadulása után Schneisee / Traunsteinban lakott (1950), azután Fürstenfeldbrückban (1950–57), végül Münchenben haláláig. A Waldfriedhofba temették el. Kitüntetései a II. vh.-ban: Coroana României, Crucea de fier, cl. a II.-a, Trifoiul de fier, cl. a II.-a (horvát kitüntetés), Crucea de Fier, cl. I.-a, Distincţia de argint pentru infanterie, Crucea meritului militar, cl a II.-a cu spade. <br /><strong>– Irod.:</strong> Reghin, militari.</br></p>

<p>Szászrégen, 1886. okt. 1., † München, 1962. jan. 22.: katonatiszt – Kadétiskolát Szebenben végzett a gyalogosoknál. Kadetként tiszthelyettesként helyezték Besztercére a 82. Freiherr von Schwitzer Gyalogezredbe (1905. aug. 18.c–). Előléptették főhadnaggyá és Bécsbe helyezték (1913. nov.1. –). Ott átkerült az erődítményépítő igazgatósághoz (1915. márc. –). Kapitányi rangot kapott, és a frontra küldték, ahol megsebesült és [&hellip;]</p>
