{"id":24735,"date":"2025-08-01T18:18:42","date_gmt":"2025-08-01T16:18:42","guid":{"rendered":"https:\/\/uj.adatbank.ro\/lexikon\/termek\/wagner-eduard\/"},"modified":"2025-08-01T18:18:42","modified_gmt":"2025-08-01T16:18:42","slug":"wagner-eduard","status":"publish","type":"product","link":"https:\/\/uj.adatbank.ro\/lexikon\/termek\/wagner-eduard\/","title":{"rendered":"WAGNER, Eduard"},"content":{"rendered":"<p>1838? \u2020\u00a0Sz\u00e1szr\u00e9gen, 1916. \u00e1pr. 27.: keresked\u0151. \u2013 Feles\u00e9ge: Hermine Schuller. Fi\u00fak: dr. Norbert Wagner, orvos. \u2013 Sz\u00e1szr\u00e9geni iparos (textil, \u00e9s ruh\u00e1zati ipar). Sz\u00e1szr\u00e9genben \u00e9s k\u00f6rny\u00e9k\u00e9n h\u00e1rom k\u00f6zs\u00e9gben volt birtoka. R\u00e9genb\u0151l ker\u00fclt V\u00e1s\u00e1rhelyre a R\u00f3zs\u00e1k tere 53. sz alatt m\u0171k\u00f6d\u00f6tt az \u00fczlet\u00fck, ahol az udvar mindk\u00e9t oldal\u00e1n hossz\u00fa emeletes h\u00e1z volt. Az egyik oldalon Buchler\u00e9knek volt a vas\u00e1ru boltjuk, a m\u00e1sik oldalon a Wagner csal\u00e1d poszt\u00f3t \u00e9s ruhanem\u0171t \u00e1rult. Mindk\u00e9t csal\u00e1d az \u00fczlet felett az emeleten lakott, \u00e9s j\u00f3 bar\u00e1ts\u00e1gban volt. J\u00f3 keresked\u0151k voltak, B\u00e9csb\u0151l hozatt\u00e1k minden h\u00f3napban a leg\u00fajabb divat szerinti \u00e1rut. J\u00f3l ment az \u00fczlet, f\u00f6l\u00f6slegesen nem k\u00f6lt\u00f6ttek ellent\u00e9tben Buchler\u00e9kkel. Gy\u0171lt a p\u00e9nz, vasp\u00e1ntos fal\u00e1d\u00e1juk arany- \u00e9s ez\u00fcst\u00e9kszerekkel volt tele. Egyszer a v\u00e1rost is kiseg\u00edtett\u00e9k k\u00f6lcs\u00f6nnel. Wagner hal\u00e1lakor t\u00f6bb v\u00e1s\u00e1rhelyi csal\u00e1d \u00f6r\u00f6k\u00f6lt vagyonukb\u00f3l. <br \/><strong>\u2013 Irod.:<\/strong> B\u00edr\u00f3 Don\u00e1t; Csepreghy 2010; Dorn Alexander: Die Protokollirten Firmen \u00d6sterreich-Ungarn, Bosnien &#8230; (Wien, 1892); Gy\u00e1szjelent\u0151; Sipos.<\/br><\/p>\n","protected":false},"excerpt":{"rendered":"<p>1838? \u2020\u00a0Sz\u00e1szr\u00e9gen, 1916. \u00e1pr. 27.: keresked\u0151. \u2013 Feles\u00e9ge: Hermine Schuller. Fi\u00fak: dr. Norbert Wagner, orvos. \u2013 Sz\u00e1szr\u00e9geni iparos (textil, \u00e9s ruh\u00e1zati ipar). Sz\u00e1szr\u00e9genben \u00e9s k\u00f6rny\u00e9k\u00e9n h\u00e1rom k\u00f6zs\u00e9gben volt birtoka. R\u00e9genb\u0151l ker\u00fclt V\u00e1s\u00e1rhelyre a R\u00f3zs\u00e1k tere 53. sz alatt m\u0171k\u00f6d\u00f6tt az \u00fczlet\u00fck, ahol az udvar mindk\u00e9t oldal\u00e1n hossz\u00fa emeletes h\u00e1z volt. Az egyik oldalon Buchler\u00e9knek volt [&hellip;]<\/p>\n","protected":false},"featured_media":0,"comment_status":"open","ping_status":"closed","template":"","meta":[],"product_brand":[],"product_cat":[137],"product_tag":[],"class_list":{"0":"post-24735","1":"product","2":"type-product","3":"status-publish","5":"product_cat-maros-megyei-eletrajzi-lexikon","7":"first","8":"instock","9":"shipping-taxable","10":"product-type-simple"},"_links":{"self":[{"href":"https:\/\/uj.adatbank.ro\/lexikon\/wp-json\/wp\/v2\/product\/24735","targetHints":{"allow":["GET"]}}],"collection":[{"href":"https:\/\/uj.adatbank.ro\/lexikon\/wp-json\/wp\/v2\/product"}],"about":[{"href":"https:\/\/uj.adatbank.ro\/lexikon\/wp-json\/wp\/v2\/types\/product"}],"replies":[{"embeddable":true,"href":"https:\/\/uj.adatbank.ro\/lexikon\/wp-json\/wp\/v2\/comments?post=24735"}],"wp:attachment":[{"href":"https:\/\/uj.adatbank.ro\/lexikon\/wp-json\/wp\/v2\/media?parent=24735"}],"wp:term":[{"taxonomy":"product_brand","embeddable":true,"href":"https:\/\/uj.adatbank.ro\/lexikon\/wp-json\/wp\/v2\/product_brand?post=24735"},{"taxonomy":"product_cat","embeddable":true,"href":"https:\/\/uj.adatbank.ro\/lexikon\/wp-json\/wp\/v2\/product_cat?post=24735"},{"taxonomy":"product_tag","embeddable":true,"href":"https:\/\/uj.adatbank.ro\/lexikon\/wp-json\/wp\/v2\/product_tag?post=24735"}],"curies":[{"name":"wp","href":"https:\/\/api.w.org\/{rel}","templated":true}]}}

<p>1838? † Szászrégen, 1916. ápr. 27.: kereskedő. – Felesége: Hermine Schuller. Fiúk: dr. Norbert Wagner, orvos. – Szászrégeni iparos (textil, és ruházati ipar). Szászrégenben és környékén három községben volt birtoka. Régenből került Vásárhelyre a Rózsák tere 53. sz alatt működött az üzletük, ahol az udvar mindkét oldalán hosszú emeletes ház volt. Az egyik oldalon Buchleréknek volt a vasáru boltjuk, a másik oldalon a Wagner család posztót és ruhaneműt árult. Mindkét család az üzlet felett az emeleten lakott, és jó barátságban volt. Jó kereskedők voltak, Bécsből hozatták minden hónapban a legújabb divat szerinti árut. Jól ment az üzlet, fölöslegesen nem költöttek ellentétben Buchlerékkel. Gyűlt a pénz, vaspántos faládájuk arany- és ezüstékszerekkel volt tele. Egyszer a várost is kisegítették kölcsönnel. Wagner halálakor több vásárhelyi család örökölt vagyonukból. <br /><strong>– Irod.:</strong> Bíró Donát; Csepreghy 2010; Dorn Alexander: Die Protokollirten Firmen Österreich-Ungarn, Bosnien &#8230; (Wien, 1892); Gyászjelentő; Sipos.</br></p>

<p>1838? † Szászrégen, 1916. ápr. 27.: kereskedő. – Felesége: Hermine Schuller. Fiúk: dr. Norbert Wagner, orvos. – Szászrégeni iparos (textil, és ruházati ipar). Szászrégenben és környékén három községben volt birtoka. Régenből került Vásárhelyre a Rózsák tere 53. sz alatt működött az üzletük, ahol az udvar mindkét oldalán hosszú emeletes ház volt. Az egyik oldalon Buchleréknek volt [&hellip;]</p>
