{"id":24739,"date":"2025-08-01T18:18:51","date_gmt":"2025-08-01T16:18:51","guid":{"rendered":"https:\/\/uj.adatbank.ro\/lexikon\/termek\/wagner-gerhard-friedrich\/"},"modified":"2025-08-01T18:18:51","modified_gmt":"2025-08-01T16:18:51","slug":"wagner-gerhard-friedrich","status":"publish","type":"product","link":"https:\/\/uj.adatbank.ro\/lexikon\/termek\/wagner-gerhard-friedrich\/","title":{"rendered":"WAGNER, Gerhard Friedrich"},"content":{"rendered":"<p>F\u00f6ldszin (Szeben), 1942. j\u00fan. 12., \u2020\u00a0Segesv\u00e1r, 1983. m\u00e1j. 19.: p\u00e1rtaktivista. \u2013 A RKP tagja (1966\u2013), a KISZ-ben \u00e9s a szakszervezetekben dolgozott aktivistak\u00e9nt, majd a \u015etefan Gheorghiu Akad. elv\u00e9gz\u00e9se ut\u00e1n p\u00e1rtaktivista. A Maros megyei p\u00e1rtbizotts\u00e1g aktivist\u00e1ja, p\u00e1rtszervez\u0151, a segesv\u00e1ri egys\u00e9ges agr\u00e1ripari tan\u00e1cs eln\u00f6ke, ir\u00e1ny\u00edt\u00f3ja a p\u00e1rt- \u00e9s gazdas\u00e1gi tev\u00e9kenys\u00e9gnek. Munk\u00e1ja elismer\u00e9s\u00e9\u00fcl a RNK \u00e9rdem.-\u00e9rmeivel t\u00fcntett\u00e9k ki. <br \/><strong>\u2013 Irod.:<\/strong> W. G. F. [Nekrol\u00f3g] (V. Z., 1983. m\u00e1j. 21.).<\/br><\/p>\n","protected":false},"excerpt":{"rendered":"<p>F\u00f6ldszin (Szeben), 1942. j\u00fan. 12., \u2020\u00a0Segesv\u00e1r, 1983. m\u00e1j. 19.: p\u00e1rtaktivista. \u2013 A RKP tagja (1966\u2013), a KISZ-ben \u00e9s a szakszervezetekben dolgozott aktivistak\u00e9nt, majd a \u015etefan Gheorghiu Akad. elv\u00e9gz\u00e9se ut\u00e1n p\u00e1rtaktivista. A Maros megyei p\u00e1rtbizotts\u00e1g aktivist\u00e1ja, p\u00e1rtszervez\u0151, a segesv\u00e1ri egys\u00e9ges agr\u00e1ripari tan\u00e1cs eln\u00f6ke, ir\u00e1ny\u00edt\u00f3ja a p\u00e1rt- \u00e9s gazdas\u00e1gi tev\u00e9kenys\u00e9gnek. Munk\u00e1ja elismer\u00e9s\u00e9\u00fcl a RNK \u00e9rdem.-\u00e9rmeivel t\u00fcntett\u00e9k ki. [&hellip;]<\/p>\n","protected":false},"featured_media":0,"comment_status":"open","ping_status":"closed","template":"","meta":[],"product_brand":[],"product_cat":[137],"product_tag":[],"class_list":{"0":"post-24739","1":"product","2":"type-product","3":"status-publish","5":"product_cat-maros-megyei-eletrajzi-lexikon","7":"first","8":"instock","9":"shipping-taxable","10":"product-type-simple"},"_links":{"self":[{"href":"https:\/\/uj.adatbank.ro\/lexikon\/wp-json\/wp\/v2\/product\/24739","targetHints":{"allow":["GET"]}}],"collection":[{"href":"https:\/\/uj.adatbank.ro\/lexikon\/wp-json\/wp\/v2\/product"}],"about":[{"href":"https:\/\/uj.adatbank.ro\/lexikon\/wp-json\/wp\/v2\/types\/product"}],"replies":[{"embeddable":true,"href":"https:\/\/uj.adatbank.ro\/lexikon\/wp-json\/wp\/v2\/comments?post=24739"}],"wp:attachment":[{"href":"https:\/\/uj.adatbank.ro\/lexikon\/wp-json\/wp\/v2\/media?parent=24739"}],"wp:term":[{"taxonomy":"product_brand","embeddable":true,"href":"https:\/\/uj.adatbank.ro\/lexikon\/wp-json\/wp\/v2\/product_brand?post=24739"},{"taxonomy":"product_cat","embeddable":true,"href":"https:\/\/uj.adatbank.ro\/lexikon\/wp-json\/wp\/v2\/product_cat?post=24739"},{"taxonomy":"product_tag","embeddable":true,"href":"https:\/\/uj.adatbank.ro\/lexikon\/wp-json\/wp\/v2\/product_tag?post=24739"}],"curies":[{"name":"wp","href":"https:\/\/api.w.org\/{rel}","templated":true}]}}

<p>Földszin (Szeben), 1942. jún. 12., † Segesvár, 1983. máj. 19.: pártaktivista. – A RKP tagja (1966–), a KISZ-ben és a szakszervezetekben dolgozott aktivistaként, majd a Ştefan Gheorghiu Akad. elvégzése után pártaktivista. A Maros megyei pártbizottság aktivistája, pártszervező, a segesvári egységes agráripari tanács elnöke, irányítója a párt- és gazdasági tevékenységnek. Munkája elismeréséül a RNK érdem.-érmeivel tüntették ki. <br /><strong>– Irod.:</strong> W. G. F. [Nekrológ] (V. Z., 1983. máj. 21.).</br></p>

<p>Földszin (Szeben), 1942. jún. 12., † Segesvár, 1983. máj. 19.: pártaktivista. – A RKP tagja (1966–), a KISZ-ben és a szakszervezetekben dolgozott aktivistaként, majd a Ştefan Gheorghiu Akad. elvégzése után pártaktivista. A Maros megyei pártbizottság aktivistája, pártszervező, a segesvári egységes agráripari tanács elnöke, irányítója a párt- és gazdasági tevékenységnek. Munkája elismeréséül a RNK érdem.-érmeivel tüntették ki. [&hellip;]</p>
