{"id":24743,"date":"2025-08-01T18:18:59","date_gmt":"2025-08-01T16:18:59","guid":{"rendered":"https:\/\/uj.adatbank.ro\/lexikon\/termek\/wagner-janos-frigyes-wagner-friedrich-frigyes\/"},"modified":"2025-08-01T18:18:59","modified_gmt":"2025-08-01T16:18:59","slug":"wagner-janos-frigyes-wagner-friedrich-frigyes","status":"publish","type":"product","link":"https:\/\/uj.adatbank.ro\/lexikon\/termek\/wagner-janos-frigyes-wagner-friedrich-frigyes\/","title":{"rendered":"WAGNER J\u00e1nos Frigyes, Wagner Friedrich, Frigyes"},"content":{"rendered":"<p>1818? \u2020\u00a0Mv., 1888. jan. 15.: keresked\u0151, v\u00e1rosi tan\u00e1csos, a t\u00f6rv\u00e9nyhat\u00f3s\u00e1gi bizotts\u00e1g tagja. \u2013 Feles\u00e9ge: Seibriger Anna Zs\u00f3fia (1824? \u2013 1888. jan. 22.). Gyermekei: W. Zs\u00f3fia Hermina \u2013 Fekete K\u00e1rolyn\u00e9; W. Lip\u00f3t Frigyes, W. Zsuzs\u00e1nna Emilia (1860? \u2013 Mv., 1878. m\u00e1rc. 15.). \u2013 Mv.-en keresked\u0151 (1842). Virilista (1888). Mv.-en a v\u00e1ros harmadik hadisarc\u00e1t az oroszoknak mag\u00e1nvagyon\u00e1b\u00f3l fizette ki (1849. aug.). Le\u00e1nya W. Zs\u00f3fia Hermina, Marosi \u00d6d\u00f6nn\u00e9, Molter K\u00e1roly any\u00f3sa. <br \/><strong>\u2013 Irod.:<\/strong> Gy\u00e1szjelent\u0151; Id\u0151t\u00e1r 2.; Molter 1.; P\u00e1l-Antal 2009.<\/br><\/p>\n","protected":false},"excerpt":{"rendered":"<p>1818? \u2020\u00a0Mv., 1888. jan. 15.: keresked\u0151, v\u00e1rosi tan\u00e1csos, a t\u00f6rv\u00e9nyhat\u00f3s\u00e1gi bizotts\u00e1g tagja. \u2013 Feles\u00e9ge: Seibriger Anna Zs\u00f3fia (1824? \u2013 1888. jan. 22.). Gyermekei: W. Zs\u00f3fia Hermina \u2013 Fekete K\u00e1rolyn\u00e9; W. Lip\u00f3t Frigyes, W. Zsuzs\u00e1nna Emilia (1860? \u2013 Mv., 1878. m\u00e1rc. 15.). \u2013 Mv.-en keresked\u0151 (1842). Virilista (1888). Mv.-en a v\u00e1ros harmadik hadisarc\u00e1t az oroszoknak mag\u00e1nvagyon\u00e1b\u00f3l [&hellip;]<\/p>\n","protected":false},"featured_media":0,"comment_status":"open","ping_status":"closed","template":"","meta":[],"product_brand":[],"product_cat":[137],"product_tag":[],"class_list":{"0":"post-24743","1":"product","2":"type-product","3":"status-publish","5":"product_cat-maros-megyei-eletrajzi-lexikon","7":"first","8":"instock","9":"shipping-taxable","10":"product-type-simple"},"_links":{"self":[{"href":"https:\/\/uj.adatbank.ro\/lexikon\/wp-json\/wp\/v2\/product\/24743","targetHints":{"allow":["GET"]}}],"collection":[{"href":"https:\/\/uj.adatbank.ro\/lexikon\/wp-json\/wp\/v2\/product"}],"about":[{"href":"https:\/\/uj.adatbank.ro\/lexikon\/wp-json\/wp\/v2\/types\/product"}],"replies":[{"embeddable":true,"href":"https:\/\/uj.adatbank.ro\/lexikon\/wp-json\/wp\/v2\/comments?post=24743"}],"wp:attachment":[{"href":"https:\/\/uj.adatbank.ro\/lexikon\/wp-json\/wp\/v2\/media?parent=24743"}],"wp:term":[{"taxonomy":"product_brand","embeddable":true,"href":"https:\/\/uj.adatbank.ro\/lexikon\/wp-json\/wp\/v2\/product_brand?post=24743"},{"taxonomy":"product_cat","embeddable":true,"href":"https:\/\/uj.adatbank.ro\/lexikon\/wp-json\/wp\/v2\/product_cat?post=24743"},{"taxonomy":"product_tag","embeddable":true,"href":"https:\/\/uj.adatbank.ro\/lexikon\/wp-json\/wp\/v2\/product_tag?post=24743"}],"curies":[{"name":"wp","href":"https:\/\/api.w.org\/{rel}","templated":true}]}}

WAGNER János Frigyes, Wagner Friedrich, Frigyes

<p>1818? † Mv., 1888. jan. 15.: kereskedő, városi tanácsos, a törvényhatósági bizottság tagja. – Felesége: Seibriger Anna Zsófia (1824? – 1888. jan. 22.). Gyermekei: W. Zsófia Hermina – Fekete Károlyné; W. Lipót Frigyes, W. Zsuzsánna Emilia (1860? – Mv., 1878. márc. 15.). – Mv.-en kereskedő (1842). Virilista (1888). Mv.-en a város harmadik hadisarcát az oroszoknak magánvagyonából fizette ki (1849. aug.). Leánya W. Zsófia Hermina, Marosi Ödönné, Molter Károly anyósa. <br /><strong>– Irod.:</strong> Gyászjelentő; Időtár 2.; Molter 1.; Pál-Antal 2009.</br></p>

<p>1818? † Mv., 1888. jan. 15.: kereskedő, városi tanácsos, a törvényhatósági bizottság tagja. – Felesége: Seibriger Anna Zsófia (1824? – 1888. jan. 22.). Gyermekei: W. Zsófia Hermina – Fekete Károlyné; W. Lipót Frigyes, W. Zsuzsánna Emilia (1860? – Mv., 1878. márc. 15.). – Mv.-en kereskedő (1842). Virilista (1888). Mv.-en a város harmadik hadisarcát az oroszoknak magánvagyonából [&hellip;]</p>
