{"id":24751,"date":"2025-08-01T18:19:18","date_gmt":"2025-08-01T16:19:18","guid":{"rendered":"https:\/\/uj.adatbank.ro\/lexikon\/termek\/wagner-norbert\/"},"modified":"2025-08-01T18:19:18","modified_gmt":"2025-08-01T16:19:18","slug":"wagner-norbert","status":"publish","type":"product","link":"https:\/\/uj.adatbank.ro\/lexikon\/termek\/wagner-norbert\/","title":{"rendered":"W\u00c1GNER, Norbert"},"content":{"rendered":"<p>Sz\u00e1szr\u00e9gen, 1875, \u2020\u00a0?: orvos. \u2013 Sz\u00e1szr\u00e9genben orvos, dr. R\u00e9szt vett az I. vh.-ban (1914\u201318) az orosz fronton harcolt, koler\u00e1val k\u00f3rh\u00e1zba ker\u00fclt, felgy\u00f3gyul\u00e1sa ut\u00e1n a mv.-i tart. K\u00f3rh\u00e1z f\u0151orvosa lett, majd ezredorvos (1915). Kit\u00fcntet\u00e9seket kapott. Kitelep\u00fclt N\u00e9meto.-ba (a II. vh. alatt). <br \/><strong>\u2013 Irod.:<\/strong> Erd\u00e9lyi ezredek; Mv. \u00e9s a h\u00e1bor\u00fa 2.<\/br><\/p>\n","protected":false},"excerpt":{"rendered":"<p>Sz\u00e1szr\u00e9gen, 1875, \u2020\u00a0?: orvos. \u2013 Sz\u00e1szr\u00e9genben orvos, dr. R\u00e9szt vett az I. vh.-ban (1914\u201318) az orosz fronton harcolt, koler\u00e1val k\u00f3rh\u00e1zba ker\u00fclt, felgy\u00f3gyul\u00e1sa ut\u00e1n a mv.-i tart. K\u00f3rh\u00e1z f\u0151orvosa lett, majd ezredorvos (1915). Kit\u00fcntet\u00e9seket kapott. Kitelep\u00fclt N\u00e9meto.-ba (a II. vh. alatt). \u2013 Irod.: Erd\u00e9lyi ezredek; Mv. \u00e9s a h\u00e1bor\u00fa 2.<\/p>\n","protected":false},"featured_media":0,"comment_status":"open","ping_status":"closed","template":"","meta":[],"product_brand":[],"product_cat":[137],"product_tag":[],"class_list":{"0":"post-24751","1":"product","2":"type-product","3":"status-publish","5":"product_cat-maros-megyei-eletrajzi-lexikon","7":"first","8":"instock","9":"shipping-taxable","10":"product-type-simple"},"_links":{"self":[{"href":"https:\/\/uj.adatbank.ro\/lexikon\/wp-json\/wp\/v2\/product\/24751","targetHints":{"allow":["GET"]}}],"collection":[{"href":"https:\/\/uj.adatbank.ro\/lexikon\/wp-json\/wp\/v2\/product"}],"about":[{"href":"https:\/\/uj.adatbank.ro\/lexikon\/wp-json\/wp\/v2\/types\/product"}],"replies":[{"embeddable":true,"href":"https:\/\/uj.adatbank.ro\/lexikon\/wp-json\/wp\/v2\/comments?post=24751"}],"wp:attachment":[{"href":"https:\/\/uj.adatbank.ro\/lexikon\/wp-json\/wp\/v2\/media?parent=24751"}],"wp:term":[{"taxonomy":"product_brand","embeddable":true,"href":"https:\/\/uj.adatbank.ro\/lexikon\/wp-json\/wp\/v2\/product_brand?post=24751"},{"taxonomy":"product_cat","embeddable":true,"href":"https:\/\/uj.adatbank.ro\/lexikon\/wp-json\/wp\/v2\/product_cat?post=24751"},{"taxonomy":"product_tag","embeddable":true,"href":"https:\/\/uj.adatbank.ro\/lexikon\/wp-json\/wp\/v2\/product_tag?post=24751"}],"curies":[{"name":"wp","href":"https:\/\/api.w.org\/{rel}","templated":true}]}}