{"id":24754,"date":"2025-08-01T18:19:26","date_gmt":"2025-08-01T16:19:26","guid":{"rendered":"https:\/\/uj.adatbank.ro\/lexikon\/termek\/wagner-samuel-wilhelm\/"},"modified":"2025-08-01T18:19:26","modified_gmt":"2025-08-01T16:19:26","slug":"wagner-samuel-wilhelm","status":"publish","type":"product","link":"https:\/\/uj.adatbank.ro\/lexikon\/termek\/wagner-samuel-wilhelm\/","title":{"rendered":"WAGNER Samuel Wilhelm"},"content":{"rendered":"<p>Sz\u00e1szr\u00e9gen, 1781., \u2020 Sz\u00e1szr\u00e9gen, 1850.: polg\u00e1rmester, f\u00f6ldbirtokos. \u2013 Sz\u00e1szr\u00e9gen polg\u00e1rmestere, aki enged\u00e9lyezte a v\u00e1ros rom\u00e1n \u00e9s m\u00e1s nemzetis\u00e9g\u0171 lak\u00f3inak az els\u0151 nyilv\u00e1nos n\u00e9pgy\u0171l\u00e9st, amelynek c\u00e9lja a polg\u00e1rok megv\u00e9d\u00e9s\u00e9nek megszervez\u00e9se, valamint a h\u00e1rom nemzetis\u00e9g megb\u00e9k\u00e9l\u00e9se volt (1848. m\u00e1j. 8). A gy\u0171l\u00e9sen Maros-Torda vm. el\u00f6lj\u00e1r\u00f3i is \u00e9s a k\u00f6rnyez\u0151 falvak lak\u00f3i is r\u00e9szt vettek, f\u0151leg \u00e9rtelmis\u00e9giek, k\u00f6zt\u00fck B\u00e1nffy J\u00e1nos br. prefektus is. Mihai Cri\u015fan r\u00e9geni esperes vezette a t\u00e1rgyal\u00e1sokat.: nemzeti szabads\u00e1g a rom\u00e1noknak, anyanyelv haszn\u00e1lati szabads\u00e1g az isk.-ban, vall\u00e1sszabads\u00e1g, a rom\u00e1nokat megk\u00fcl\u00f6nb\u00f6ztet\u0151 t\u00f6rv\u00e9nyek elt\u00f6rl\u00e9se stb. szerepelt a 11 pontos pet\u00edci\u00f3ban, amelyet az esperes vezet\u00e9s\u00e9vel Bal\u00e1zsfalv\u00e1ra vitt egy megv\u00e1lasztott k\u00fcld\u00f6tts\u00e9g. <br \/><strong>\u2013 Irod.:<\/strong> Reghin, destin \u015fi istorie; S\u00e4chsisch-Regen.<\/br><\/p>\n","protected":false},"excerpt":{"rendered":"<p>Sz\u00e1szr\u00e9gen, 1781., \u2020 Sz\u00e1szr\u00e9gen, 1850.: polg\u00e1rmester, f\u00f6ldbirtokos. \u2013 Sz\u00e1szr\u00e9gen polg\u00e1rmestere, aki enged\u00e9lyezte a v\u00e1ros rom\u00e1n \u00e9s m\u00e1s nemzetis\u00e9g\u0171 lak\u00f3inak az els\u0151 nyilv\u00e1nos n\u00e9pgy\u0171l\u00e9st, amelynek c\u00e9lja a polg\u00e1rok megv\u00e9d\u00e9s\u00e9nek megszervez\u00e9se, valamint a h\u00e1rom nemzetis\u00e9g megb\u00e9k\u00e9l\u00e9se volt (1848. m\u00e1j. 8). A gy\u0171l\u00e9sen Maros-Torda vm. el\u00f6lj\u00e1r\u00f3i is \u00e9s a k\u00f6rnyez\u0151 falvak lak\u00f3i is r\u00e9szt vettek, f\u0151leg \u00e9rtelmis\u00e9giek, k\u00f6zt\u00fck [&hellip;]<\/p>\n","protected":false},"featured_media":0,"comment_status":"open","ping_status":"closed","template":"","meta":[],"product_brand":[],"product_cat":[137],"product_tag":[],"class_list":{"0":"post-24754","1":"product","2":"type-product","3":"status-publish","5":"product_cat-maros-megyei-eletrajzi-lexikon","7":"first","8":"instock","9":"shipping-taxable","10":"product-type-simple"},"_links":{"self":[{"href":"https:\/\/uj.adatbank.ro\/lexikon\/wp-json\/wp\/v2\/product\/24754","targetHints":{"allow":["GET"]}}],"collection":[{"href":"https:\/\/uj.adatbank.ro\/lexikon\/wp-json\/wp\/v2\/product"}],"about":[{"href":"https:\/\/uj.adatbank.ro\/lexikon\/wp-json\/wp\/v2\/types\/product"}],"replies":[{"embeddable":true,"href":"https:\/\/uj.adatbank.ro\/lexikon\/wp-json\/wp\/v2\/comments?post=24754"}],"wp:attachment":[{"href":"https:\/\/uj.adatbank.ro\/lexikon\/wp-json\/wp\/v2\/media?parent=24754"}],"wp:term":[{"taxonomy":"product_brand","embeddable":true,"href":"https:\/\/uj.adatbank.ro\/lexikon\/wp-json\/wp\/v2\/product_brand?post=24754"},{"taxonomy":"product_cat","embeddable":true,"href":"https:\/\/uj.adatbank.ro\/lexikon\/wp-json\/wp\/v2\/product_cat?post=24754"},{"taxonomy":"product_tag","embeddable":true,"href":"https:\/\/uj.adatbank.ro\/lexikon\/wp-json\/wp\/v2\/product_tag?post=24754"}],"curies":[{"name":"wp","href":"https:\/\/api.w.org\/{rel}","templated":true}]}}

<p>Szászrégen, 1781., † Szászrégen, 1850.: polgármester, földbirtokos. – Szászrégen polgármestere, aki engedélyezte a város román és más nemzetiségű lakóinak az első nyilvános népgyűlést, amelynek célja a polgárok megvédésének megszervezése, valamint a három nemzetiség megbékélése volt (1848. máj. 8). A gyűlésen Maros-Torda vm. elöljárói is és a környező falvak lakói is részt vettek, főleg értelmiségiek, köztük Bánffy János br. prefektus is. Mihai Crişan régeni esperes vezette a tárgyalásokat.: nemzeti szabadság a románoknak, anyanyelv használati szabadság az isk.-ban, vallásszabadság, a románokat megkülönböztető törvények eltörlése stb. szerepelt a 11 pontos petícióban, amelyet az esperes vezetésével Balázsfalvára vitt egy megválasztott küldöttség. <br /><strong>– Irod.:</strong> Reghin, destin şi istorie; Sächsisch-Regen.</br></p>

<p>Szászrégen, 1781., † Szászrégen, 1850.: polgármester, földbirtokos. – Szászrégen polgármestere, aki engedélyezte a város román és más nemzetiségű lakóinak az első nyilvános népgyűlést, amelynek célja a polgárok megvédésének megszervezése, valamint a három nemzetiség megbékélése volt (1848. máj. 8). A gyűlésen Maros-Torda vm. elöljárói is és a környező falvak lakói is részt vettek, főleg értelmiségiek, köztük [&hellip;]</p>
