{"id":24756,"date":"2025-08-01T18:19:31","date_gmt":"2025-08-01T16:19:31","guid":{"rendered":"https:\/\/uj.adatbank.ro\/lexikon\/termek\/wagner-regeny-rudolf-%c2%a7-rudolf-wagner-regheni\/"},"modified":"2025-08-01T18:19:31","modified_gmt":"2025-08-01T16:19:31","slug":"wagner-regeny-rudolf-%c2%a7-rudolf-wagner-regheni","status":"publish","type":"product","link":"https:\/\/uj.adatbank.ro\/lexikon\/termek\/wagner-regeny-rudolf-%c2%a7-rudolf-wagner-regheni\/","title":{"rendered":"WAGNER-REGENY, Rudolf, \u00a7 Rudolf Wagner Regheni"},"content":{"rendered":"<p>Sz\u00e1szr\u00e9gen, 1903. aug. 28., \u2020 Berlin, 1969. szept. 18.: zeneszerz\u0151. \u2013 Feles\u00e9ge: 1. Leli Dupernex (1947), 2. Gertie Voht (1950). \u2013 A k\u00f6z\u00e9piskol\u00e1t sz\u00fcl\u0151v\u00e1ros\u00e1ban \u00e9s Segesv\u00e1ron (1916\u2013) v\u00e9gezte, majd a lipcsei konzervat\u00f3riumban tanult zongor\u00e1t Robert Teichm\u00fcllern\u00e9l, a berlini \u00c1llami Akad\u00e9miai Zenef\u0151iskol\u00e1n tanult (1919\u201325). Berlinben a Volksoper-ben volt korrepetitor, k\u00f3rusigazgat\u00f3, majd csak a zeneszerz\u00e9snek \u00e9lt (1928\u2013). Els\u0151 oper\u00e1i B. Balan kiad\u00f3n\u00e1l kezdtek megjelenni (1923\u2013). A b\u00e9csi Universal-Edition javaslat\u00e1ra \u00edrta V. Hug\u00f3 nyom\u00e1n Der G\u00fcnstlin (A kegyenc) c. oper\u00e1j\u00e1t, a drezdai oper\u00e1ban mutatt\u00e1k be (1935), a legnagyobb \u00e9s legtart\u00f3sabb k\u00f6z\u00f6ns\u00e9gsikernek \u00f6rvendett, hat orsz\u00e1gban 100 sz\u00ednpadon j\u00e1tszott\u00e1k, Szebenben is bemutatta Carl Gorvin vez\u00e9nylet\u00e9vel a n\u00e9met sz\u00ednh\u00e1z, erre az el\u0151ad\u00e1sra a szerz\u0151 egyetlen erd\u00e9lyi \u00fatj\u00e1n ker\u00fclt sor (1935). A berlini oper\u00e1ban volt a nagysiker\u0171 \u0151sbemutat\u00f3ja a Calais-i polg\u00e1rok oper\u00e1j\u00e1nak, H. v. Karajan vez\u00e9nylet\u00e9vel (1939), a b\u00e9csiben a Johanna Balk c. oper\u00e1j\u00e1nak (1941), rendeletre mind a k\u00e9t m\u0171vet levett\u00e9k a m\u0171sorr\u00f3l. Katon\u00e1nak h\u00edvt\u00e1k be (1943), a h\u00e1bor\u00fa ut\u00e1n G\u00fcstrowban telepedett le, ahol a meghalt a feles\u00e9ge, Leli Dupernex. \u00c1tvette Rostockban az \u00fajj\u00e1alakult zenei f\u0151iskola vezet\u00e9s\u00e9t (1947\u2013), amely ma a nev\u00e9t viseli. Rostockban is, a berlini zenef\u0151iskol\u00e1n (1950\u201368) is a szerkezettan tan\u00e1ra volt, Kelet-Berlinben is tan\u00edtott a m\u0171v\u00e9szeti akad\u00e9mi\u00e1n. Ismert oper\u00e1it \u00fajb\u00f3l kezdt\u00e9k el\u0151adni, t\u00f6bb nagy m\u0171vet kompon\u00e1lt, a Cantica Davidi Regis, Genesis kant\u00e1t\u00e1kat, Prometeus orat\u00f3riumot, Das Bergwerk zu Falun (A faluni b\u00e1nya\u00fczem) utols\u00f3 oper\u00e1j\u00e1t a salzburgi zenei j\u00e1t\u00e9kok alkalm\u00e1val mutatt\u00e1k be (1961). S\u00falyos t\u00fcd\u0151beteg volt, utols\u00f3 m\u0171vei: Schir Haschirim kant\u00e1ta Salamon \u00e9neke nyom\u00e1n (1963\u201364), Einleitung und Ode, szimfonikus zenekari m\u0171 (1967), Acht kommentare zu einer Weise des Guilleaume de Machaut, kis zenekari m\u0171 (1967\u201368); An die Sonne, kant\u00e1ta althangra \u00e9s zenekarra I. Bachmann vers\u00e9re (1968); Ges\u00e4nge des Abschieds, 13 dal H. Hesse verseire baritonhangra \u00e9s zongor\u00e1ra (1968) vagy zenekarra (1969); Zwei Leierkastenges\u00e4nge, F. Wedekind \u00e9s Drei fontane-Lieder, \u00e9nekhangra \u00e9s zongor\u00e1ra (1969). Kompon\u00e1lt dalokat \u00e9nekhangra \u00e9s zongor\u00e1ra, zongora- \u00e9s git\u00e1rm\u0171veket, filmzen\u00e9t stb. C\u00e9lja volt az opera meg\u00faj\u00edt\u00e1sa t\u00e1rgyszer\u0171, \u00e1ltal\u00e1nosan \u00e9rv\u00e9nyes, az aktualit\u00e1st befoly\u00e1sol\u00f3, H\u00e4ndel-, Gluck- \u00e9s Mozarthoz visszany\u00fal\u00f3 zenesz\u00ednh\u00e1zat akart, hozz\u00e1j\u00e1rult a modern zenesz\u00ednh\u00e1z megteremt\u00e9s\u00e9hez. \u00cdrt tank\u00f6nyvet, tanulm\u00e1nyait, \u00f6n\u00e9let\u00edr\u00e1sait k\u00f6tetekben \u00e9s szaklapokban k\u00f6z\u00f6lte: Bl\u00e4tter der Staatsoper Dresden; Jahrbuch der Dresdner Staatsheater; Festschrift zur Wiederer\u00f6ffnung der Deutshen Staatsoper Berlin (1955); Festschrift zur Er\u00f6ffnung des neuen Natinaltheaters Mannheim (1957); \u201eBegegnungen\u201d (Berlin, 1968). Sz\u00e1szr\u00e9genben eml\u00e9kt\u00e1bla van a sz\u00fcl\u0151h\u00e1z\u00e1n (1973\u2013), az egykori zeneiskola fal\u00e1n ma eml\u00e9kt\u00e1bl\u00e1ja van elhelyezve, ahol jelenleg az Augustin Maior Gimn\u00e1zium zene- \u00e9s k\u00e9pz\u0151m\u0171v\u00e9szeti tagozata m\u0171k\u00f6dik. Kiad\u00f3i: Ed. Benno Balan Berlin, Henschelverlag Berlin, Universaledition Wien, Dresdner Verlag, Breitkof &#038; H\u00e4rtel Leipzig; Ed. Peters Leipzig, Mitteldeutschland Verlag Halle, Botte &#038; Bock Berlin\/wiesbaden. \u2013  <strong>F. m..:<\/strong> Sganarelle (Berlin, 1923); Moschopulos (Berlin, 1927); Der nackte K\u00f6nig (Berlin, 1928); Der G\u00fcnstling (Wien, 1935); zongoraverseny (1936); Der zerbrochene Krug (1937); Die B\u00fcrger von Calais (1939); Johanna Balk (1941); zongoram\u0171vek (2 szon\u00e1ta, 1943; 7 f\u00faga stb.); Cantica Davidi Regis, Genesis; Die Fabel vom seligen Schl\u00e4termeister; von\u00f3sn\u00e9gyes (1948); von\u00f3stri\u00f3 (1950); Persische Episode (1950); Amor schiesst schlecht (1951); Gittarenmusik (1951); Mythologische Figurinen (1952); k\u00f3rusok (Cantica Davidi Regis, 1954; Genesis, 1957); Tristan (1958); Prometeus (1959); Acht kommentare zu einer Weise des Guilleaume de Machaut; Spinettmusik; Das Bergwerk zu Falun (1961); Schir Haschirim; Einleitung und Ode; Ges\u00e4nge des Abschieds; Zwei Leierkastenges\u00e4nge; Drei fontane-Lieder. <br \/><strong>\u2013 Irod.:<\/strong> LSS; Profiluri reghinene; Regh. Cult vol. 2.; Reghin-ghid; Reghin \u015fi \u00eemprejurimi; Sava-Vartolomei; Zenei lex.<\/br><\/p>\n","protected":false},"excerpt":{"rendered":"<p>Sz\u00e1szr\u00e9gen, 1903. aug. 28., \u2020 Berlin, 1969. szept. 18.: zeneszerz\u0151. \u2013 Feles\u00e9ge: 1. Leli Dupernex (1947), 2. Gertie Voht (1950). \u2013 A k\u00f6z\u00e9piskol\u00e1t sz\u00fcl\u0151v\u00e1ros\u00e1ban \u00e9s Segesv\u00e1ron (1916\u2013) v\u00e9gezte, majd a lipcsei konzervat\u00f3riumban tanult zongor\u00e1t Robert Teichm\u00fcllern\u00e9l, a berlini \u00c1llami Akad\u00e9miai Zenef\u0151iskol\u00e1n tanult (1919\u201325). Berlinben a Volksoper-ben volt korrepetitor, k\u00f3rusigazgat\u00f3, majd csak a zeneszerz\u00e9snek \u00e9lt (1928\u2013). [&hellip;]<\/p>\n","protected":false},"featured_media":0,"comment_status":"open","ping_status":"closed","template":"","meta":[],"product_brand":[],"product_cat":[137],"product_tag":[],"class_list":{"0":"post-24756","1":"product","2":"type-product","3":"status-publish","5":"product_cat-maros-megyei-eletrajzi-lexikon","7":"first","8":"instock","9":"shipping-taxable","10":"product-type-simple"},"_links":{"self":[{"href":"https:\/\/uj.adatbank.ro\/lexikon\/wp-json\/wp\/v2\/product\/24756","targetHints":{"allow":["GET"]}}],"collection":[{"href":"https:\/\/uj.adatbank.ro\/lexikon\/wp-json\/wp\/v2\/product"}],"about":[{"href":"https:\/\/uj.adatbank.ro\/lexikon\/wp-json\/wp\/v2\/types\/product"}],"replies":[{"embeddable":true,"href":"https:\/\/uj.adatbank.ro\/lexikon\/wp-json\/wp\/v2\/comments?post=24756"}],"wp:attachment":[{"href":"https:\/\/uj.adatbank.ro\/lexikon\/wp-json\/wp\/v2\/media?parent=24756"}],"wp:term":[{"taxonomy":"product_brand","embeddable":true,"href":"https:\/\/uj.adatbank.ro\/lexikon\/wp-json\/wp\/v2\/product_brand?post=24756"},{"taxonomy":"product_cat","embeddable":true,"href":"https:\/\/uj.adatbank.ro\/lexikon\/wp-json\/wp\/v2\/product_cat?post=24756"},{"taxonomy":"product_tag","embeddable":true,"href":"https:\/\/uj.adatbank.ro\/lexikon\/wp-json\/wp\/v2\/product_tag?post=24756"}],"curies":[{"name":"wp","href":"https:\/\/api.w.org\/{rel}","templated":true}]}}

<p>Szászrégen, 1903. aug. 28., † Berlin, 1969. szept. 18.: zeneszerző. – Felesége: 1. Leli Dupernex (1947), 2. Gertie Voht (1950). – A középiskolát szülővárosában és Segesváron (1916–) végezte, majd a lipcsei konzervatóriumban tanult zongorát Robert Teichmüllernél, a berlini Állami Akadémiai Zenefőiskolán tanult (1919–25). Berlinben a Volksoper-ben volt korrepetitor, kórusigazgató, majd csak a zeneszerzésnek élt (1928–). Első operái B. Balan kiadónál kezdtek megjelenni (1923–). A bécsi Universal-Edition javaslatára írta V. Hugó nyomán Der Günstlin (A kegyenc) c. operáját, a drezdai operában mutatták be (1935), a legnagyobb és legtartósabb közönségsikernek örvendett, hat országban 100 színpadon játszották, Szebenben is bemutatta Carl Gorvin vezényletével a német színház, erre az előadásra a szerző egyetlen erdélyi útján került sor (1935). A berlini operában volt a nagysikerű ősbemutatója a Calais-i polgárok operájának, H. v. Karajan vezényletével (1939), a bécsiben a Johanna Balk c. operájának (1941), rendeletre mind a két művet levették a műsorról. Katonának hívták be (1943), a háború után Güstrowban telepedett le, ahol a meghalt a felesége, Leli Dupernex. Átvette Rostockban az újjáalakult zenei főiskola vezetését (1947–), amely ma a nevét viseli. Rostockban is, a berlini zenefőiskolán (1950–68) is a szerkezettan tanára volt, Kelet-Berlinben is tanított a művészeti akadémián. Ismert operáit újból kezdték előadni, több nagy művet komponált, a Cantica Davidi Regis, Genesis kantátákat, Prometeus oratóriumot, Das Bergwerk zu Falun (A faluni bányaüzem) utolsó operáját a salzburgi zenei játékok alkalmával mutatták be (1961). Súlyos tüdőbeteg volt, utolsó művei: Schir Haschirim kantáta Salamon éneke nyomán (1963–64), Einleitung und Ode, szimfonikus zenekari mű (1967), Acht kommentare zu einer Weise des Guilleaume de Machaut, kis zenekari mű (1967–68); An die Sonne, kantáta althangra és zenekarra I. Bachmann versére (1968); Gesänge des Abschieds, 13 dal H. Hesse verseire baritonhangra és zongorára (1968) vagy zenekarra (1969); Zwei Leierkastengesänge, F. Wedekind és Drei fontane-Lieder, énekhangra és zongorára (1969). Komponált dalokat énekhangra és zongorára, zongora- és gitárműveket, filmzenét stb. Célja volt az opera megújítása tárgyszerű, általánosan érvényes, az aktualitást befolyásoló, Händel-, Gluck- és Mozarthoz visszanyúló zeneszínházat akart, hozzájárult a modern zeneszínház megteremtéséhez. Írt tankönyvet, tanulmányait, önéletírásait kötetekben és szaklapokban közölte: Blätter der Staatsoper Dresden; Jahrbuch der Dresdner Staatsheater; Festschrift zur Wiedereröffnung der Deutshen Staatsoper Berlin (1955); Festschrift zur Eröffnung des neuen Natinaltheaters Mannheim (1957); „Begegnungen” (Berlin, 1968). Szászrégenben emléktábla van a szülőházán (1973–), az egykori zeneiskola falán ma emléktáblája van elhelyezve, ahol jelenleg az Augustin Maior Gimnázium zene- és képzőművészeti tagozata működik. Kiadói: Ed. Benno Balan Berlin, Henschelverlag Berlin, Universaledition Wien, Dresdner Verlag, Breitkof &#038; Härtel Leipzig; Ed. Peters Leipzig, Mitteldeutschland Verlag Halle, Botte &#038; Bock Berlin/wiesbaden. –  <strong>F. m..:</strong> Sganarelle (Berlin, 1923); Moschopulos (Berlin, 1927); Der nackte König (Berlin, 1928); Der Günstling (Wien, 1935); zongoraverseny (1936); Der zerbrochene Krug (1937); Die Bürger von Calais (1939); Johanna Balk (1941); zongoraművek (2 szonáta, 1943; 7 fúga stb.); Cantica Davidi Regis, Genesis; Die Fabel vom seligen Schlätermeister; vonósnégyes (1948); vonóstrió (1950); Persische Episode (1950); Amor schiesst schlecht (1951); Gittarenmusik (1951); Mythologische Figurinen (1952); kórusok (Cantica Davidi Regis, 1954; Genesis, 1957); Tristan (1958); Prometeus (1959); Acht kommentare zu einer Weise des Guilleaume de Machaut; Spinettmusik; Das Bergwerk zu Falun (1961); Schir Haschirim; Einleitung und Ode; Gesänge des Abschieds; Zwei Leierkastengesänge; Drei fontane-Lieder. <br /><strong>– Irod.:</strong> LSS; Profiluri reghinene; Regh. Cult vol. 2.; Reghin-ghid; Reghin şi împrejurimi; Sava-Vartolomei; Zenei lex.</br></p>

<p>Szászrégen, 1903. aug. 28., † Berlin, 1969. szept. 18.: zeneszerző. – Felesége: 1. Leli Dupernex (1947), 2. Gertie Voht (1950). – A középiskolát szülővárosában és Segesváron (1916–) végezte, majd a lipcsei konzervatóriumban tanult zongorát Robert Teichmüllernél, a berlini Állami Akadémiai Zenefőiskolán tanult (1919–25). Berlinben a Volksoper-ben volt korrepetitor, kórusigazgató, majd csak a zeneszerzésnek élt (1928–). [&hellip;]</p>
