{"id":24758,"date":"2025-08-01T18:19:35","date_gmt":"2025-08-01T16:19:35","guid":{"rendered":"https:\/\/uj.adatbank.ro\/lexikon\/termek\/waitsuk-pal\/"},"modified":"2025-08-01T18:19:35","modified_gmt":"2025-08-01T16:19:35","slug":"waitsuk-pal","status":"publish","type":"product","link":"https:\/\/uj.adatbank.ro\/lexikon\/termek\/waitsuk-pal\/","title":{"rendered":"WAITSUK P\u00e1l"},"content":{"rendered":"<p>Mv., 1924. nov., \u2020 Mv., 1984. nov. 16.: orvos. \u2013 Sz\u00fclei: W. P\u00e1l (1892\u20131980) banktisztvisel\u0151 \u00e9s Dudutz Anna. \u2013 A mv.-i R. K. Gimn.-ban \u00e9retts\u00e9gizett (1942). Kv.-on kezdte az orvosi tanulm\u00e1nyait, majd az utols\u00f3 erd\u00e9lyi avat\u00e1son a MOGYE \u00c1ltal\u00e1nos Orvosi Kar\u00e1n szerzett doktori c\u00edmet, oklevelet Kv.-on (1948). Iskolaorvos volt Mv.-en, \u00fczemorvos az Augusztus 23. B\u00fatorgy\u00e1rban. Szakosod\u00e1sa ut\u00e1n az Onkol\u00f3giai Int\u00e9zetben dolgozott; ideggy\u00f3gy\u00e1sz f\u0151orvos, az orvostudom\u00e1nyok doktora, az Ideggy\u00f3gy\u00e1szati Klinik\u00e1n oszt\u00e1lyvezet\u0151 helyettese. A Miskolczy Dezs\u0151 \u00e9s Cs\u00edky K\u00e1lm\u00e1n vezette orvoscsoport tagja. Vend\u00e9g Vinc\u00e9vel egy\u00fctt k\u00f6z\u00f6lt\u00e9k tanulm\u00e1nyukat az agyvel\u0151gyullad\u00e1snak egy sz\u00fanyogfajta \u00e1ltal terjesztett betegs\u00e9g\u00e9r\u0151l. Csal\u00e1di h\u00e1zukat (Baross G\u00e1bor \/ Horea u. 14. sz.) az \u00f6r\u00f6k\u00f6s\u00f6k eladt\u00e1k. \u2013  <strong>F. m..:<\/strong>  <strong>t\u00e1rssz.:<\/strong> Idegk\u00f3rtan (Buk., 1958); Cercet\u0103ri medicale (Buc., 1968). <br \/><strong>\u2013 Irod.:<\/strong> Genersich; [Nekrol\u00f3g] (V. Z., 1984. nov. 17.); Mv.-i \u00f6rm\u00e9nyek; P\u00e9ter; Todea.<\/br><\/p>\n","protected":false},"excerpt":{"rendered":"<p>Mv., 1924. nov., \u2020 Mv., 1984. nov. 16.: orvos. \u2013 Sz\u00fclei: W. P\u00e1l (1892\u20131980) banktisztvisel\u0151 \u00e9s Dudutz Anna. \u2013 A mv.-i R. K. Gimn.-ban \u00e9retts\u00e9gizett (1942). Kv.-on kezdte az orvosi tanulm\u00e1nyait, majd az utols\u00f3 erd\u00e9lyi avat\u00e1son a MOGYE \u00c1ltal\u00e1nos Orvosi Kar\u00e1n szerzett doktori c\u00edmet, oklevelet Kv.-on (1948). Iskolaorvos volt Mv.-en, \u00fczemorvos az Augusztus 23. B\u00fatorgy\u00e1rban. [&hellip;]<\/p>\n","protected":false},"featured_media":0,"comment_status":"open","ping_status":"closed","template":"","meta":[],"product_brand":[],"product_cat":[137],"product_tag":[],"class_list":{"0":"post-24758","1":"product","2":"type-product","3":"status-publish","5":"product_cat-maros-megyei-eletrajzi-lexikon","7":"first","8":"instock","9":"shipping-taxable","10":"product-type-simple"},"_links":{"self":[{"href":"https:\/\/uj.adatbank.ro\/lexikon\/wp-json\/wp\/v2\/product\/24758","targetHints":{"allow":["GET"]}}],"collection":[{"href":"https:\/\/uj.adatbank.ro\/lexikon\/wp-json\/wp\/v2\/product"}],"about":[{"href":"https:\/\/uj.adatbank.ro\/lexikon\/wp-json\/wp\/v2\/types\/product"}],"replies":[{"embeddable":true,"href":"https:\/\/uj.adatbank.ro\/lexikon\/wp-json\/wp\/v2\/comments?post=24758"}],"wp:attachment":[{"href":"https:\/\/uj.adatbank.ro\/lexikon\/wp-json\/wp\/v2\/media?parent=24758"}],"wp:term":[{"taxonomy":"product_brand","embeddable":true,"href":"https:\/\/uj.adatbank.ro\/lexikon\/wp-json\/wp\/v2\/product_brand?post=24758"},{"taxonomy":"product_cat","embeddable":true,"href":"https:\/\/uj.adatbank.ro\/lexikon\/wp-json\/wp\/v2\/product_cat?post=24758"},{"taxonomy":"product_tag","embeddable":true,"href":"https:\/\/uj.adatbank.ro\/lexikon\/wp-json\/wp\/v2\/product_tag?post=24758"}],"curies":[{"name":"wp","href":"https:\/\/api.w.org\/{rel}","templated":true}]}}