{"id":24768,"date":"2025-08-01T18:19:58","date_gmt":"2025-08-01T16:19:58","guid":{"rendered":"https:\/\/uj.adatbank.ro\/lexikon\/termek\/walter-frigyes-%c2%a7-walter-frederic\/"},"modified":"2025-08-01T18:19:58","modified_gmt":"2025-08-01T16:19:58","slug":"walter-frigyes-%c2%a7-walter-frederic","status":"publish","type":"product","link":"https:\/\/uj.adatbank.ro\/lexikon\/termek\/walter-frigyes-%c2%a7-walter-frederic\/","title":{"rendered":"WALTER Frigyes, \u00a7, Walter, Frederic"},"content":{"rendered":"<p>Marosludas, 1931. j\u00fan. 13., \u2020 Nagyb\u00e1nya, 1996. m\u00e1j. 17.: fest\u0151, grafikus, fametsz\u0151. \u2013 A k\u00f6z\u00e9piskol\u00e1t Mv.-en a M\u0171v\u00e9szeti L\u00edceumban, a k\u00e9pz\u0151m\u0171v\u00e9szeti f\u0151iskol\u00e1t Buk.-ben a Nicolae Grigorescu (1949\u201350) \u00e9s Kv.-on a Ion Andreescu K\u00e9pz\u0151m\u0171v\u00e9szeti F\u0151iskol\u00e1n v\u00e9gezte (1951\u201357), tan\u00e1rai Abodi Nagy B\u00e9la, Harsia Teodor, Mikl\u00f3ssy G\u00e1bor. Petrozs\u00e9nyben rajztan\u00e1r (1957\u201362). Nagyb\u00e1ny\u00e1n \u00e9lt a 60-as \u00e9vek elej\u00e9t\u0151l, ahol a B\u00e1nyavid\u00e9ki F\u00e1klya grafikai szerkeszt\u0151je (1963\u201372), Fels\u0151b\u00e1ny\u00e1n \u00e9s Nagyb\u00e1ny\u00e1n rajztan\u00e1r (1973\u201390). Els\u0151 ki\u00e1ll\u00edt\u00e1s\u00e1t Temesv\u00e1ron rendezte, majd Petrozs\u00e9ny, Nagyb\u00e1nya, Buk-ben majd k\u00fclf\u00f6ld\u00f6n: B\u00e9cs, Havanna, Krakk\u00f3, Lodz voltak ki\u00e1ll\u00edt\u00e1sa. Vulk\u00e1nban, a zsilv\u00f6lgyi m\u0171v\u00e9sztelep tagja \u00e9s ki\u00e1ll\u00edt\u00f3ja. Tanulm\u00e1nyutak: Szovjetuni\u00f3, N\u00e9meto., Magyaro., Bulg\u00e1ria. Rajzokat \u00e9s lin\u00f3metszeteket k\u00e9sz\u00edtett. Nagyb\u00e1ny\u00e1n alkotta nagy m\u00e9ret\u0171 sz\u00ednes fa-, m\u0171anyag-, \u00e1s lin\u00f3leum metszeteit. \u00c9lete utols\u00f3 \u00e9veiben visszat\u00e9rt a fest\u00e9szethez. T\u00e9m\u00e1i \u00e9s k\u00e9pciklusai: 1514; Ikarosz; M\u00e1ramaros; Hull\u00f3 csillagok. M\u0171vei megtal\u00e1lhat\u00f3k k\u00f6zgy\u0171jtem\u00e9nyekben: Buk., Nagyb\u00e1nya, D\u00e9va, K\u00e9zdiv\u00e1s\u00e1rhely, \u00e9s mag\u00e1ngy\u0171jtem\u00e9nyekben: N\u00e9meto., Magyaro., Izrael, Ausztria, Lengyeo., Anglia, Ausztr\u00e1lia, AE\u00c1. A nagyb\u00e1nyai ifj\u00fas\u00e1gi klubban f\u00e9m pan\u00f3ja van (1971). Kultur\u00e1lis \u00e9rdemrend I., IV. fokozat\u00e1t kapta. \u2013  <strong>F. ki\u00e1ll.:<\/strong> B\u00e9cs (1961); Havanna (1962); Krakk\u00f3, Lodz (1968); Vars\u00f3, helsinki, Stockholm, G\u00f6teborg, Berlin, Gyula (1982), Ny\u00edregyh\u00e1za, Bp. (2000). csoportos ki\u00e1ll: Temesv\u00e1r, Petrozs\u00e9ny, Nagyb\u00e1nya, Buk. <br \/><strong>\u2013 Irod.:<\/strong> Auton\u00f3m magyarok; Banner; Cigher, Vasile: Oameni de seam\u0103 ai Ludu\u015fului (Kv., 2009); Katona Szab\u00f3 Istv\u00e1n: Az \u00daj \u00c9let lexikona, 170. (\u00daj \u00c9let, 1977, 16. sz.); KKACs; Mikl\u00f3ssy G\u00e1bor n\u00f6vend\u00e9kei \/ Simon Endre (Bp., 2000); Moln\u00e1r; Mv.-i R.K. okt.; Pers. Mure\u015fene; R. K. Okt.\u20131, RMIL; Todea 2013.<\/br><\/p>\n","protected":false},"excerpt":{"rendered":"<p>Marosludas, 1931. j\u00fan. 13., \u2020 Nagyb\u00e1nya, 1996. m\u00e1j. 17.: fest\u0151, grafikus, fametsz\u0151. \u2013 A k\u00f6z\u00e9piskol\u00e1t Mv.-en a M\u0171v\u00e9szeti L\u00edceumban, a k\u00e9pz\u0151m\u0171v\u00e9szeti f\u0151iskol\u00e1t Buk.-ben a Nicolae Grigorescu (1949\u201350) \u00e9s Kv.-on a Ion Andreescu K\u00e9pz\u0151m\u0171v\u00e9szeti F\u0151iskol\u00e1n v\u00e9gezte (1951\u201357), tan\u00e1rai Abodi Nagy B\u00e9la, Harsia Teodor, Mikl\u00f3ssy G\u00e1bor. Petrozs\u00e9nyben rajztan\u00e1r (1957\u201362). Nagyb\u00e1ny\u00e1n \u00e9lt a 60-as \u00e9vek elej\u00e9t\u0151l, ahol a [&hellip;]<\/p>\n","protected":false},"featured_media":0,"comment_status":"open","ping_status":"closed","template":"","meta":[],"product_brand":[],"product_cat":[137],"product_tag":[],"class_list":{"0":"post-24768","1":"product","2":"type-product","3":"status-publish","5":"product_cat-maros-megyei-eletrajzi-lexikon","7":"first","8":"instock","9":"shipping-taxable","10":"product-type-simple"},"_links":{"self":[{"href":"https:\/\/uj.adatbank.ro\/lexikon\/wp-json\/wp\/v2\/product\/24768","targetHints":{"allow":["GET"]}}],"collection":[{"href":"https:\/\/uj.adatbank.ro\/lexikon\/wp-json\/wp\/v2\/product"}],"about":[{"href":"https:\/\/uj.adatbank.ro\/lexikon\/wp-json\/wp\/v2\/types\/product"}],"replies":[{"embeddable":true,"href":"https:\/\/uj.adatbank.ro\/lexikon\/wp-json\/wp\/v2\/comments?post=24768"}],"wp:attachment":[{"href":"https:\/\/uj.adatbank.ro\/lexikon\/wp-json\/wp\/v2\/media?parent=24768"}],"wp:term":[{"taxonomy":"product_brand","embeddable":true,"href":"https:\/\/uj.adatbank.ro\/lexikon\/wp-json\/wp\/v2\/product_brand?post=24768"},{"taxonomy":"product_cat","embeddable":true,"href":"https:\/\/uj.adatbank.ro\/lexikon\/wp-json\/wp\/v2\/product_cat?post=24768"},{"taxonomy":"product_tag","embeddable":true,"href":"https:\/\/uj.adatbank.ro\/lexikon\/wp-json\/wp\/v2\/product_tag?post=24768"}],"curies":[{"name":"wp","href":"https:\/\/api.w.org\/{rel}","templated":true}]}}

<p>Marosludas, 1931. jún. 13., † Nagybánya, 1996. máj. 17.: festő, grafikus, fametsző. – A középiskolát Mv.-en a Művészeti Líceumban, a képzőművészeti főiskolát Buk.-ben a Nicolae Grigorescu (1949–50) és Kv.-on a Ion Andreescu Képzőművészeti Főiskolán végezte (1951–57), tanárai Abodi Nagy Béla, Harsia Teodor, Miklóssy Gábor. Petrozsényben rajztanár (1957–62). Nagybányán élt a 60-as évek elejétől, ahol a Bányavidéki Fáklya grafikai szerkesztője (1963–72), Felsőbányán és Nagybányán rajztanár (1973–90). Első kiállítását Temesváron rendezte, majd Petrozsény, Nagybánya, Buk-ben majd külföldön: Bécs, Havanna, Krakkó, Lodz voltak kiállítása. Vulkánban, a zsilvölgyi művésztelep tagja és kiállítója. Tanulmányutak: Szovjetunió, Németo., Magyaro., Bulgária. Rajzokat és linómetszeteket készített. Nagybányán alkotta nagy méretű színes fa-, műanyag-, ás linóleum metszeteit. Élete utolsó éveiben visszatért a festészethez. Témái és képciklusai: 1514; Ikarosz; Máramaros; Hulló csillagok. Művei megtalálhatók közgyűjteményekben: Buk., Nagybánya, Déva, Kézdivásárhely, és magángyűjteményekben: Németo., Magyaro., Izrael, Ausztria, Lengyeo., Anglia, Ausztrália, AEÁ. A nagybányai ifjúsági klubban fém panója van (1971). Kulturális érdemrend I., IV. fokozatát kapta. –  <strong>F. kiáll.:</strong> Bécs (1961); Havanna (1962); Krakkó, Lodz (1968); Varsó, helsinki, Stockholm, Göteborg, Berlin, Gyula (1982), Nyíregyháza, Bp. (2000). csoportos kiáll: Temesvár, Petrozsény, Nagybánya, Buk. <br /><strong>– Irod.:</strong> Autonóm magyarok; Banner; Cigher, Vasile: Oameni de seamă ai Luduşului (Kv., 2009); Katona Szabó István: Az Új Élet lexikona, 170. (Új Élet, 1977, 16. sz.); KKACs; Miklóssy Gábor növendékei / Simon Endre (Bp., 2000); Molnár; Mv.-i R.K. okt.; Pers. Mureşene; R. K. Okt.–1, RMIL; Todea 2013.</br></p>

<p>Marosludas, 1931. jún. 13., † Nagybánya, 1996. máj. 17.: festő, grafikus, fametsző. – A középiskolát Mv.-en a Művészeti Líceumban, a képzőművészeti főiskolát Buk.-ben a Nicolae Grigorescu (1949–50) és Kv.-on a Ion Andreescu Képzőművészeti Főiskolán végezte (1951–57), tanárai Abodi Nagy Béla, Harsia Teodor, Miklóssy Gábor. Petrozsényben rajztanár (1957–62). Nagybányán élt a 60-as évek elejétől, ahol a [&hellip;]</p>
