{"id":24770,"date":"2025-08-01T18:20:02","date_gmt":"2025-08-01T16:20:02","guid":{"rendered":"https:\/\/uj.adatbank.ro\/lexikon\/termek\/walter-tibor-%c2%a7\/"},"modified":"2025-08-01T18:20:02","modified_gmt":"2025-08-01T16:20:02","slug":"walter-tibor-%c2%a7","status":"publish","type":"product","link":"https:\/\/uj.adatbank.ro\/lexikon\/termek\/walter-tibor-%c2%a7\/","title":{"rendered":"WALTER Tibor, \u00a7"},"content":{"rendered":"<p>Marosj\u00e1ra, 1909. febr. 4., \u2020 Sz\u00e1szr\u00e9gen, 1976. m\u00e1rc. 8.: tan\u00edt\u00f3. \u2013 Feles\u00e9ge Walter Piroska tan\u00edt\u00f3n\u0151. \u2013 Sz\u00e9kelykereszt\u00faron a Fi\u00fa Tan\u00edt\u00f3k\u00e9pz\u0151ben szerzett tan\u00edt\u00f3i okl.-et. Tan\u00edtott Nagyszederjesen (1932\u201333), Palotailv\u00e1n (1933\u201334), Mv.-en, Vajdahunyadon \u00e9s Udvarhelyen a R. K. Felekezeti Iskol\u00e1ban (1933\u201341), majd Ny\u00e1r\u00e1dremet\u00e9n \u00e9s Marosj\u00e1r\u00e1ban (1941\u201347). Igazgat\u00f3-tan\u00edt\u00f3 Marosszentgy\u00f6rgy\u00f6n (1947\u201350). Feles\u00e9g\u00e9vel egy\u00fctt \u00e9l\u00e9nk m\u0171vel\u0151d\u00e9si \u00e9letet vezetett: gyermek- \u00e9s ifj\u00fas\u00e1gi k\u00f3rust, sz\u00ednj\u00e1tsz\u00f3 csoportot. Nyugd\u00edjaz\u00e1s\u00e1ig R\u00e9genben a Pion\u00edrok H\u00e1z\u00e1ban tev\u00e9kenykedett (1950\u201369). <br \/><strong>\u2013 Irod.:<\/strong> Opri\u015f\u2013Moldovan; S\u00e2ngeorgiu de Mure\u015f \u2013 \u015ecoala.<\/br><\/p>\n","protected":false},"excerpt":{"rendered":"<p>Marosj\u00e1ra, 1909. febr. 4., \u2020 Sz\u00e1szr\u00e9gen, 1976. m\u00e1rc. 8.: tan\u00edt\u00f3. \u2013 Feles\u00e9ge Walter Piroska tan\u00edt\u00f3n\u0151. \u2013 Sz\u00e9kelykereszt\u00faron a Fi\u00fa Tan\u00edt\u00f3k\u00e9pz\u0151ben szerzett tan\u00edt\u00f3i okl.-et. Tan\u00edtott Nagyszederjesen (1932\u201333), Palotailv\u00e1n (1933\u201334), Mv.-en, Vajdahunyadon \u00e9s Udvarhelyen a R. K. Felekezeti Iskol\u00e1ban (1933\u201341), majd Ny\u00e1r\u00e1dremet\u00e9n \u00e9s Marosj\u00e1r\u00e1ban (1941\u201347). Igazgat\u00f3-tan\u00edt\u00f3 Marosszentgy\u00f6rgy\u00f6n (1947\u201350). Feles\u00e9g\u00e9vel egy\u00fctt \u00e9l\u00e9nk m\u0171vel\u0151d\u00e9si \u00e9letet vezetett: gyermek- \u00e9s ifj\u00fas\u00e1gi [&hellip;]<\/p>\n","protected":false},"featured_media":0,"comment_status":"open","ping_status":"closed","template":"","meta":[],"product_brand":[],"product_cat":[137],"product_tag":[],"class_list":{"0":"post-24770","1":"product","2":"type-product","3":"status-publish","5":"product_cat-maros-megyei-eletrajzi-lexikon","7":"first","8":"instock","9":"shipping-taxable","10":"product-type-simple"},"_links":{"self":[{"href":"https:\/\/uj.adatbank.ro\/lexikon\/wp-json\/wp\/v2\/product\/24770","targetHints":{"allow":["GET"]}}],"collection":[{"href":"https:\/\/uj.adatbank.ro\/lexikon\/wp-json\/wp\/v2\/product"}],"about":[{"href":"https:\/\/uj.adatbank.ro\/lexikon\/wp-json\/wp\/v2\/types\/product"}],"replies":[{"embeddable":true,"href":"https:\/\/uj.adatbank.ro\/lexikon\/wp-json\/wp\/v2\/comments?post=24770"}],"wp:attachment":[{"href":"https:\/\/uj.adatbank.ro\/lexikon\/wp-json\/wp\/v2\/media?parent=24770"}],"wp:term":[{"taxonomy":"product_brand","embeddable":true,"href":"https:\/\/uj.adatbank.ro\/lexikon\/wp-json\/wp\/v2\/product_brand?post=24770"},{"taxonomy":"product_cat","embeddable":true,"href":"https:\/\/uj.adatbank.ro\/lexikon\/wp-json\/wp\/v2\/product_cat?post=24770"},{"taxonomy":"product_tag","embeddable":true,"href":"https:\/\/uj.adatbank.ro\/lexikon\/wp-json\/wp\/v2\/product_tag?post=24770"}],"curies":[{"name":"wp","href":"https:\/\/api.w.org\/{rel}","templated":true}]}}

<p>Marosjára, 1909. febr. 4., † Szászrégen, 1976. márc. 8.: tanító. – Felesége Walter Piroska tanítónő. – Székelykeresztúron a Fiú Tanítóképzőben szerzett tanítói okl.-et. Tanított Nagyszederjesen (1932–33), Palotailván (1933–34), Mv.-en, Vajdahunyadon és Udvarhelyen a R. K. Felekezeti Iskolában (1933–41), majd Nyárádremetén és Marosjárában (1941–47). Igazgató-tanító Marosszentgyörgyön (1947–50). Feleségével együtt élénk művelődési életet vezetett: gyermek- és ifjúsági kórust, színjátszó csoportot. Nyugdíjazásáig Régenben a Pionírok Házában tevékenykedett (1950–69). <br /><strong>– Irod.:</strong> Opriş–Moldovan; Sângeorgiu de Mureş – Şcoala.</br></p>

<p>Marosjára, 1909. febr. 4., † Szászrégen, 1976. márc. 8.: tanító. – Felesége Walter Piroska tanítónő. – Székelykeresztúron a Fiú Tanítóképzőben szerzett tanítói okl.-et. Tanított Nagyszederjesen (1932–33), Palotailván (1933–34), Mv.-en, Vajdahunyadon és Udvarhelyen a R. K. Felekezeti Iskolában (1933–41), majd Nyárádremetén és Marosjárában (1941–47). Igazgató-tanító Marosszentgyörgyön (1947–50). Feleségével együtt élénk művelődési életet vezetett: gyermek- és ifjúsági [&hellip;]</p>
