{"id":24777,"date":"2025-08-01T18:20:18","date_gmt":"2025-08-01T16:20:18","guid":{"rendered":"https:\/\/uj.adatbank.ro\/lexikon\/termek\/wass-cegei-es-szentegyedi-gr-csalad\/"},"modified":"2025-08-01T18:20:18","modified_gmt":"2025-08-01T16:20:18","slug":"wass-cegei-es-szentegyedi-gr-csalad","status":"publish","type":"product","link":"https:\/\/uj.adatbank.ro\/lexikon\/termek\/wass-cegei-es-szentegyedi-gr-csalad\/","title":{"rendered":"WASS, cegei \u00e9s szentegyedi gr. csal\u00e1d"},"content":{"rendered":"<p>Erd\u00e9ly legr\u00e9gibb csal\u00e1djainak egyike, melynek csal\u00e1df\u00e1ja a 12. sz.-ig ny\u00falik vissza. Val\u00f3sz\u00edn\u0171leg dun\u00e1nt\u00fali sz\u00e1rmaz\u00e1s\u00faak, m\u00e1r a 12. sz v\u00e9g\u00e9n felt\u0171ntek Erd\u00e9lyben, ahol III. B\u00e9la kir\u00e1lyt\u00f3l kaptak birtokadom\u00e1nyt Doboka megy\u00e9ben. A XIV. sz\u00e1zad els\u0151 fel\u00e9ben \u00e9lt Mikl\u00f3st csics\u00f3i v\u00e1rnagyot m\u00e1r Wass-nak (Vos) nevezt\u00e9k; \u0151 kapott kir\u00e1lyi adom\u00e1nyt a t\u00f6bbi k\u00f6zt az el\u0151nevet ad\u00f3 Czeg\u00e9re is. A csal\u00e1d Erd\u00e9lyben a XVII\u2013XVII. sz\u00e1zadban kiv\u00e1l\u00f3 szerepet j\u00e1tszott. A csal\u00e1d ev. ref. Erd\u00e9lyi magyar gr\u00f3fi rangra emelkedtek (B\u00e9cs, 1744. november 13.) Mikl\u00f3s, Gy\u00f6rgy \u00e9s \u00c1d\u00e1m; C\u00edmerpecs\u00e9t a gr. Teleki-lev\u00e9lt\u00e1rban. Birtokaik: Fels\u0151gy\u00e9k\u00e9nyes, Bal\u00e1zsh\u00e1za, Sz\u00e9pkenyer\u0171szentm\u00e1rton, Mez\u0151z\u00e1h, Cege, Bang\u00e1rd, Mez\u0151m\u00e9hes. Kast\u00e9lyaik: Cege, Vasszentgoth\u00e1rd. <br \/><strong>\u2013 Irod.:<\/strong> Kempelen, MNZS; Nagy Iv\u00e1n.<\/br><\/p>\n","protected":false},"excerpt":{"rendered":"<p>Erd\u00e9ly legr\u00e9gibb csal\u00e1djainak egyike, melynek csal\u00e1df\u00e1ja a 12. sz.-ig ny\u00falik vissza. Val\u00f3sz\u00edn\u0171leg dun\u00e1nt\u00fali sz\u00e1rmaz\u00e1s\u00faak, m\u00e1r a 12. sz v\u00e9g\u00e9n felt\u0171ntek Erd\u00e9lyben, ahol III. B\u00e9la kir\u00e1lyt\u00f3l kaptak birtokadom\u00e1nyt Doboka megy\u00e9ben. A XIV. sz\u00e1zad els\u0151 fel\u00e9ben \u00e9lt Mikl\u00f3st csics\u00f3i v\u00e1rnagyot m\u00e1r Wass-nak (Vos) nevezt\u00e9k; \u0151 kapott kir\u00e1lyi adom\u00e1nyt a t\u00f6bbi k\u00f6zt az el\u0151nevet ad\u00f3 Czeg\u00e9re is. A [&hellip;]<\/p>\n","protected":false},"featured_media":0,"comment_status":"open","ping_status":"closed","template":"","meta":[],"product_brand":[],"product_cat":[137],"product_tag":[],"class_list":{"0":"post-24777","1":"product","2":"type-product","3":"status-publish","5":"product_cat-maros-megyei-eletrajzi-lexikon","7":"first","8":"instock","9":"shipping-taxable","10":"product-type-simple"},"_links":{"self":[{"href":"https:\/\/uj.adatbank.ro\/lexikon\/wp-json\/wp\/v2\/product\/24777","targetHints":{"allow":["GET"]}}],"collection":[{"href":"https:\/\/uj.adatbank.ro\/lexikon\/wp-json\/wp\/v2\/product"}],"about":[{"href":"https:\/\/uj.adatbank.ro\/lexikon\/wp-json\/wp\/v2\/types\/product"}],"replies":[{"embeddable":true,"href":"https:\/\/uj.adatbank.ro\/lexikon\/wp-json\/wp\/v2\/comments?post=24777"}],"wp:attachment":[{"href":"https:\/\/uj.adatbank.ro\/lexikon\/wp-json\/wp\/v2\/media?parent=24777"}],"wp:term":[{"taxonomy":"product_brand","embeddable":true,"href":"https:\/\/uj.adatbank.ro\/lexikon\/wp-json\/wp\/v2\/product_brand?post=24777"},{"taxonomy":"product_cat","embeddable":true,"href":"https:\/\/uj.adatbank.ro\/lexikon\/wp-json\/wp\/v2\/product_cat?post=24777"},{"taxonomy":"product_tag","embeddable":true,"href":"https:\/\/uj.adatbank.ro\/lexikon\/wp-json\/wp\/v2\/product_tag?post=24777"}],"curies":[{"name":"wp","href":"https:\/\/api.w.org\/{rel}","templated":true}]}}

WASS, cegei és szentegyedi gr. család

<p>Erdély legrégibb családjainak egyike, melynek családfája a 12. sz.-ig nyúlik vissza. Valószínűleg dunántúli származásúak, már a 12. sz végén feltűntek Erdélyben, ahol III. Béla királytól kaptak birtokadományt Doboka megyében. A XIV. század első felében élt Miklóst csicsói várnagyot már Wass-nak (Vos) nevezték; ő kapott királyi adományt a többi közt az előnevet adó Czegére is. A család Erdélyben a XVII–XVII. században kiváló szerepet játszott. A család ev. ref. Erdélyi magyar grófi rangra emelkedtek (Bécs, 1744. november 13.) Miklós, György és Ádám; Címerpecsét a gr. Teleki-levéltárban. Birtokaik: Felsőgyékényes, Balázsháza, Szépkenyerűszentmárton, Mezőzáh, Cege, Bangárd, Mezőméhes. Kastélyaik: Cege, Vasszentgothárd. <br /><strong>– Irod.:</strong> Kempelen, MNZS; Nagy Iván.</br></p>

<p>Erdély legrégibb családjainak egyike, melynek családfája a 12. sz.-ig nyúlik vissza. Valószínűleg dunántúli származásúak, már a 12. sz végén feltűntek Erdélyben, ahol III. Béla királytól kaptak birtokadományt Doboka megyében. A XIV. század első felében élt Miklóst csicsói várnagyot már Wass-nak (Vos) nevezték; ő kapott királyi adományt a többi közt az előnevet adó Czegére is. A [&hellip;]</p>
