{"id":24780,"date":"2025-08-01T18:20:25","date_gmt":"2025-08-01T16:20:25","guid":{"rendered":"https:\/\/uj.adatbank.ro\/lexikon\/termek\/wass-albert-%c2%a7-cegei-es-szentegyedi-gr\/"},"modified":"2025-08-01T18:20:25","modified_gmt":"2025-08-01T16:20:25","slug":"wass-albert-%c2%a7-cegei-es-szentegyedi-gr","status":"publish","type":"product","link":"https:\/\/uj.adatbank.ro\/lexikon\/termek\/wass-albert-%c2%a7-cegei-es-szentegyedi-gr\/","title":{"rendered":"WASS Albert, \u00a7 cegei \u00e9s szentegyedi gr."},"content":{"rendered":"<p>V\u00e1lasz\u00fat, 1908. jan. 8., \u2020 Astor Park (Florida, USA), 1998. febr. 17.: \u00edr\u00f3. \u2013 Els\u0151 feles\u00e9ge (1935- elv. 1951) Siemers \u00c9va (Hamburg, 1914. jan. 5. \u20131991. m\u00e1j. 2.), S. Hans Edmund nagykeresked\u0151 \u00e9s cegei gr. Wass Ilona le\u00e1nya; m\u00e1sodik feles\u00e9ge Mc Clain of Duaer Florence Elisabeth (1907\u20131988), esk.: Bearcreek Maryland Usa, 1952. Az \u00edr\u00f3 hamvait tartalmaz\u00f3 urn\u00e1t a fiai hazahozt\u00e1k Erd\u00e9lybe (1998. aug.), a marosv\u00e9csi v\u00e1r parkj\u00e1ban helyezt\u00e9k el, Kem\u00e9ny J\u00e1nos \u00edr\u00f3 s\u00edrja k\u00f6zel\u00e9ben (1999. aug. 7.; Hunyadi L\u00e1szl\u00f3 szobr\u00e1szm\u0171v\u00e9sz alkot\u00e1sa, az \u00edr\u00f3t \u00e1br\u00e1zol\u00f3 bronzplakettel egy\u00fctt). A holtmarosi ref. templom el\u0151tt \u00e1ll\u00f3 szobr\u00e1t, a hat\u00f3s\u00e1g parancs\u00e1ra elt\u00e1vol\u00edtott\u00e1k \u00e9s a templomban helyezt\u00e9k el. T\u00f6rt\u00e9netek egy ember \u00e9let\u00e9b\u0151l = Volt j\u00f6v\u0151kbe n\u00e9zve. Fiai: Huba, G\u00e9za, Endre. \u2013 Okl. erd\u0151m\u00e9rn\u00f6k, magyar kir. vad\u00e1szati \u00e9s erd\u00e9szeti fel\u00fcgyel\u0151., dr. phil. Kv.-on v\u00e9gezte a k\u00f6z\u00e9piskol\u00e1t, a debreceni Gazdas\u00e1gi Akad\u00e9mi\u00e1n tanult, a p\u00e1rizsi Sorbonne-on. Hazat\u00e9rve gazd\u00e1lkodott. Els\u0151 k\u00f6tete Kv.-on jelent meg Vir\u00e1gtemet\u00e9s (1928), a k\u00f6vetkez\u0151 versesk\u00f6tet (1930), a szaval\u00f3k\u00f3rusra \u00edrt sz\u00ednm\u0171ve A temet\u0151 megindul (Mv., 1932), a 4. k\u00f6tete a Farkasverem (Kv., 1935), az Erd\u00e9lyi Sz\u00e9pm\u00edves C\u00e9h kiad\u00e1s\u00e1ban jelent meg, az 5. k\u00f6tet\u00e9\u00e9rt Csaba, megkapta a Baumgarten-d\u00edjat (1940). Karcolatokkal, novell\u00e1kkal, elbesz\u00e9l\u00e9sekkel jelentkezett a lapokban: Ellenz\u00e9k, Erd\u00e9lyi Helikon, P\u00e1sztort\u0171z, Term\u00e9s, Keleti \u00dajs\u00e1g, Brass\u00f3i Lapok k\u00f6z\u00f6lt\u00e9k \u00edr\u00e1sait. Az Erd\u00e9lyi Helikon, a KZST (1929\u2013) \u00e9s a Kisfaludy T\u00e1rsas\u00e1g \u00e9s m\u00e9g sz\u00e1mos irodalmi t\u00e1rsas\u00e1g tagja volt. R\u00e9szt vett a marosv\u00e9csi helikoni 11. tal\u00e1lkoz\u00f3n (1936), a k\u00f6vetkez\u0151 tal\u00e1lkoz\u00f3n (1937) az Ember\u00e9 a munka c. sz\u00ednm\u0171ve szerepelt az Erd\u00e9lyi Sz\u00e9pm\u00edves C\u00e9h \u00e9s a kv.-i M. Sz\u00ednh\u00e1z dr\u00e1map\u00e1ly\u00e1zat\u00e1n, de nem mutatt\u00e1k be soha. M\u00e9g r\u00e9szt vett az 1938, 1939, \u00e9s 1942-es tal\u00e1lkoz\u00f3kon. A II. vh. ut\u00e1n fiaival az Egyes\u00fclt \u00c1llamokba telepedett (1945). Egyetemi tan\u00e1r volt az University of Florida idegen nyelvek tansz\u00e9k\u00e9n (1957\u2013), n\u00e9met \u00e9s francia nyelvet, eur\u00f3pai irodalmat \u00e9s t\u00f6rt\u00e9nelmet adott el\u0151. Megalap\u00edtotta az Amerikai Magyar Sz\u00e9pm\u00edves C\u00e9het (1963), 19 magyar \u00e9s 43 angol nyelv\u0171 k\u00f6nyvet adott ki. Reg\u00e9ny\u00edr\u00f3, minden m\u0171ve erd\u00e9lyi ihlet\u00e9s\u0171, sz\u00fcl\u0151f\u00f6ldj\u00e9r\u0151l, a Mez\u0151s\u00e9gr\u0151l \u00e9s n\u00e9p\u00e9r\u0151l, magyarokr\u00f3l, rom\u00e1nokr\u00f3l egyar\u00e1nt \u00edrt m\u00e9ly bele\u00e9rz\u00e9ssel. Az Erd\u00e9lyi Sz\u00e9pm\u00edves C\u00e9h \u00e9s a Kisfaludy T\u00e1rsas\u00e1g (r. 1942) \u00e9s m\u00e9g sz\u00e1mos irodalmi t\u00e1rsas\u00e1g tagja volt. Az erd\u00e9lyi m. ref. egyh\u00e1z f\u0151gondnoka (1936\u201345); a Baumgarten \u00e9s Klebelsberg d\u00edjak nyertese, a MTA tagja, az Erd\u00e9lyi Vil\u00e1gsz\u00f6vets\u00e9g amerikai tagozat\u00e1nak eln\u00f6ke, a Transsylvanian Quarterly szerkeszt\u0151je, az \u00c1rp\u00e1d Akad\u00e9mia irodalmi oszt\u00e1ly\u00e1nak (Cleveland, Ohio, USA) eln\u00f6ke. <br \/><strong>\u2013 Irod.:<\/strong> Adamovits; Bal\u00e1zs Ildik\u00f3: W. A. erd\u00e9lyi korszaka, 1923\u20131944 (Mv., 2010); Erd\u00e9lyi H\u00edrmond\u00f3k; F\u00e1bi\u00e1n Tibor: Sz\u00f3sz\u00f3l\u00f3ja sz\u00e9pnek, igaznak: Besz\u00e9lget\u00e9sek W. A.-r\u0151l (Mv., 2008); F\u00e9ja; Helikoni arck\u00e9pcsarnok 1; 2.; K\u00e1ntor\u2013L\u00e1ng; K\u00e1szoni Zolt\u00e1n: W. A. nyom\u00e1ban Erd\u00e9lyben (Mv., 2011); Kornis; Maros megye; Maros \u2013 m\u0171eml\u00e9kek; Molter 2.; M\u00fazsa; Nagy P\u00e1l: Napl\u00f3 n\u00e9lk\u00fcl (Mv., 2007); Nagy P\u00e1l: W. A. a Helikonba egy ember (Sz\u00e9kelyf\u00f6ld, 7. sz., 2006. j\u00fal.); [Nekrol\u00f3g] (N\u00fa., 1998. febr. 20.); Siemers Ilona: Wass-kor (Mv., 1999); Szab\u00f3 \u00c1d\u00e1m, T.: Gr. Czegei Wass Albertn\u00e9 Siemers \u00c9va eml\u00e9kezete (Korunk, 1991. aug.). \u00daM\u00c9L; \u00c1br\u00e1m Zolt\u00e1n. Wass Albertre eml\u00e9kez\u00fcnk (N\u00fa., 2023. febr. 17.); Wass Albert: az erd\u00e9lyi arisztokr\u00e1cia \u00e9s term\u00e9szet \u00e1br\u00e1zol\u00f3ja. Besz\u00e9lget\u00e9s a 90 \u00e9ve sz\u00fcletett Pomog\u00e1ts B\u00e9la irodalomt\u00f6rt\u00e9n\u00e9sszel (Erd\u00e9lyi Reform\u00e1tus Kalend\u00e1rium, 2024).<\/br><\/p>\n","protected":false},"excerpt":{"rendered":"<p>V\u00e1lasz\u00fat, 1908. jan. 8., \u2020 Astor Park (Florida, USA), 1998. febr. 17.: \u00edr\u00f3. \u2013 Els\u0151 feles\u00e9ge (1935- elv. 1951) Siemers \u00c9va (Hamburg, 1914. jan. 5. \u20131991. m\u00e1j. 2.), S. Hans Edmund nagykeresked\u0151 \u00e9s cegei gr. Wass Ilona le\u00e1nya; m\u00e1sodik feles\u00e9ge Mc Clain of Duaer Florence Elisabeth (1907\u20131988), esk.: Bearcreek Maryland Usa, 1952. Az \u00edr\u00f3 hamvait [&hellip;]<\/p>\n","protected":false},"featured_media":0,"comment_status":"open","ping_status":"closed","template":"","meta":[],"product_brand":[],"product_cat":[137],"product_tag":[],"class_list":{"0":"post-24780","1":"product","2":"type-product","3":"status-publish","5":"product_cat-maros-megyei-eletrajzi-lexikon","7":"first","8":"instock","9":"shipping-taxable","10":"product-type-simple"},"_links":{"self":[{"href":"https:\/\/uj.adatbank.ro\/lexikon\/wp-json\/wp\/v2\/product\/24780","targetHints":{"allow":["GET"]}}],"collection":[{"href":"https:\/\/uj.adatbank.ro\/lexikon\/wp-json\/wp\/v2\/product"}],"about":[{"href":"https:\/\/uj.adatbank.ro\/lexikon\/wp-json\/wp\/v2\/types\/product"}],"replies":[{"embeddable":true,"href":"https:\/\/uj.adatbank.ro\/lexikon\/wp-json\/wp\/v2\/comments?post=24780"}],"wp:attachment":[{"href":"https:\/\/uj.adatbank.ro\/lexikon\/wp-json\/wp\/v2\/media?parent=24780"}],"wp:term":[{"taxonomy":"product_brand","embeddable":true,"href":"https:\/\/uj.adatbank.ro\/lexikon\/wp-json\/wp\/v2\/product_brand?post=24780"},{"taxonomy":"product_cat","embeddable":true,"href":"https:\/\/uj.adatbank.ro\/lexikon\/wp-json\/wp\/v2\/product_cat?post=24780"},{"taxonomy":"product_tag","embeddable":true,"href":"https:\/\/uj.adatbank.ro\/lexikon\/wp-json\/wp\/v2\/product_tag?post=24780"}],"curies":[{"name":"wp","href":"https:\/\/api.w.org\/{rel}","templated":true}]}}

WASS Albert, § cegei és szentegyedi gr.

<p>Válaszút, 1908. jan. 8., † Astor Park (Florida, USA), 1998. febr. 17.: író. – Első felesége (1935- elv. 1951) Siemers Éva (Hamburg, 1914. jan. 5. –1991. máj. 2.), S. Hans Edmund nagykereskedő és cegei gr. Wass Ilona leánya; második felesége Mc Clain of Duaer Florence Elisabeth (1907–1988), esk.: Bearcreek Maryland Usa, 1952. Az író hamvait tartalmazó urnát a fiai hazahozták Erdélybe (1998. aug.), a marosvécsi vár parkjában helyezték el, Kemény János író sírja közelében (1999. aug. 7.; Hunyadi László szobrászművész alkotása, az írót ábrázoló bronzplakettel együtt). A holtmarosi ref. templom előtt álló szobrát, a hatóság parancsára eltávolították és a templomban helyezték el. Történetek egy ember életéből = Volt jövőkbe nézve. Fiai: Huba, Géza, Endre. – Okl. erdőmérnök, magyar kir. vadászati és erdészeti felügyelő., dr. phil. Kv.-on végezte a középiskolát, a debreceni Gazdasági Akadémián tanult, a párizsi Sorbonne-on. Hazatérve gazdálkodott. Első kötete Kv.-on jelent meg Virágtemetés (1928), a következő verseskötet (1930), a szavalókórusra írt színműve A temető megindul (Mv., 1932), a 4. kötete a Farkasverem (Kv., 1935), az Erdélyi Szépmíves Céh kiadásában jelent meg, az 5. kötetéért Csaba, megkapta a Baumgarten-díjat (1940). Karcolatokkal, novellákkal, elbeszélésekkel jelentkezett a lapokban: Ellenzék, Erdélyi Helikon, Pásztortűz, Termés, Keleti Újság, Brassói Lapok közölték írásait. Az Erdélyi Helikon, a KZST (1929–) és a Kisfaludy Társaság és még számos irodalmi társaság tagja volt. Részt vett a marosvécsi helikoni 11. találkozón (1936), a következő találkozón (1937) az Emberé a munka c. színműve szerepelt az Erdélyi Szépmíves Céh és a kv.-i M. Színház drámapályázatán, de nem mutatták be soha. Még részt vett az 1938, 1939, és 1942-es találkozókon. A II. vh. után fiaival az Egyesült Államokba telepedett (1945). Egyetemi tanár volt az University of Florida idegen nyelvek tanszékén (1957–), német és francia nyelvet, európai irodalmat és történelmet adott elő. Megalapította az Amerikai Magyar Szépmíves Céhet (1963), 19 magyar és 43 angol nyelvű könyvet adott ki. Regényíró, minden műve erdélyi ihletésű, szülőföldjéről, a Mezőségről és népéről, magyarokról, románokról egyaránt írt mély beleérzéssel. Az Erdélyi Szépmíves Céh és a Kisfaludy Társaság (r. 1942) és még számos irodalmi társaság tagja volt. Az erdélyi m. ref. egyház főgondnoka (1936–45); a Baumgarten és Klebelsberg díjak nyertese, a MTA tagja, az Erdélyi Világszövetség amerikai tagozatának elnöke, a Transsylvanian Quarterly szerkesztője, az Árpád Akadémia irodalmi osztályának (Cleveland, Ohio, USA) elnöke. <br /><strong>– Irod.:</strong> Adamovits; Balázs Ildikó: W. A. erdélyi korszaka, 1923–1944 (Mv., 2010); Erdélyi Hírmondók; Fábián Tibor: Szószólója szépnek, igaznak: Beszélgetések W. A.-ről (Mv., 2008); Féja; Helikoni arcképcsarnok 1; 2.; Kántor–Láng; Kászoni Zoltán: W. A. nyomában Erdélyben (Mv., 2011); Kornis; Maros megye; Maros – műemlékek; Molter 2.; Múzsa; Nagy Pál: Napló nélkül (Mv., 2007); Nagy Pál: W. A. a Helikonba egy ember (Székelyföld, 7. sz., 2006. júl.); [Nekrológ] (Nú., 1998. febr. 20.); Siemers Ilona: Wass-kor (Mv., 1999); Szabó Ádám, T.: Gr. Czegei Wass Albertné Siemers Éva emlékezete (Korunk, 1991. aug.). ÚMÉL; Ábrám Zoltán. Wass Albertre emlékezünk (Nú., 2023. febr. 17.); Wass Albert: az erdélyi arisztokrácia és természet ábrázolója. Beszélgetés a 90 éve született Pomogáts Béla irodalomtörténésszel (Erdélyi Református Kalendárium, 2024).</br></p>

<p>Válaszút, 1908. jan. 8., † Astor Park (Florida, USA), 1998. febr. 17.: író. – Első felesége (1935- elv. 1951) Siemers Éva (Hamburg, 1914. jan. 5. –1991. máj. 2.), S. Hans Edmund nagykereskedő és cegei gr. Wass Ilona leánya; második felesége Mc Clain of Duaer Florence Elisabeth (1907–1988), esk.: Bearcreek Maryland Usa, 1952. Az író hamvait [&hellip;]</p>
