{"id":24782,"date":"2025-08-01T18:20:31","date_gmt":"2025-08-01T16:20:31","guid":{"rendered":"https:\/\/uj.adatbank.ro\/lexikon\/termek\/wass-bela\/"},"modified":"2025-08-01T18:20:31","modified_gmt":"2025-08-01T16:20:31","slug":"wass-bela","status":"publish","type":"product","link":"https:\/\/uj.adatbank.ro\/lexikon\/termek\/wass-bela\/","title":{"rendered":"WASS B\u00e9la"},"content":{"rendered":"<p>Kv., 1853. jan. 28., \u2020\u00a0Mez\u0151z\u00e1h, 1936. szept. 1, tem. Kv. a H\u00e1zsong\u00e1rdi temet\u0151ben: mez\u0151z\u00e1hi f\u00f6ldbirtokos, a m. f\u0151rendi h\u00e1z \u00f6r\u00f6k\u00f6s tagja Szolnok-Doboka m. f\u0151isp\u00e1nja, orsz\u00e1ggy\u0171l\u00e9si k\u00e9pvisel\u0151. \u2013 Feles\u00e9ge br. B\u00e1nffy Rachel (1859\u20131936). Esk. Beresztelke 1878. <br \/><strong>\u2013 Irod.:<\/strong> Gudenus; Magyaro. k\u00f6zgazdas\u00e1gi \u00e9s k\u00f6zm\u0171vel\u0151d\u00e9si \u00e1llapota ezer\u00e9ves fenn\u00e1ll\u00e1sakor \u00e9s az 1896 \u00e9vi ezer\u00e9ves ki\u00e1ll\u00edt\u00e1s eredm\u00e9nye (Bp., 1897\u201398); Nagy Iv\u00e1n; A rov\u00e1s\u00edr\u00e1s \u00e9l-e a m. n\u00e9p k\u00f6z\u00f6tt (Bp., 1903).<\/br><\/p>\n","protected":false},"excerpt":{"rendered":"<p>Kv., 1853. jan. 28., \u2020\u00a0Mez\u0151z\u00e1h, 1936. szept. 1, tem. Kv. a H\u00e1zsong\u00e1rdi temet\u0151ben: mez\u0151z\u00e1hi f\u00f6ldbirtokos, a m. f\u0151rendi h\u00e1z \u00f6r\u00f6k\u00f6s tagja Szolnok-Doboka m. f\u0151isp\u00e1nja, orsz\u00e1ggy\u0171l\u00e9si k\u00e9pvisel\u0151. \u2013 Feles\u00e9ge br. B\u00e1nffy Rachel (1859\u20131936). Esk. Beresztelke 1878. \u2013 Irod.: Gudenus; Magyaro. k\u00f6zgazdas\u00e1gi \u00e9s k\u00f6zm\u0171vel\u0151d\u00e9si \u00e1llapota ezer\u00e9ves fenn\u00e1ll\u00e1sakor \u00e9s az 1896 \u00e9vi ezer\u00e9ves ki\u00e1ll\u00edt\u00e1s eredm\u00e9nye (Bp., 1897\u201398); Nagy [&hellip;]<\/p>\n","protected":false},"featured_media":0,"comment_status":"open","ping_status":"closed","template":"","meta":[],"product_brand":[],"product_cat":[137],"product_tag":[],"class_list":{"0":"post-24782","1":"product","2":"type-product","3":"status-publish","5":"product_cat-maros-megyei-eletrajzi-lexikon","7":"first","8":"instock","9":"shipping-taxable","10":"product-type-simple"},"_links":{"self":[{"href":"https:\/\/uj.adatbank.ro\/lexikon\/wp-json\/wp\/v2\/product\/24782","targetHints":{"allow":["GET"]}}],"collection":[{"href":"https:\/\/uj.adatbank.ro\/lexikon\/wp-json\/wp\/v2\/product"}],"about":[{"href":"https:\/\/uj.adatbank.ro\/lexikon\/wp-json\/wp\/v2\/types\/product"}],"replies":[{"embeddable":true,"href":"https:\/\/uj.adatbank.ro\/lexikon\/wp-json\/wp\/v2\/comments?post=24782"}],"wp:attachment":[{"href":"https:\/\/uj.adatbank.ro\/lexikon\/wp-json\/wp\/v2\/media?parent=24782"}],"wp:term":[{"taxonomy":"product_brand","embeddable":true,"href":"https:\/\/uj.adatbank.ro\/lexikon\/wp-json\/wp\/v2\/product_brand?post=24782"},{"taxonomy":"product_cat","embeddable":true,"href":"https:\/\/uj.adatbank.ro\/lexikon\/wp-json\/wp\/v2\/product_cat?post=24782"},{"taxonomy":"product_tag","embeddable":true,"href":"https:\/\/uj.adatbank.ro\/lexikon\/wp-json\/wp\/v2\/product_tag?post=24782"}],"curies":[{"name":"wp","href":"https:\/\/api.w.org\/{rel}","templated":true}]}}

WASS Béla

<p>Kv., 1853. jan. 28., † Mezőzáh, 1936. szept. 1, tem. Kv. a Házsongárdi temetőben: mezőzáhi földbirtokos, a m. főrendi ház örökös tagja Szolnok-Doboka m. főispánja, országgyűlési képviselő. – Felesége br. Bánffy Rachel (1859–1936). Esk. Beresztelke 1878. <br /><strong>– Irod.:</strong> Gudenus; Magyaro. közgazdasági és közművelődési állapota ezeréves fennállásakor és az 1896 évi ezeréves kiállítás eredménye (Bp., 1897–98); Nagy Iván; A rovásírás él-e a m. nép között (Bp., 1903).</br></p>

<p>Kv., 1853. jan. 28., † Mezőzáh, 1936. szept. 1, tem. Kv. a Házsongárdi temetőben: mezőzáhi földbirtokos, a m. főrendi ház örökös tagja Szolnok-Doboka m. főispánja, országgyűlési képviselő. – Felesége br. Bánffy Rachel (1859–1936). Esk. Beresztelke 1878. – Irod.: Gudenus; Magyaro. közgazdasági és közművelődési állapota ezeréves fennállásakor és az 1896 évi ezeréves kiállítás eredménye (Bp., 1897–98); Nagy [&hellip;]</p>
