{"id":24783,"date":"2025-08-01T18:20:33","date_gmt":"2025-08-01T16:20:33","guid":{"rendered":"https:\/\/uj.adatbank.ro\/lexikon\/termek\/wass-gyorgy-czegei-es-szentegyedi-gr\/"},"modified":"2025-08-01T18:20:33","modified_gmt":"2025-08-01T16:20:33","slug":"wass-gyorgy-czegei-es-szentegyedi-gr","status":"publish","type":"product","link":"https:\/\/uj.adatbank.ro\/lexikon\/termek\/wass-gyorgy-czegei-es-szentegyedi-gr\/","title":{"rendered":"WASS Gy\u00f6rgy, czegei \u00e9s szentegyedi gr."},"content":{"rendered":"<p>1659., \u2020\u00a01705: f\u0151\u00far, napl\u00f3\u00edr\u00f3 \u2013 L\u00e1szl\u00f3 \u00e9s Teleki Anna fia. Feles\u00e9ge: Bodoni Zsuzs\u00e1nna, hidv\u00e9gi Nemes M\u00e1ria. Egyik fia L\u00e1szl\u00f3 szint\u00e9n napl\u00f3\u00edr\u00f3. \u2013 Teleki Mih\u00e1ly, majd B\u00e1nffi Gy\u00f6rgy gubern\u00e1tor bizalmasa. B\u00e9csi k\u00f6vet, Kv. vicekapit\u00e1nya a R\u00e1k\u00f3czi szabads\u00e1gharc alatt (1704). A kv.-i Ref. Koll. f\u0151gondnoka. Megszerezte z\u00e1logon Boldizs\u00e1r Mih\u00e1ly h\u00e1z\u00e1t a v\u00e1s\u00e1rhelyi v\u00e1rban (1695). A Czegei r\u00e9gebbi ma m\u00e1r elpusztult kast\u00e9ly \u00e9s csal\u00e1di kripta \u00e9p\u00edttet\u0151je (1698). Templomot \u00e9p\u00edttetett Czeg\u00e9n \u00e9s Mez\u0151m\u00e9hesen. Napl\u00f3ja a kurucfelkel\u00e9s \u00e9rt\u00e9kes forr\u00e1sa. Szokr\u00e1teszhez = \u00dcnnepi k\u00f6nyv. <br \/><strong>\u2013 Irod.:<\/strong> Bicsok\u2013Orb\u00e1n; Erd\u00e9lyi f\u00e9niks; Id\u0151t\u00e1r 1; K.L. M\u0171v. t\u00f6rt. tan, 2; Kelemen Lajos 2009; Wessel\u00e9nyi Istv\u00e1n.<\/br><\/p>\n","protected":false},"excerpt":{"rendered":"<p>1659., \u2020\u00a01705: f\u0151\u00far, napl\u00f3\u00edr\u00f3 \u2013 L\u00e1szl\u00f3 \u00e9s Teleki Anna fia. Feles\u00e9ge: Bodoni Zsuzs\u00e1nna, hidv\u00e9gi Nemes M\u00e1ria. Egyik fia L\u00e1szl\u00f3 szint\u00e9n napl\u00f3\u00edr\u00f3. \u2013 Teleki Mih\u00e1ly, majd B\u00e1nffi Gy\u00f6rgy gubern\u00e1tor bizalmasa. B\u00e9csi k\u00f6vet, Kv. vicekapit\u00e1nya a R\u00e1k\u00f3czi szabads\u00e1gharc alatt (1704). A kv.-i Ref. Koll. f\u0151gondnoka. Megszerezte z\u00e1logon Boldizs\u00e1r Mih\u00e1ly h\u00e1z\u00e1t a v\u00e1s\u00e1rhelyi v\u00e1rban (1695). A Czegei r\u00e9gebbi [&hellip;]<\/p>\n","protected":false},"featured_media":0,"comment_status":"open","ping_status":"closed","template":"","meta":[],"product_brand":[],"product_cat":[137],"product_tag":[],"class_list":{"0":"post-24783","1":"product","2":"type-product","3":"status-publish","5":"product_cat-maros-megyei-eletrajzi-lexikon","7":"first","8":"instock","9":"shipping-taxable","10":"product-type-simple"},"_links":{"self":[{"href":"https:\/\/uj.adatbank.ro\/lexikon\/wp-json\/wp\/v2\/product\/24783","targetHints":{"allow":["GET"]}}],"collection":[{"href":"https:\/\/uj.adatbank.ro\/lexikon\/wp-json\/wp\/v2\/product"}],"about":[{"href":"https:\/\/uj.adatbank.ro\/lexikon\/wp-json\/wp\/v2\/types\/product"}],"replies":[{"embeddable":true,"href":"https:\/\/uj.adatbank.ro\/lexikon\/wp-json\/wp\/v2\/comments?post=24783"}],"wp:attachment":[{"href":"https:\/\/uj.adatbank.ro\/lexikon\/wp-json\/wp\/v2\/media?parent=24783"}],"wp:term":[{"taxonomy":"product_brand","embeddable":true,"href":"https:\/\/uj.adatbank.ro\/lexikon\/wp-json\/wp\/v2\/product_brand?post=24783"},{"taxonomy":"product_cat","embeddable":true,"href":"https:\/\/uj.adatbank.ro\/lexikon\/wp-json\/wp\/v2\/product_cat?post=24783"},{"taxonomy":"product_tag","embeddable":true,"href":"https:\/\/uj.adatbank.ro\/lexikon\/wp-json\/wp\/v2\/product_tag?post=24783"}],"curies":[{"name":"wp","href":"https:\/\/api.w.org\/{rel}","templated":true}]}}

WASS György, czegei és szentegyedi gr.

<p>1659., † 1705: főúr, naplóíró – László és Teleki Anna fia. Felesége: Bodoni Zsuzsánna, hidvégi Nemes Mária. Egyik fia László szintén naplóíró. – Teleki Mihály, majd Bánffi György gubernátor bizalmasa. Bécsi követ, Kv. vicekapitánya a Rákóczi szabadságharc alatt (1704). A kv.-i Ref. Koll. főgondnoka. Megszerezte zálogon Boldizsár Mihály házát a vásárhelyi várban (1695). A Czegei régebbi ma már elpusztult kastély és családi kripta építtetője (1698). Templomot építtetett Czegén és Mezőméhesen. Naplója a kurucfelkelés értékes forrása. Szokráteszhez = Ünnepi könyv. <br /><strong>– Irod.:</strong> Bicsok–Orbán; Erdélyi féniks; Időtár 1; K.L. Műv. tört. tan, 2; Kelemen Lajos 2009; Wesselényi István.</br></p>

<p>1659., † 1705: főúr, naplóíró – László és Teleki Anna fia. Felesége: Bodoni Zsuzsánna, hidvégi Nemes Mária. Egyik fia László szintén naplóíró. – Teleki Mihály, majd Bánffi György gubernátor bizalmasa. Bécsi követ, Kv. vicekapitánya a Rákóczi szabadságharc alatt (1704). A kv.-i Ref. Koll. főgondnoka. Megszerezte zálogon Boldizsár Mihály házát a vásárhelyi várban (1695). A Czegei régebbi [&hellip;]</p>
