{"id":24786,"date":"2025-08-01T18:20:39","date_gmt":"2025-08-01T16:20:39","guid":{"rendered":"https:\/\/uj.adatbank.ro\/lexikon\/termek\/wass-kata-czegei-es-szentegyedi-gr-kemeny-simonne\/"},"modified":"2025-08-01T18:20:39","modified_gmt":"2025-08-01T16:20:39","slug":"wass-kata-czegei-es-szentegyedi-gr-kemeny-simonne","status":"publish","type":"product","link":"https:\/\/uj.adatbank.ro\/lexikon\/termek\/wass-kata-czegei-es-szentegyedi-gr-kemeny-simonne\/","title":{"rendered":"WASS Kata, czegei \u00e9s szentegyedi gr., Kem\u00e9ny Simonn\u00e9"},"content":{"rendered":"<p>1749 \u2020\u00a01822: birtokosa. \u2013 Gy\u00f6rgy \u00e9s Szentp\u00e9tery Erzs\u00e9bet l\u00e1nya. F\u00e9rje magyargyer\u0151monostori br. Kem\u00e9ny Simon (1736\u20131789) a marosv\u00e9csi uradalom \u00e9s kast\u00e9ly tulajdonosa. Gyermekei: Simon, L\u00e1szl\u00f3, Katalin, J\u00e1nos. Fel\u00e9p\u00edtett\u00e9k Marosv\u00e9csen a ref. templomot (1768\u201370), a rokok\u00f3 templombels\u0151vel. A marosv\u00e9csi v\u00e1rban \u00f6nszorgalomb\u00f3l le\u00e1nynevel\u0151 int\u00e9zetet tartott fenn, h\u00e1zias tev\u00e9kenys\u00e9gre \u00e9s lelki-vall\u00e1sos \u00e9letre nevelte a l\u00e1nyokat. <br \/><strong>\u2013 Irod.:<\/strong> Keresztes 1995; K.L. M\u0171v. t\u00f6rt. tan. 1\u20132., Maros megyei m. t\u00f6rt.5.; Nagy Iv\u00e1n; Magyari Hunor.<\/br><\/p>\n","protected":false},"excerpt":{"rendered":"<p>1749 \u2020\u00a01822: birtokosa. \u2013 Gy\u00f6rgy \u00e9s Szentp\u00e9tery Erzs\u00e9bet l\u00e1nya. F\u00e9rje magyargyer\u0151monostori br. Kem\u00e9ny Simon (1736\u20131789) a marosv\u00e9csi uradalom \u00e9s kast\u00e9ly tulajdonosa. Gyermekei: Simon, L\u00e1szl\u00f3, Katalin, J\u00e1nos. Fel\u00e9p\u00edtett\u00e9k Marosv\u00e9csen a ref. templomot (1768\u201370), a rokok\u00f3 templombels\u0151vel. A marosv\u00e9csi v\u00e1rban \u00f6nszorgalomb\u00f3l le\u00e1nynevel\u0151 int\u00e9zetet tartott fenn, h\u00e1zias tev\u00e9kenys\u00e9gre \u00e9s lelki-vall\u00e1sos \u00e9letre nevelte a l\u00e1nyokat. \u2013 Irod.: Keresztes 1995; [&hellip;]<\/p>\n","protected":false},"featured_media":0,"comment_status":"open","ping_status":"closed","template":"","meta":[],"product_brand":[],"product_cat":[137],"product_tag":[],"class_list":{"0":"post-24786","1":"product","2":"type-product","3":"status-publish","5":"product_cat-maros-megyei-eletrajzi-lexikon","7":"first","8":"instock","9":"shipping-taxable","10":"product-type-simple"},"_links":{"self":[{"href":"https:\/\/uj.adatbank.ro\/lexikon\/wp-json\/wp\/v2\/product\/24786","targetHints":{"allow":["GET"]}}],"collection":[{"href":"https:\/\/uj.adatbank.ro\/lexikon\/wp-json\/wp\/v2\/product"}],"about":[{"href":"https:\/\/uj.adatbank.ro\/lexikon\/wp-json\/wp\/v2\/types\/product"}],"replies":[{"embeddable":true,"href":"https:\/\/uj.adatbank.ro\/lexikon\/wp-json\/wp\/v2\/comments?post=24786"}],"wp:attachment":[{"href":"https:\/\/uj.adatbank.ro\/lexikon\/wp-json\/wp\/v2\/media?parent=24786"}],"wp:term":[{"taxonomy":"product_brand","embeddable":true,"href":"https:\/\/uj.adatbank.ro\/lexikon\/wp-json\/wp\/v2\/product_brand?post=24786"},{"taxonomy":"product_cat","embeddable":true,"href":"https:\/\/uj.adatbank.ro\/lexikon\/wp-json\/wp\/v2\/product_cat?post=24786"},{"taxonomy":"product_tag","embeddable":true,"href":"https:\/\/uj.adatbank.ro\/lexikon\/wp-json\/wp\/v2\/product_tag?post=24786"}],"curies":[{"name":"wp","href":"https:\/\/api.w.org\/{rel}","templated":true}]}}

WASS Kata, czegei és szentegyedi gr., Kemény Simonné

<p>1749 † 1822: birtokosa. – György és Szentpétery Erzsébet lánya. Férje magyargyerőmonostori br. Kemény Simon (1736–1789) a marosvécsi uradalom és kastély tulajdonosa. Gyermekei: Simon, László, Katalin, János. Felépítették Marosvécsen a ref. templomot (1768–70), a rokokó templombelsővel. A marosvécsi várban önszorgalomból leánynevelő intézetet tartott fenn, házias tevékenységre és lelki-vallásos életre nevelte a lányokat. <br /><strong>– Irod.:</strong> Keresztes 1995; K.L. Műv. tört. tan. 1–2., Maros megyei m. tört.5.; Nagy Iván; Magyari Hunor.</br></p>

<p>1749 † 1822: birtokosa. – György és Szentpétery Erzsébet lánya. Férje magyargyerőmonostori br. Kemény Simon (1736–1789) a marosvécsi uradalom és kastély tulajdonosa. Gyermekei: Simon, László, Katalin, János. Felépítették Marosvécsen a ref. templomot (1768–70), a rokokó templombelsővel. A marosvécsi várban önszorgalomból leánynevelő intézetet tartott fenn, házias tevékenységre és lelki-vallásos életre nevelte a lányokat. – Irod.: Keresztes 1995; [&hellip;]</p>
