{"id":24793,"date":"2025-08-01T18:20:56","date_gmt":"2025-08-01T16:20:56","guid":{"rendered":"https:\/\/uj.adatbank.ro\/lexikon\/termek\/watterolieth-karoly\/"},"modified":"2025-08-01T18:20:56","modified_gmt":"2025-08-01T16:20:56","slug":"watterolieth-karoly","status":"publish","type":"product","link":"https:\/\/uj.adatbank.ro\/lexikon\/termek\/watterolieth-karoly\/","title":{"rendered":"WATTEROLIETH K\u00e1roly"},"content":{"rendered":"<p>? \u2020\u00a0?: mv.-i fest\u0151. \u2013 Elk\u00e9sz\u00edtette Dersi J\u00e1nos olajk\u00e9p\u00e9t eml\u00e9kezetb\u0151l (1894). <br \/><strong>\u2013 Irod.:<\/strong> S\u00e1ndor.<\/br><\/p>\n","protected":false},"excerpt":{"rendered":"<p>? \u2020\u00a0?: mv.-i fest\u0151. \u2013 Elk\u00e9sz\u00edtette Dersi J\u00e1nos olajk\u00e9p\u00e9t eml\u00e9kezetb\u0151l (1894). \u2013 Irod.: S\u00e1ndor.<\/p>\n","protected":false},"featured_media":0,"comment_status":"open","ping_status":"closed","template":"","meta":[],"product_brand":[],"product_cat":[137],"product_tag":[],"class_list":{"0":"post-24793","1":"product","2":"type-product","3":"status-publish","5":"product_cat-maros-megyei-eletrajzi-lexikon","7":"first","8":"instock","9":"shipping-taxable","10":"product-type-simple"},"_links":{"self":[{"href":"https:\/\/uj.adatbank.ro\/lexikon\/wp-json\/wp\/v2\/product\/24793","targetHints":{"allow":["GET"]}}],"collection":[{"href":"https:\/\/uj.adatbank.ro\/lexikon\/wp-json\/wp\/v2\/product"}],"about":[{"href":"https:\/\/uj.adatbank.ro\/lexikon\/wp-json\/wp\/v2\/types\/product"}],"replies":[{"embeddable":true,"href":"https:\/\/uj.adatbank.ro\/lexikon\/wp-json\/wp\/v2\/comments?post=24793"}],"wp:attachment":[{"href":"https:\/\/uj.adatbank.ro\/lexikon\/wp-json\/wp\/v2\/media?parent=24793"}],"wp:term":[{"taxonomy":"product_brand","embeddable":true,"href":"https:\/\/uj.adatbank.ro\/lexikon\/wp-json\/wp\/v2\/product_brand?post=24793"},{"taxonomy":"product_cat","embeddable":true,"href":"https:\/\/uj.adatbank.ro\/lexikon\/wp-json\/wp\/v2\/product_cat?post=24793"},{"taxonomy":"product_tag","embeddable":true,"href":"https:\/\/uj.adatbank.ro\/lexikon\/wp-json\/wp\/v2\/product_tag?post=24793"}],"curies":[{"name":"wp","href":"https:\/\/api.w.org\/{rel}","templated":true}]}}