{"id":24815,"date":"2025-08-01T18:21:40","date_gmt":"2025-08-01T16:21:40","guid":{"rendered":"https:\/\/uj.adatbank.ro\/lexikon\/termek\/weinrich-karoly\/"},"modified":"2025-08-01T18:21:40","modified_gmt":"2025-08-01T16:21:40","slug":"weinrich-karoly","status":"publish","type":"product","link":"https:\/\/uj.adatbank.ro\/lexikon\/termek\/weinrich-karoly\/","title":{"rendered":"WEINRICH K\u00e1roly"},"content":{"rendered":"<p>Holdvil\u00e1g, 1866. \u00e1pr. 28., \u2020\u00a0Aranyosmeggyes, 1941. m\u00e1rc. 20.: gy\u00f3gyszer\u00e9sz. \u2013 Gyermekei: K\u00e1roly (\u2020\u00a0Aranyosmeggyes, 1938. febr.), Zs\u00f3fia Als\u00f3j\u00e1ra, 1899. dec. 13. \u2013 S\u00e1rk\u00f6z\u00fajlak, 1963. okt. 10.), gy\u00f3gyszer\u00e9sz. \u2013 Gy\u00f3gyszer\u00e9sz oklevelet szerzett Kv.-on a FJTE- en (1890). Gy\u00f3gyszer\u00e9szk\u00e9nt dolgozott Als\u00f3j\u00e1r\u00e1n, Tordaszentl\u00e1szl\u00f3n. Mv.-en egy\u00fctt Czitrom Vilma gy\u00f3gyszer\u00e9szn\u0151vel az Albina t\u00e9ren \/ H\u0151s\u00f6k tere, Sas elnevez\u00e9s\u0171 gy\u00f3gyszert\u00e1rat m\u0171k\u00f6dtett\u00e9k (1918\u201324). Aranyosmeggyesen m\u0171k\u00f6d\u00f6tt tov\u00e1bb \u00e9lete v\u00e9g\u00e9ig. <br \/><strong>\u2013 Irod.:<\/strong> P\u00e9ter H. M.; P\u00e9ter H. M.2013.<\/br><\/p>\n","protected":false},"excerpt":{"rendered":"<p>Holdvil\u00e1g, 1866. \u00e1pr. 28., \u2020\u00a0Aranyosmeggyes, 1941. m\u00e1rc. 20.: gy\u00f3gyszer\u00e9sz. \u2013 Gyermekei: K\u00e1roly (\u2020\u00a0Aranyosmeggyes, 1938. febr.), Zs\u00f3fia Als\u00f3j\u00e1ra, 1899. dec. 13. \u2013 S\u00e1rk\u00f6z\u00fajlak, 1963. okt. 10.), gy\u00f3gyszer\u00e9sz. \u2013 Gy\u00f3gyszer\u00e9sz oklevelet szerzett Kv.-on a FJTE- en (1890). Gy\u00f3gyszer\u00e9szk\u00e9nt dolgozott Als\u00f3j\u00e1r\u00e1n, Tordaszentl\u00e1szl\u00f3n. Mv.-en egy\u00fctt Czitrom Vilma gy\u00f3gyszer\u00e9szn\u0151vel az Albina t\u00e9ren \/ H\u0151s\u00f6k tere, Sas elnevez\u00e9s\u0171 gy\u00f3gyszert\u00e1rat m\u0171k\u00f6dtett\u00e9k (1918\u201324). [&hellip;]<\/p>\n","protected":false},"featured_media":0,"comment_status":"open","ping_status":"closed","template":"","meta":[],"product_brand":[],"product_cat":[137],"product_tag":[],"class_list":{"0":"post-24815","1":"product","2":"type-product","3":"status-publish","5":"product_cat-maros-megyei-eletrajzi-lexikon","7":"first","8":"instock","9":"shipping-taxable","10":"product-type-simple"},"_links":{"self":[{"href":"https:\/\/uj.adatbank.ro\/lexikon\/wp-json\/wp\/v2\/product\/24815","targetHints":{"allow":["GET"]}}],"collection":[{"href":"https:\/\/uj.adatbank.ro\/lexikon\/wp-json\/wp\/v2\/product"}],"about":[{"href":"https:\/\/uj.adatbank.ro\/lexikon\/wp-json\/wp\/v2\/types\/product"}],"replies":[{"embeddable":true,"href":"https:\/\/uj.adatbank.ro\/lexikon\/wp-json\/wp\/v2\/comments?post=24815"}],"wp:attachment":[{"href":"https:\/\/uj.adatbank.ro\/lexikon\/wp-json\/wp\/v2\/media?parent=24815"}],"wp:term":[{"taxonomy":"product_brand","embeddable":true,"href":"https:\/\/uj.adatbank.ro\/lexikon\/wp-json\/wp\/v2\/product_brand?post=24815"},{"taxonomy":"product_cat","embeddable":true,"href":"https:\/\/uj.adatbank.ro\/lexikon\/wp-json\/wp\/v2\/product_cat?post=24815"},{"taxonomy":"product_tag","embeddable":true,"href":"https:\/\/uj.adatbank.ro\/lexikon\/wp-json\/wp\/v2\/product_tag?post=24815"}],"curies":[{"name":"wp","href":"https:\/\/api.w.org\/{rel}","templated":true}]}}

WEINRICH Károly

<p>Holdvilág, 1866. ápr. 28., † Aranyosmeggyes, 1941. márc. 20.: gyógyszerész. – Gyermekei: Károly († Aranyosmeggyes, 1938. febr.), Zsófia Alsójára, 1899. dec. 13. – Sárközújlak, 1963. okt. 10.), gyógyszerész. – Gyógyszerész oklevelet szerzett Kv.-on a FJTE- en (1890). Gyógyszerészként dolgozott Alsójárán, Tordaszentlászlón. Mv.-en együtt Czitrom Vilma gyógyszerésznővel az Albina téren / Hősök tere, Sas elnevezésű gyógyszertárat működtették (1918–24). Aranyosmeggyesen működött tovább élete végéig. <br /><strong>– Irod.:</strong> Péter H. M.; Péter H. M.2013.</br></p>

<p>Holdvilág, 1866. ápr. 28., † Aranyosmeggyes, 1941. márc. 20.: gyógyszerész. – Gyermekei: Károly († Aranyosmeggyes, 1938. febr.), Zsófia Alsójára, 1899. dec. 13. – Sárközújlak, 1963. okt. 10.), gyógyszerész. – Gyógyszerész oklevelet szerzett Kv.-on a FJTE- en (1890). Gyógyszerészként dolgozott Alsójárán, Tordaszentlászlón. Mv.-en együtt Czitrom Vilma gyógyszerésznővel az Albina téren / Hősök tere, Sas elnevezésű gyógyszertárat működtették (1918–24). [&hellip;]</p>
