{"id":24816,"date":"2025-08-01T18:21:43","date_gmt":"2025-08-01T16:21:43","guid":{"rendered":"https:\/\/uj.adatbank.ro\/lexikon\/termek\/weinrich-samuel-weinrich-samu\/"},"modified":"2025-08-01T18:21:43","modified_gmt":"2025-08-01T16:21:43","slug":"weinrich-samuel-weinrich-samu","status":"publish","type":"product","link":"https:\/\/uj.adatbank.ro\/lexikon\/termek\/weinrich-samuel-weinrich-samu\/","title":{"rendered":"WEINRICH S\u00e1muel; Weinrich Samu"},"content":{"rendered":"<p>? \u2020\u00a0?: f\u00e9nyk\u00e9p\u00e9sz. \u2013 A bajor kir.-i udvar f\u00e9nyk\u00e9p\u00e9sze. M\u0171terme volt Sz\u00e1szr\u00e9genben (1890\u201395) \u00e9s Mv.-en F\u0151t\u00e9r 25. sz. (1878\u20131925), Z\u00e1gr\u00e1bban (1913\u201314). Val\u00f3sz\u00edn\u0171, hogy a felv\u00e9teleket saj\u00e1t maga k\u00e9sz\u00edtette. Fekete-feh\u00e9r \u00e9s z\u00f6ld-feh\u00e9r sorozata is volt. N\u00e9h\u00e1ny fot\u00f3ja szerepelt a bp.-i Millenniumi Ki\u00e1ll. <br \/><strong>\u2013 Irod.:<\/strong> Csepreghy; Csepreghy 2010; Mikl\u00f3si-Sikes; Sz\u00e9kely Napt\u00e1r (h\u00edrdet\u00e9sei; 1888); T\u00f6r\u00f6k G\u00e1sp\u00e1r: Visszapillant\u00e1s a fot\u00f3m\u0171v\u00e9szet v\u00e1s\u00e1rhelyi el\u0151zm\u00e9nyeire (N\u00fa., M\u00fazsa, 1997. j\u00fal. 11., 302. sz.).<\/br><\/p>\n","protected":false},"excerpt":{"rendered":"<p>? \u2020\u00a0?: f\u00e9nyk\u00e9p\u00e9sz. \u2013 A bajor kir.-i udvar f\u00e9nyk\u00e9p\u00e9sze. M\u0171terme volt Sz\u00e1szr\u00e9genben (1890\u201395) \u00e9s Mv.-en F\u0151t\u00e9r 25. sz. (1878\u20131925), Z\u00e1gr\u00e1bban (1913\u201314). Val\u00f3sz\u00edn\u0171, hogy a felv\u00e9teleket saj\u00e1t maga k\u00e9sz\u00edtette. Fekete-feh\u00e9r \u00e9s z\u00f6ld-feh\u00e9r sorozata is volt. N\u00e9h\u00e1ny fot\u00f3ja szerepelt a bp.-i Millenniumi Ki\u00e1ll. \u2013 Irod.: Csepreghy; Csepreghy 2010; Mikl\u00f3si-Sikes; Sz\u00e9kely Napt\u00e1r (h\u00edrdet\u00e9sei; 1888); T\u00f6r\u00f6k G\u00e1sp\u00e1r: Visszapillant\u00e1s a [&hellip;]<\/p>\n","protected":false},"featured_media":0,"comment_status":"open","ping_status":"closed","template":"","meta":[],"product_brand":[],"product_cat":[137],"product_tag":[],"class_list":{"0":"post-24816","1":"product","2":"type-product","3":"status-publish","5":"product_cat-maros-megyei-eletrajzi-lexikon","7":"first","8":"instock","9":"shipping-taxable","10":"product-type-simple"},"_links":{"self":[{"href":"https:\/\/uj.adatbank.ro\/lexikon\/wp-json\/wp\/v2\/product\/24816","targetHints":{"allow":["GET"]}}],"collection":[{"href":"https:\/\/uj.adatbank.ro\/lexikon\/wp-json\/wp\/v2\/product"}],"about":[{"href":"https:\/\/uj.adatbank.ro\/lexikon\/wp-json\/wp\/v2\/types\/product"}],"replies":[{"embeddable":true,"href":"https:\/\/uj.adatbank.ro\/lexikon\/wp-json\/wp\/v2\/comments?post=24816"}],"wp:attachment":[{"href":"https:\/\/uj.adatbank.ro\/lexikon\/wp-json\/wp\/v2\/media?parent=24816"}],"wp:term":[{"taxonomy":"product_brand","embeddable":true,"href":"https:\/\/uj.adatbank.ro\/lexikon\/wp-json\/wp\/v2\/product_brand?post=24816"},{"taxonomy":"product_cat","embeddable":true,"href":"https:\/\/uj.adatbank.ro\/lexikon\/wp-json\/wp\/v2\/product_cat?post=24816"},{"taxonomy":"product_tag","embeddable":true,"href":"https:\/\/uj.adatbank.ro\/lexikon\/wp-json\/wp\/v2\/product_tag?post=24816"}],"curies":[{"name":"wp","href":"https:\/\/api.w.org\/{rel}","templated":true}]}}

WEINRICH Sámuel; Weinrich Samu

<p>? † ?: fényképész. – A bajor kir.-i udvar fényképésze. Műterme volt Szászrégenben (1890–95) és Mv.-en Főtér 25. sz. (1878–1925), Zágrábban (1913–14). Valószínű, hogy a felvételeket saját maga készítette. Fekete-fehér és zöld-fehér sorozata is volt. Néhány fotója szerepelt a bp.-i Millenniumi Kiáll. <br /><strong>– Irod.:</strong> Csepreghy; Csepreghy 2010; Miklósi-Sikes; Székely Naptár (hírdetései; 1888); Török Gáspár: Visszapillantás a fotóművészet vásárhelyi előzményeire (Nú., Múzsa, 1997. júl. 11., 302. sz.).</br></p>

<p>? † ?: fényképész. – A bajor kir.-i udvar fényképésze. Műterme volt Szászrégenben (1890–95) és Mv.-en Főtér 25. sz. (1878–1925), Zágrábban (1913–14). Valószínű, hogy a felvételeket saját maga készítette. Fekete-fehér és zöld-fehér sorozata is volt. Néhány fotója szerepelt a bp.-i Millenniumi Kiáll. – Irod.: Csepreghy; Csepreghy 2010; Miklósi-Sikes; Székely Naptár (hírdetései; 1888); Török Gáspár: Visszapillantás a [&hellip;]</p>
