{"id":24821,"date":"2025-08-01T18:21:58","date_gmt":"2025-08-01T16:21:58","guid":{"rendered":"https:\/\/uj.adatbank.ro\/lexikon\/termek\/weintraub-hugo-%c2%a7\/"},"modified":"2025-08-01T18:21:58","modified_gmt":"2025-08-01T16:21:58","slug":"weintraub-hugo-%c2%a7","status":"publish","type":"product","link":"https:\/\/uj.adatbank.ro\/lexikon\/termek\/weintraub-hugo-%c2%a7\/","title":{"rendered":"WEINTRAUB\u00a0Hug\u00f3, \u00a7"},"content":{"rendered":"<p>?, \u2020\u00a0?: f\u00e9nyk\u00e9p\u00e9sz. \u2013 Az I. vh.-ban (1916. okt. \u20131918. nov.) az 50. gy.e., majd a 22. eg.-\u00fcgyi csapattal a szerb, montenegr\u00f3i, alb\u00e1n, orosz \u00e9s rom\u00e1n harct\u00e9ren teljes\u00edtett szolg\u00e1latot mint tizedes. Kit\u00fcntet\u00e9sei: v\u00f6r\u00f6s keresztbronz\u00e9rem hadi\u00e9k\u00edtm\u00e9nyekkel, K\u00e1roly-csapatkereszt cs. k. ig. a. F\u00e9nyk\u00e9p\u00e9szeti m\u0171helye volt Mv.-en a F\u0151t\u00e9r 11. sz. alatt (1920\u201327), majd Weintraub \u00e9s Foszt\u00f3 Juliska n\u00e9ven m\u0171k\u00f6d\u00f6tt a m\u0171hely. <br \/><strong>\u2013 Irod.:<\/strong> M. hadviselt zsid\u00f3k; T\u00f6r\u00f6k G\u00e1sp\u00e1r: Visszapillant\u00e1s a fot\u00f3m\u0171v\u00e9szet v\u00e1s\u00e1rhelyi el\u0151zm\u00e9nyeire (N\u00fa., M\u00fazsa, 1997. j\u00fal. 11., 302. sz.).<\/br><\/p>\n","protected":false},"excerpt":{"rendered":"<p>?, \u2020\u00a0?: f\u00e9nyk\u00e9p\u00e9sz. \u2013 Az I. vh.-ban (1916. okt. \u20131918. nov.) az 50. gy.e., majd a 22. eg.-\u00fcgyi csapattal a szerb, montenegr\u00f3i, alb\u00e1n, orosz \u00e9s rom\u00e1n harct\u00e9ren teljes\u00edtett szolg\u00e1latot mint tizedes. Kit\u00fcntet\u00e9sei: v\u00f6r\u00f6s keresztbronz\u00e9rem hadi\u00e9k\u00edtm\u00e9nyekkel, K\u00e1roly-csapatkereszt cs. k. ig. a. F\u00e9nyk\u00e9p\u00e9szeti m\u0171helye volt Mv.-en a F\u0151t\u00e9r 11. sz. alatt (1920\u201327), majd Weintraub \u00e9s Foszt\u00f3 Juliska [&hellip;]<\/p>\n","protected":false},"featured_media":0,"comment_status":"open","ping_status":"closed","template":"","meta":[],"product_brand":[],"product_cat":[137],"product_tag":[],"class_list":{"0":"post-24821","1":"product","2":"type-product","3":"status-publish","5":"product_cat-maros-megyei-eletrajzi-lexikon","7":"first","8":"instock","9":"shipping-taxable","10":"product-type-simple"},"_links":{"self":[{"href":"https:\/\/uj.adatbank.ro\/lexikon\/wp-json\/wp\/v2\/product\/24821","targetHints":{"allow":["GET"]}}],"collection":[{"href":"https:\/\/uj.adatbank.ro\/lexikon\/wp-json\/wp\/v2\/product"}],"about":[{"href":"https:\/\/uj.adatbank.ro\/lexikon\/wp-json\/wp\/v2\/types\/product"}],"replies":[{"embeddable":true,"href":"https:\/\/uj.adatbank.ro\/lexikon\/wp-json\/wp\/v2\/comments?post=24821"}],"wp:attachment":[{"href":"https:\/\/uj.adatbank.ro\/lexikon\/wp-json\/wp\/v2\/media?parent=24821"}],"wp:term":[{"taxonomy":"product_brand","embeddable":true,"href":"https:\/\/uj.adatbank.ro\/lexikon\/wp-json\/wp\/v2\/product_brand?post=24821"},{"taxonomy":"product_cat","embeddable":true,"href":"https:\/\/uj.adatbank.ro\/lexikon\/wp-json\/wp\/v2\/product_cat?post=24821"},{"taxonomy":"product_tag","embeddable":true,"href":"https:\/\/uj.adatbank.ro\/lexikon\/wp-json\/wp\/v2\/product_tag?post=24821"}],"curies":[{"name":"wp","href":"https:\/\/api.w.org\/{rel}","templated":true}]}}

WEINTRAUB Hugó, §

<p>?, † ?: fényképész. – Az I. vh.-ban (1916. okt. –1918. nov.) az 50. gy.e., majd a 22. eg.-ügyi csapattal a szerb, montenegrói, albán, orosz és román harctéren teljesített szolgálatot mint tizedes. Kitüntetései: vörös keresztbronzérem hadiékítményekkel, Károly-csapatkereszt cs. k. ig. a. Fényképészeti műhelye volt Mv.-en a Főtér 11. sz. alatt (1920–27), majd Weintraub és Fosztó Juliska néven működött a műhely. <br /><strong>– Irod.:</strong> M. hadviselt zsidók; Török Gáspár: Visszapillantás a fotóművészet vásárhelyi előzményeire (Nú., Múzsa, 1997. júl. 11., 302. sz.).</br></p>

<p>?, † ?: fényképész. – Az I. vh.-ban (1916. okt. –1918. nov.) az 50. gy.e., majd a 22. eg.-ügyi csapattal a szerb, montenegrói, albán, orosz és román harctéren teljesített szolgálatot mint tizedes. Kitüntetései: vörös keresztbronzérem hadiékítményekkel, Károly-csapatkereszt cs. k. ig. a. Fényképészeti műhelye volt Mv.-en a Főtér 11. sz. alatt (1920–27), majd Weintraub és Fosztó Juliska [&hellip;]</p>
