{"id":24835,"date":"2025-08-01T18:22:28","date_gmt":"2025-08-01T16:22:28","guid":{"rendered":"https:\/\/uj.adatbank.ro\/lexikon\/termek\/weisz-jeno\/"},"modified":"2025-08-01T18:22:28","modified_gmt":"2025-08-01T16:22:28","slug":"weisz-jeno","status":"publish","type":"product","link":"https:\/\/uj.adatbank.ro\/lexikon\/termek\/weisz-jeno\/","title":{"rendered":"WEISZ Jen\u0151"},"content":{"rendered":"<p>Beszterce, 1893, \u2020\u00a01944 ?: m\u00e9rn\u00f6k. \u2013 Tanulm\u00e1nyait a berlini m\u0171egyetemen v\u00e9gezte, ahol tan\u00e1rseg\u00e9d is volt. Szakmai k\u00f6r\u00f6kben hamar felismert\u00e9k tehets\u00e9g\u00e9t \u00e9s megtisztel\u0151 megb\u00edz\u00e1sokat kapott. F\u0151bb munk\u00e1i: a belgr\u00e1di \u00e9s az Atlantica Trust haj\u00f3gy\u00e1r \u00e9p\u00edt\u00e9se. A dics\u0151szentm\u00e1rtoni Hephaistos Vas- \u00e9s Tengelygy\u00e1r Rt (alap\u00edt\u00e1si \u00e9v 1928) \u00fcgyvezet\u0151 igazgat\u00f3ja volt. Gy\u00e1rtottak mindenf\u00e9le kov\u00e1csolt, valamint l\u00e1gy \u00f6nt\u00e9s\u0171 cikkeket, speci\u00e1lis berendez\u00e9seket mindenf\u00e9le t\u00edpus\u00fa \u00e9s s\u00faly\u00fa j\u00e1rm\u0171tengelyek gy\u00e1rt\u00e1s\u00e1ra. A feles\u00e9g\u00e9t (1897) Mv.-r\u0151l deport\u00e1lt\u00e1k (1944. m\u00e1j. 29.). <br \/><strong>\u2013 Irod.:<\/strong> EBKL; Mv. Zsid\u00f3s\u00e1ga; Mv.-i zsid\u00f3 temet\u0151 dok.<\/br><\/p>\n","protected":false},"excerpt":{"rendered":"<p>Beszterce, 1893, \u2020\u00a01944 ?: m\u00e9rn\u00f6k. \u2013 Tanulm\u00e1nyait a berlini m\u0171egyetemen v\u00e9gezte, ahol tan\u00e1rseg\u00e9d is volt. Szakmai k\u00f6r\u00f6kben hamar felismert\u00e9k tehets\u00e9g\u00e9t \u00e9s megtisztel\u0151 megb\u00edz\u00e1sokat kapott. F\u0151bb munk\u00e1i: a belgr\u00e1di \u00e9s az Atlantica Trust haj\u00f3gy\u00e1r \u00e9p\u00edt\u00e9se. A dics\u0151szentm\u00e1rtoni Hephaistos Vas- \u00e9s Tengelygy\u00e1r Rt (alap\u00edt\u00e1si \u00e9v 1928) \u00fcgyvezet\u0151 igazgat\u00f3ja volt. Gy\u00e1rtottak mindenf\u00e9le kov\u00e1csolt, valamint l\u00e1gy \u00f6nt\u00e9s\u0171 cikkeket, speci\u00e1lis [&hellip;]<\/p>\n","protected":false},"featured_media":0,"comment_status":"open","ping_status":"closed","template":"","meta":[],"product_brand":[],"product_cat":[137],"product_tag":[],"class_list":{"0":"post-24835","1":"product","2":"type-product","3":"status-publish","5":"product_cat-maros-megyei-eletrajzi-lexikon","7":"first","8":"instock","9":"shipping-taxable","10":"product-type-simple"},"_links":{"self":[{"href":"https:\/\/uj.adatbank.ro\/lexikon\/wp-json\/wp\/v2\/product\/24835","targetHints":{"allow":["GET"]}}],"collection":[{"href":"https:\/\/uj.adatbank.ro\/lexikon\/wp-json\/wp\/v2\/product"}],"about":[{"href":"https:\/\/uj.adatbank.ro\/lexikon\/wp-json\/wp\/v2\/types\/product"}],"replies":[{"embeddable":true,"href":"https:\/\/uj.adatbank.ro\/lexikon\/wp-json\/wp\/v2\/comments?post=24835"}],"wp:attachment":[{"href":"https:\/\/uj.adatbank.ro\/lexikon\/wp-json\/wp\/v2\/media?parent=24835"}],"wp:term":[{"taxonomy":"product_brand","embeddable":true,"href":"https:\/\/uj.adatbank.ro\/lexikon\/wp-json\/wp\/v2\/product_brand?post=24835"},{"taxonomy":"product_cat","embeddable":true,"href":"https:\/\/uj.adatbank.ro\/lexikon\/wp-json\/wp\/v2\/product_cat?post=24835"},{"taxonomy":"product_tag","embeddable":true,"href":"https:\/\/uj.adatbank.ro\/lexikon\/wp-json\/wp\/v2\/product_tag?post=24835"}],"curies":[{"name":"wp","href":"https:\/\/api.w.org\/{rel}","templated":true}]}}