{"id":24840,"date":"2025-08-01T18:22:38","date_gmt":"2025-08-01T16:22:38","guid":{"rendered":"https:\/\/uj.adatbank.ro\/lexikon\/termek\/weisz-sandor-%c2%a7\/"},"modified":"2025-08-01T18:22:38","modified_gmt":"2025-08-01T16:22:38","slug":"weisz-sandor-%c2%a7","status":"publish","type":"product","link":"https:\/\/uj.adatbank.ro\/lexikon\/termek\/weisz-sandor-%c2%a7\/","title":{"rendered":"WEISZ S\u00e1ndor, \u00a7"},"content":{"rendered":"<p>1930., \u2020\u00a0Mv., 1993. okt. 4.: \u00fajs\u00e1g\u00edr\u00f3. \u2013 Anyj\u00e1val megj\u00e1rta a n\u00e1ci hal\u00e1lt\u00e1borokat, ahonnan csak egyed\u00fcl t\u00e9rt vissza (1943). Sporttud\u00f3s\u00edt\u00f3 Mv.-en (V.Z., N\u00fa.). Nagy labdar\u00fag\u00f3 kedvel\u0151k\u00e9nt minden h\u00e9tf\u0151n besz\u00e1molt a mv.-i ASA labdar\u00fag\u00f3 m\u00e9rk\u0151z\u00e9seir\u0151l a V. Z.-ban. Sportbesz\u00e1mol\u00f3ival nagy n\u00e9pszer\u0171s\u00e9gre tett szert. K\u00e9s\u0151bb a lap f\u0151szerkeszt\u0151-helyettese lett. <br \/><strong>\u2013 Irod.:<\/strong> [Nekrol\u00f3g] (N\u00fa., 1993. okt. 6.); Mv.-i zsid\u00f3 temet\u0151 dok.; Szucher.<\/br><\/p>\n","protected":false},"excerpt":{"rendered":"<p>1930., \u2020\u00a0Mv., 1993. okt. 4.: \u00fajs\u00e1g\u00edr\u00f3. \u2013 Anyj\u00e1val megj\u00e1rta a n\u00e1ci hal\u00e1lt\u00e1borokat, ahonnan csak egyed\u00fcl t\u00e9rt vissza (1943). Sporttud\u00f3s\u00edt\u00f3 Mv.-en (V.Z., N\u00fa.). Nagy labdar\u00fag\u00f3 kedvel\u0151k\u00e9nt minden h\u00e9tf\u0151n besz\u00e1molt a mv.-i ASA labdar\u00fag\u00f3 m\u00e9rk\u0151z\u00e9seir\u0151l a V. Z.-ban. Sportbesz\u00e1mol\u00f3ival nagy n\u00e9pszer\u0171s\u00e9gre tett szert. K\u00e9s\u0151bb a lap f\u0151szerkeszt\u0151-helyettese lett. \u2013 Irod.: [Nekrol\u00f3g] (N\u00fa., 1993. okt. 6.); Mv.-i zsid\u00f3 [&hellip;]<\/p>\n","protected":false},"featured_media":0,"comment_status":"open","ping_status":"closed","template":"","meta":[],"product_brand":[],"product_cat":[137],"product_tag":[],"class_list":{"0":"post-24840","1":"product","2":"type-product","3":"status-publish","5":"product_cat-maros-megyei-eletrajzi-lexikon","7":"first","8":"instock","9":"shipping-taxable","10":"product-type-simple"},"_links":{"self":[{"href":"https:\/\/uj.adatbank.ro\/lexikon\/wp-json\/wp\/v2\/product\/24840","targetHints":{"allow":["GET"]}}],"collection":[{"href":"https:\/\/uj.adatbank.ro\/lexikon\/wp-json\/wp\/v2\/product"}],"about":[{"href":"https:\/\/uj.adatbank.ro\/lexikon\/wp-json\/wp\/v2\/types\/product"}],"replies":[{"embeddable":true,"href":"https:\/\/uj.adatbank.ro\/lexikon\/wp-json\/wp\/v2\/comments?post=24840"}],"wp:attachment":[{"href":"https:\/\/uj.adatbank.ro\/lexikon\/wp-json\/wp\/v2\/media?parent=24840"}],"wp:term":[{"taxonomy":"product_brand","embeddable":true,"href":"https:\/\/uj.adatbank.ro\/lexikon\/wp-json\/wp\/v2\/product_brand?post=24840"},{"taxonomy":"product_cat","embeddable":true,"href":"https:\/\/uj.adatbank.ro\/lexikon\/wp-json\/wp\/v2\/product_cat?post=24840"},{"taxonomy":"product_tag","embeddable":true,"href":"https:\/\/uj.adatbank.ro\/lexikon\/wp-json\/wp\/v2\/product_tag?post=24840"}],"curies":[{"name":"wp","href":"https:\/\/api.w.org\/{rel}","templated":true}]}}

WEISZ Sándor, §

<p>1930., † Mv., 1993. okt. 4.: újságíró. – Anyjával megjárta a náci haláltáborokat, ahonnan csak egyedül tért vissza (1943). Sporttudósító Mv.-en (V.Z., Nú.). Nagy labdarúgó kedvelőként minden hétfőn beszámolt a mv.-i ASA labdarúgó mérkőzéseiről a V. Z.-ban. Sportbeszámolóival nagy népszerűségre tett szert. Később a lap főszerkesztő-helyettese lett. <br /><strong>– Irod.:</strong> [Nekrológ] (Nú., 1993. okt. 6.); Mv.-i zsidó temető dok.; Szucher.</br></p>

<p>1930., † Mv., 1993. okt. 4.: újságíró. – Anyjával megjárta a náci haláltáborokat, ahonnan csak egyedül tért vissza (1943). Sporttudósító Mv.-en (V.Z., Nú.). Nagy labdarúgó kedvelőként minden hétfőn beszámolt a mv.-i ASA labdarúgó mérkőzéseiről a V. Z.-ban. Sportbeszámolóival nagy népszerűségre tett szert. Később a lap főszerkesztő-helyettese lett. – Irod.: [Nekrológ] (Nú., 1993. okt. 6.); Mv.-i zsidó [&hellip;]</p>
