{"id":24841,"date":"2025-08-01T18:22:39","date_gmt":"2025-08-01T16:22:39","guid":{"rendered":"https:\/\/uj.adatbank.ro\/lexikon\/termek\/weiszkircher-karoly\/"},"modified":"2025-08-01T18:22:39","modified_gmt":"2025-08-01T16:22:39","slug":"weiszkircher-karoly","status":"publish","type":"product","link":"https:\/\/uj.adatbank.ro\/lexikon\/termek\/weiszkircher-karoly\/","title":{"rendered":"WEISZKIRCHER K\u00e1roly"},"content":{"rendered":"<p>Segesv\u00e1r, 1821. dec. 12., \u2020 Bp., 1883. j\u00fal. 6.: lapszerkeszt\u0151. \u2013 Az apja, W. K\u00e1roly v\u00e1rosi tan\u00e1csos volt Segesv\u00e1ron. Sz\u00fcl\u0151v\u00e1ros\u00e1ban az ev. gimn\u00e1ziumban tanult, majd Kv.-on a Tunyogi J\u00f3zsef jogi el\u0151ad\u00e1sait hallgatta (1841\u201342); azut\u00e1n a mv.-i kir. t\u00e1bl\u00e1n\u00e1l gyakornokoskodott; majd Pestre ment, ahol a szabads\u00e1gharc ut\u00e1n a hazai iparegyes\u00fcletn\u00e9l hivataloskodott \u00e9s h\u00edrlap\u00edr\u00e1ssal foglalkozott. A Pester Lloyd-t\u00e1rsulat titk\u00e1ra \u00e9s a Pester Lloyd politikai napilap szerkeszt\u0151je volt (1854\u201368); k\u00e9s\u0151bb az Ungarischer LIoyd mell\u00e9klapjait a Landwirth \u00e9s a Gewerbe-Zeitungot is szerkesztette (1869. jan. 5-t\u0151l). Kil\u00e9pv\u00e9n a Pester Lloyd szerkeszt\u0151s\u00e9g\u00e9b\u0151l (1868?) megalap\u00edtotta az Ungarischer Lloydot, melyet eladott \u00e9s nyugalomba vonult (1879). \u00c9lete utols\u00f3 r\u00e9sz\u00e9ben az \u00e9szakmagyarorsz\u00e1gi k\u0151sz\u00e9nb\u00e1nya \u00e9s iparv\u00e1llalat r\u00e9szv\u00e9nyt\u00e1rsulat f\u0151hivatalnoka volt. Szerkesztette m\u00e9g az eml\u00edtetteken k\u00edv\u00fcl a Pesti Lloyd \u00c9vk\u00f6nyv\u00e9t 1856-ra (Pest, 1857) \u00e9s a Pester Lloyd-Kalendert 1861-re. <br \/><strong>\u2013 Irod.:<\/strong> Szinnyei.<\/br><\/p>\n","protected":false},"excerpt":{"rendered":"<p>Segesv\u00e1r, 1821. dec. 12., \u2020 Bp., 1883. j\u00fal. 6.: lapszerkeszt\u0151. \u2013 Az apja, W. K\u00e1roly v\u00e1rosi tan\u00e1csos volt Segesv\u00e1ron. Sz\u00fcl\u0151v\u00e1ros\u00e1ban az ev. gimn\u00e1ziumban tanult, majd Kv.-on a Tunyogi J\u00f3zsef jogi el\u0151ad\u00e1sait hallgatta (1841\u201342); azut\u00e1n a mv.-i kir. t\u00e1bl\u00e1n\u00e1l gyakornokoskodott; majd Pestre ment, ahol a szabads\u00e1gharc ut\u00e1n a hazai iparegyes\u00fcletn\u00e9l hivataloskodott \u00e9s h\u00edrlap\u00edr\u00e1ssal foglalkozott. A Pester [&hellip;]<\/p>\n","protected":false},"featured_media":0,"comment_status":"open","ping_status":"closed","template":"","meta":[],"product_brand":[],"product_cat":[137],"product_tag":[],"class_list":{"0":"post-24841","1":"product","2":"type-product","3":"status-publish","5":"product_cat-maros-megyei-eletrajzi-lexikon","7":"first","8":"instock","9":"shipping-taxable","10":"product-type-simple"},"_links":{"self":[{"href":"https:\/\/uj.adatbank.ro\/lexikon\/wp-json\/wp\/v2\/product\/24841","targetHints":{"allow":["GET"]}}],"collection":[{"href":"https:\/\/uj.adatbank.ro\/lexikon\/wp-json\/wp\/v2\/product"}],"about":[{"href":"https:\/\/uj.adatbank.ro\/lexikon\/wp-json\/wp\/v2\/types\/product"}],"replies":[{"embeddable":true,"href":"https:\/\/uj.adatbank.ro\/lexikon\/wp-json\/wp\/v2\/comments?post=24841"}],"wp:attachment":[{"href":"https:\/\/uj.adatbank.ro\/lexikon\/wp-json\/wp\/v2\/media?parent=24841"}],"wp:term":[{"taxonomy":"product_brand","embeddable":true,"href":"https:\/\/uj.adatbank.ro\/lexikon\/wp-json\/wp\/v2\/product_brand?post=24841"},{"taxonomy":"product_cat","embeddable":true,"href":"https:\/\/uj.adatbank.ro\/lexikon\/wp-json\/wp\/v2\/product_cat?post=24841"},{"taxonomy":"product_tag","embeddable":true,"href":"https:\/\/uj.adatbank.ro\/lexikon\/wp-json\/wp\/v2\/product_tag?post=24841"}],"curies":[{"name":"wp","href":"https:\/\/api.w.org\/{rel}","templated":true}]}}

WEISZKIRCHER Károly

<p>Segesvár, 1821. dec. 12., † Bp., 1883. júl. 6.: lapszerkesztő. – Az apja, W. Károly városi tanácsos volt Segesváron. Szülővárosában az ev. gimnáziumban tanult, majd Kv.-on a Tunyogi József jogi előadásait hallgatta (1841–42); azután a mv.-i kir. táblánál gyakornokoskodott; majd Pestre ment, ahol a szabadságharc után a hazai iparegyesületnél hivataloskodott és hírlapírással foglalkozott. A Pester Lloyd-társulat titkára és a Pester Lloyd politikai napilap szerkesztője volt (1854–68); később az Ungarischer LIoyd melléklapjait a Landwirth és a Gewerbe-Zeitungot is szerkesztette (1869. jan. 5-től). Kilépvén a Pester Lloyd szerkesztőségéből (1868?) megalapította az Ungarischer Lloydot, melyet eladott és nyugalomba vonult (1879). Élete utolsó részében az északmagyarországi kőszénbánya és iparvállalat részvénytársulat főhivatalnoka volt. Szerkesztette még az említetteken kívül a Pesti Lloyd Évkönyvét 1856-ra (Pest, 1857) és a Pester Lloyd-Kalendert 1861-re. <br /><strong>– Irod.:</strong> Szinnyei.</br></p>

<p>Segesvár, 1821. dec. 12., † Bp., 1883. júl. 6.: lapszerkesztő. – Az apja, W. Károly városi tanácsos volt Segesváron. Szülővárosában az ev. gimnáziumban tanult, majd Kv.-on a Tunyogi József jogi előadásait hallgatta (1841–42); azután a mv.-i kir. táblánál gyakornokoskodott; majd Pestre ment, ahol a szabadságharc után a hazai iparegyesületnél hivataloskodott és hírlapírással foglalkozott. A Pester [&hellip;]</p>
