{"id":24842,"date":"2025-08-01T18:22:44","date_gmt":"2025-08-01T16:22:44","guid":{"rendered":"https:\/\/uj.adatbank.ro\/lexikon\/termek\/weixelbraun-josef-weixlbraun-joseph-weilxbraun-joseph\/"},"modified":"2025-08-01T18:22:44","modified_gmt":"2025-08-01T16:22:44","slug":"weixelbraun-josef-weixlbraun-joseph-weilxbraun-joseph","status":"publish","type":"product","link":"https:\/\/uj.adatbank.ro\/lexikon\/termek\/weixelbraun-josef-weixlbraun-joseph-weilxbraun-joseph\/","title":{"rendered":"WEIXELBRAUN Josef, Weixlbraun, Joseph, Weilxbraun, Joseph"},"content":{"rendered":"<p>Fels\u0151-Ausztria, Krems vid\u00e9ke, 1804., \u2020 Kv., 1853. \u00e1pr. 1.: \u00e9p\u00edt\u0151mester. \u2013 Kv.-on telepedett le (1822). A tiszta klasszicizmust k\u00e9pvisel\u0151 mintarajzai k\u00f6z\u00fcl sokat a kv.-i rajzisk.-nak adom\u00e1nyozott. T\u00f6bb megy\u00e9nkbeli \u00e9p\u00fclet tervez\u0151je \u00e9s \u00e9p\u00edt\u0151je volt: Koronk\u00e1n elk\u00e9sz\u00edtette a Toldalagi Ferenc \u00fajklasszicista st\u00edlus\u00fa kast\u00e9ly terveit \u00e9s vezette az \u00e9p\u00edtkez\u00e9st (1829), Makfalv\u00e1n isk.-t tervezett \u00e9s \u00e9p\u00edtett (1836), a s\u00e1romberki Teleki kast\u00e9lyt is \u0151 tervezte \u00e9s \u00e9p\u00edtette, az uzdiszentp\u00e9teri Teleki udvarh\u00e1zat tatarozta \u00e9s jav\u00edtotta (1843), Mez\u0151s\u00e1msondon ref. templomot \u00e9p\u00edtett (1847), Erkeden a templom terveit k\u00e9sz\u00edtette el (19. sz. elej\u00e9n \u00e9p\u00fclt). Kv.-on is sok arisztokrat\u00e1nak dolgozott. Az ikt\u00e1ri Bethlen-lev\u00e9lt\u00e1rban t\u00f6bb tervrajza maradt fenn. <br \/><strong>\u2013 Irod.:<\/strong> B. Nagy Margit, 1977; Maros megye.<\/br><\/p>\n","protected":false},"excerpt":{"rendered":"<p>Fels\u0151-Ausztria, Krems vid\u00e9ke, 1804., \u2020 Kv., 1853. \u00e1pr. 1.: \u00e9p\u00edt\u0151mester. \u2013 Kv.-on telepedett le (1822). A tiszta klasszicizmust k\u00e9pvisel\u0151 mintarajzai k\u00f6z\u00fcl sokat a kv.-i rajzisk.-nak adom\u00e1nyozott. T\u00f6bb megy\u00e9nkbeli \u00e9p\u00fclet tervez\u0151je \u00e9s \u00e9p\u00edt\u0151je volt: Koronk\u00e1n elk\u00e9sz\u00edtette a Toldalagi Ferenc \u00fajklasszicista st\u00edlus\u00fa kast\u00e9ly terveit \u00e9s vezette az \u00e9p\u00edtkez\u00e9st (1829), Makfalv\u00e1n isk.-t tervezett \u00e9s \u00e9p\u00edtett (1836), a s\u00e1romberki [&hellip;]<\/p>\n","protected":false},"featured_media":0,"comment_status":"open","ping_status":"closed","template":"","meta":[],"product_brand":[],"product_cat":[137],"product_tag":[],"class_list":{"0":"post-24842","1":"product","2":"type-product","3":"status-publish","5":"product_cat-maros-megyei-eletrajzi-lexikon","7":"first","8":"instock","9":"shipping-taxable","10":"product-type-simple"},"_links":{"self":[{"href":"https:\/\/uj.adatbank.ro\/lexikon\/wp-json\/wp\/v2\/product\/24842","targetHints":{"allow":["GET"]}}],"collection":[{"href":"https:\/\/uj.adatbank.ro\/lexikon\/wp-json\/wp\/v2\/product"}],"about":[{"href":"https:\/\/uj.adatbank.ro\/lexikon\/wp-json\/wp\/v2\/types\/product"}],"replies":[{"embeddable":true,"href":"https:\/\/uj.adatbank.ro\/lexikon\/wp-json\/wp\/v2\/comments?post=24842"}],"wp:attachment":[{"href":"https:\/\/uj.adatbank.ro\/lexikon\/wp-json\/wp\/v2\/media?parent=24842"}],"wp:term":[{"taxonomy":"product_brand","embeddable":true,"href":"https:\/\/uj.adatbank.ro\/lexikon\/wp-json\/wp\/v2\/product_brand?post=24842"},{"taxonomy":"product_cat","embeddable":true,"href":"https:\/\/uj.adatbank.ro\/lexikon\/wp-json\/wp\/v2\/product_cat?post=24842"},{"taxonomy":"product_tag","embeddable":true,"href":"https:\/\/uj.adatbank.ro\/lexikon\/wp-json\/wp\/v2\/product_tag?post=24842"}],"curies":[{"name":"wp","href":"https:\/\/api.w.org\/{rel}","templated":true}]}}

<p>Felső-Ausztria, Krems vidéke, 1804., † Kv., 1853. ápr. 1.: építőmester. – Kv.-on telepedett le (1822). A tiszta klasszicizmust képviselő mintarajzai közül sokat a kv.-i rajzisk.-nak adományozott. Több megyénkbeli épület tervezője és építője volt: Koronkán elkészítette a Toldalagi Ferenc újklasszicista stílusú kastély terveit és vezette az építkezést (1829), Makfalván isk.-t tervezett és épített (1836), a sáromberki Teleki kastélyt is ő tervezte és építette, az uzdiszentpéteri Teleki udvarházat tatarozta és javította (1843), Mezősámsondon ref. templomot épített (1847), Erkeden a templom terveit készítette el (19. sz. elején épült). Kv.-on is sok arisztokratának dolgozott. Az iktári Bethlen-levéltárban több tervrajza maradt fenn. <br /><strong>– Irod.:</strong> B. Nagy Margit, 1977; Maros megye.</br></p>

<p>Felső-Ausztria, Krems vidéke, 1804., † Kv., 1853. ápr. 1.: építőmester. – Kv.-on telepedett le (1822). A tiszta klasszicizmust képviselő mintarajzai közül sokat a kv.-i rajzisk.-nak adományozott. Több megyénkbeli épület tervezője és építője volt: Koronkán elkészítette a Toldalagi Ferenc újklasszicista stílusú kastély terveit és vezette az építkezést (1829), Makfalván isk.-t tervezett és épített (1836), a sáromberki [&hellip;]</p>
