{"id":24851,"date":"2025-08-01T18:23:06","date_gmt":"2025-08-01T16:23:06","guid":{"rendered":"https:\/\/uj.adatbank.ro\/lexikon\/termek\/wenger-felix\/"},"modified":"2025-08-01T18:23:06","modified_gmt":"2025-08-01T16:23:06","slug":"wenger-felix","status":"publish","type":"product","link":"https:\/\/uj.adatbank.ro\/lexikon\/termek\/wenger-felix\/","title":{"rendered":"WENGER F\u00e9lix"},"content":{"rendered":"<p>Marseilles, 1846. aug. 16., \u2020\u00a0Mv., 1926. febr. 9.: diploma n\u00e9lk\u00fcli tan\u00e1r. \u2013 Sz\u00fclei m\u00e9g gyermekkor\u00e1ban Sv\u00e1jcba k\u00f6lt\u00f6ztek, ott Yverdonban egy Pestalozzi iskol\u00e1ban tanult, s az iskola igazgat\u00f3j\u00e1nak aj\u00e1nl\u00f3level\u00e9vel j\u00f6tt Erd\u00e9lybe (1862). El\u0151bb B\u00e1nffy D\u00e1niel fiait (Dezs\u0151 a k\u00e9s\u0151bbi minisztereln\u00f6k, Ern\u0151 az EGE k\u00e9s\u0151bbi eln\u00f6ke, Jen\u0151) tan\u00edtotta Kv.-on \u00f6t \u00e9vig. Tan\u00edtv\u00e1nyai bar\u00e1tjukk\u00e1 fogadt\u00e1k. Megtanult magyarul. Ott szerette meg az elnyom\u00e1s alatt szenved\u0151 magyars\u00e1got \u00e9s ut\u00e1lta meg a Habsburgokat. Innen Tinkovai Matsk\u00e1ssy Ferenc gyermekei mell\u00e9 kapott megh\u00edv\u00e1st G\u00f6rg\u00e9nyszentimr\u00e9re. Amikor a fi\u00fak a mv.-i ref. koll.-ba ker\u00fcltek (1870\u2013), \u0151 is bek\u00f6lt\u00f6z\u00f6tt Mv.-re (1919). Itt ismerkedett meg \u00e9s k\u00f6t\u00f6tt bar\u00e1ts\u00e1got Gergely S\u00e1muellel a kv.-i m. egyetem k\u00e9s\u0151bbi tan\u00e1r\u00e1val \u00e9s a medgyesi Orendi Lujz\u00e1val, akit feles\u00e9g\u00fcl vett (1871) \u00e9s v\u00e9gleg letelepedett a v\u00e1rosban (1872). Boldog h\u00e1zass\u00e1gban \u00e9lt feles\u00e9ge hal\u00e1l\u00e1ig (1912). 4 gyermek\u00fck volt, k\u00e9t els\u0151 fia kor\u00e1n meghalt, egyik l\u00e1ny\u00e1t is elvesztette \u00f6regkor\u00e1ban. Tan\u00edtott a ref. koll.-ban \u00f6nk\u00e9nt v\u00e1llalkoz\u00f3knak n\u00e9met \u00e9s francia nyelvet 49 \u00e9vig, a k\u00f6zs\u00e9gi polg\u00e1ri fi\u00faiskol\u00e1ban francia nyelvet 39 \u00e9vig, a ref. le\u00e1nyiskol\u00e1ban 29 \u00e9vig, a r\u00f3m. kat. gimn\u00e1ziumban \u00e9s az egyik le\u00e1nyiskol\u00e1ban n\u00e9h\u00e1ny \u00e9vet. Emellett sok mag\u00e1ntan\u00edtv\u00e1nya volt. 63 \u00e9v alatt \u00f6sszesen 3580 tan\u00edtv\u00e1ny neve szerepelt f\u00fczet\u00e9ben, \u00e9letrajzi adatokkal. \u00c9let\u00e9t a munka, tan\u00edt\u00e1s \u00e9s a szakadatlan \u00f6nk\u00e9pz\u00e9s jellemezte. Keveset j\u00e1rt ki a v\u00e1rosb\u00f3l, ink\u00e1bb csak a ny\u00e1ri sz\u00fcnid\u0151kben tett egy-egy utaz\u00e1st. Pl. Torock\u00f3ra ment (1876) hogy az ott tart\u00f3zkod\u00f3 J\u00f3kaival tal\u00e1lkozhasson. Sz\u00fcl\u0151f\u00f6ldj\u00e9t csak egyszer l\u00e1togatta meg B\u00e1nffy Jen\u0151 j\u00f3volt\u00e1b\u00f3l. Sv\u00e1jcinak tartotta mag\u00e1t, de alkalmazkodott \u00faj haz\u00e1j\u00e1hoz, megszerette a magyars\u00e1got, r\u00e9szt vett annak t\u00e1rsadalmi \u00e9let\u00e9ben. Magyar lett francia m\u0171velts\u00e9ggel. \u00c9lete v\u00e9g\u00e9ig s\u00e9relmezte, hogy Csath\u00f3 K\u00e1lm\u00e1n: Most k\u00e9l a nap c. V\u00e1s\u00e1rhelyi t\u00e1rgy\u00fa reg\u00e9ny\u00e9ben babon\u00e1snak \u00edrta le. A Mv.-i Kaszin\u00f3 tagja. <br \/><strong>\u2013 Irod.:<\/strong> Bi\u00e1s Istv\u00e1n; Id\u0151t\u00e1r 3, Kelemen Lajos 2009; Mv. t\u00f6rt. 2.; Nemes; Par\u00e1di; Sebesty\u00e9n; Sipos.<\/br><\/p>\n","protected":false},"excerpt":{"rendered":"<p>Marseilles, 1846. aug. 16., \u2020\u00a0Mv., 1926. febr. 9.: diploma n\u00e9lk\u00fcli tan\u00e1r. \u2013 Sz\u00fclei m\u00e9g gyermekkor\u00e1ban Sv\u00e1jcba k\u00f6lt\u00f6ztek, ott Yverdonban egy Pestalozzi iskol\u00e1ban tanult, s az iskola igazgat\u00f3j\u00e1nak aj\u00e1nl\u00f3level\u00e9vel j\u00f6tt Erd\u00e9lybe (1862). El\u0151bb B\u00e1nffy D\u00e1niel fiait (Dezs\u0151 a k\u00e9s\u0151bbi minisztereln\u00f6k, Ern\u0151 az EGE k\u00e9s\u0151bbi eln\u00f6ke, Jen\u0151) tan\u00edtotta Kv.-on \u00f6t \u00e9vig. Tan\u00edtv\u00e1nyai bar\u00e1tjukk\u00e1 fogadt\u00e1k. Megtanult magyarul. Ott [&hellip;]<\/p>\n","protected":false},"featured_media":0,"comment_status":"open","ping_status":"closed","template":"","meta":[],"product_brand":[],"product_cat":[137],"product_tag":[],"class_list":{"0":"post-24851","1":"product","2":"type-product","3":"status-publish","5":"product_cat-maros-megyei-eletrajzi-lexikon","7":"first","8":"instock","9":"shipping-taxable","10":"product-type-simple"},"_links":{"self":[{"href":"https:\/\/uj.adatbank.ro\/lexikon\/wp-json\/wp\/v2\/product\/24851","targetHints":{"allow":["GET"]}}],"collection":[{"href":"https:\/\/uj.adatbank.ro\/lexikon\/wp-json\/wp\/v2\/product"}],"about":[{"href":"https:\/\/uj.adatbank.ro\/lexikon\/wp-json\/wp\/v2\/types\/product"}],"replies":[{"embeddable":true,"href":"https:\/\/uj.adatbank.ro\/lexikon\/wp-json\/wp\/v2\/comments?post=24851"}],"wp:attachment":[{"href":"https:\/\/uj.adatbank.ro\/lexikon\/wp-json\/wp\/v2\/media?parent=24851"}],"wp:term":[{"taxonomy":"product_brand","embeddable":true,"href":"https:\/\/uj.adatbank.ro\/lexikon\/wp-json\/wp\/v2\/product_brand?post=24851"},{"taxonomy":"product_cat","embeddable":true,"href":"https:\/\/uj.adatbank.ro\/lexikon\/wp-json\/wp\/v2\/product_cat?post=24851"},{"taxonomy":"product_tag","embeddable":true,"href":"https:\/\/uj.adatbank.ro\/lexikon\/wp-json\/wp\/v2\/product_tag?post=24851"}],"curies":[{"name":"wp","href":"https:\/\/api.w.org\/{rel}","templated":true}]}}

WENGER Félix

<p>Marseilles, 1846. aug. 16., † Mv., 1926. febr. 9.: diploma nélküli tanár. – Szülei még gyermekkorában Svájcba költöztek, ott Yverdonban egy Pestalozzi iskolában tanult, s az iskola igazgatójának ajánlólevelével jött Erdélybe (1862). Előbb Bánffy Dániel fiait (Dezső a későbbi miniszterelnök, Ernő az EGE későbbi elnöke, Jenő) tanította Kv.-on öt évig. Tanítványai barátjukká fogadták. Megtanult magyarul. Ott szerette meg az elnyomás alatt szenvedő magyarságot és utálta meg a Habsburgokat. Innen Tinkovai Matskássy Ferenc gyermekei mellé kapott meghívást Görgényszentimrére. Amikor a fiúk a mv.-i ref. koll.-ba kerültek (1870–), ő is beköltözött Mv.-re (1919). Itt ismerkedett meg és kötött barátságot Gergely Sámuellel a kv.-i m. egyetem későbbi tanárával és a medgyesi Orendi Lujzával, akit feleségül vett (1871) és végleg letelepedett a városban (1872). Boldog házasságban élt felesége haláláig (1912). 4 gyermekük volt, két első fia korán meghalt, egyik lányát is elvesztette öregkorában. Tanított a ref. koll.-ban önként vállalkozóknak német és francia nyelvet 49 évig, a községi polgári fiúiskolában francia nyelvet 39 évig, a ref. leányiskolában 29 évig, a róm. kat. gimnáziumban és az egyik leányiskolában néhány évet. Emellett sok magántanítványa volt. 63 év alatt összesen 3580 tanítvány neve szerepelt füzetében, életrajzi adatokkal. Életét a munka, tanítás és a szakadatlan önképzés jellemezte. Keveset járt ki a városból, inkább csak a nyári szünidőkben tett egy-egy utazást. Pl. Torockóra ment (1876) hogy az ott tartózkodó Jókaival találkozhasson. Szülőföldjét csak egyszer látogatta meg Bánffy Jenő jóvoltából. Svájcinak tartotta magát, de alkalmazkodott új hazájához, megszerette a magyarságot, részt vett annak társadalmi életében. Magyar lett francia műveltséggel. Élete végéig sérelmezte, hogy Csathó Kálmán: Most kél a nap c. Vásárhelyi tárgyú regényében babonásnak írta le. A Mv.-i Kaszinó tagja. <br /><strong>– Irod.:</strong> Biás István; Időtár 3, Kelemen Lajos 2009; Mv. tört. 2.; Nemes; Parádi; Sebestyén; Sipos.</br></p>

<p>Marseilles, 1846. aug. 16., † Mv., 1926. febr. 9.: diploma nélküli tanár. – Szülei még gyermekkorában Svájcba költöztek, ott Yverdonban egy Pestalozzi iskolában tanult, s az iskola igazgatójának ajánlólevelével jött Erdélybe (1862). Előbb Bánffy Dániel fiait (Dezső a későbbi miniszterelnök, Ernő az EGE későbbi elnöke, Jenő) tanította Kv.-on öt évig. Tanítványai barátjukká fogadták. Megtanult magyarul. Ott [&hellip;]</p>
