{"id":24853,"date":"2025-08-01T18:23:11","date_gmt":"2025-08-01T16:23:11","guid":{"rendered":"https:\/\/uj.adatbank.ro\/lexikon\/termek\/wenrich-johann-georg\/"},"modified":"2025-08-01T18:23:11","modified_gmt":"2025-08-01T16:23:11","slug":"wenrich-johann-georg","status":"publish","type":"product","link":"https:\/\/uj.adatbank.ro\/lexikon\/termek\/wenrich-johann-georg\/","title":{"rendered":"WENRICH, Johann Georg"},"content":{"rendered":"<p>Segesv\u00e1r, 1787. okt. 13., \u2020 B\u00e9cs, 1847. m\u00e1j. 15.: teol\u00f3gus, orientalista. \u2013 Tanult B\u00e9csben (1809). Tan\u00e1r volt Nagyszebenben. Kor\u00e1nak egyik vez\u00e9rorientalist\u00e1ja volt, gondozott egy \u00faj h\u00e9ber nyelv\u0171 bibliakiad\u00e1st a londoni bibliat\u00e1rsas\u00e1g kiad\u00e1s\u00e1ban. Tagja volt az \u00fajonnan megalakult b\u00e9csi Tudom\u00e1nyos Akad\u00e9mi\u00e1nak. \u2013  <strong>F. m..:<\/strong> De auctorum Graecorum versionibus et commentariis Syriacis, Arabicis, Armeniacis, Persiacisque commentatio (Leipzig, 1842); Rerum ab Arabicis in Italia insulisque adiacentibus Sicilia maxime, Sardinia atque Corsica gestarum commentarii(Leipzig, 1845); De poeseos Habraicae atque Arabicae origine, indole mutuoque consensu atque discrimine commentatio (Leipzig, 1847). <br \/><strong>\u2013 Irod.:<\/strong> LSS; Szab\u00f3\u2013Sz\u00f6gi.<\/br><\/p>\n","protected":false},"excerpt":{"rendered":"<p>Segesv\u00e1r, 1787. okt. 13., \u2020 B\u00e9cs, 1847. m\u00e1j. 15.: teol\u00f3gus, orientalista. \u2013 Tanult B\u00e9csben (1809). Tan\u00e1r volt Nagyszebenben. Kor\u00e1nak egyik vez\u00e9rorientalist\u00e1ja volt, gondozott egy \u00faj h\u00e9ber nyelv\u0171 bibliakiad\u00e1st a londoni bibliat\u00e1rsas\u00e1g kiad\u00e1s\u00e1ban. Tagja volt az \u00fajonnan megalakult b\u00e9csi Tudom\u00e1nyos Akad\u00e9mi\u00e1nak. \u2013 F. m..: De auctorum Graecorum versionibus et commentariis Syriacis, Arabicis, Armeniacis, Persiacisque commentatio (Leipzig, [&hellip;]<\/p>\n","protected":false},"featured_media":0,"comment_status":"open","ping_status":"closed","template":"","meta":[],"product_brand":[],"product_cat":[137],"product_tag":[],"class_list":{"0":"post-24853","1":"product","2":"type-product","3":"status-publish","5":"product_cat-maros-megyei-eletrajzi-lexikon","7":"first","8":"instock","9":"shipping-taxable","10":"product-type-simple"},"_links":{"self":[{"href":"https:\/\/uj.adatbank.ro\/lexikon\/wp-json\/wp\/v2\/product\/24853","targetHints":{"allow":["GET"]}}],"collection":[{"href":"https:\/\/uj.adatbank.ro\/lexikon\/wp-json\/wp\/v2\/product"}],"about":[{"href":"https:\/\/uj.adatbank.ro\/lexikon\/wp-json\/wp\/v2\/types\/product"}],"replies":[{"embeddable":true,"href":"https:\/\/uj.adatbank.ro\/lexikon\/wp-json\/wp\/v2\/comments?post=24853"}],"wp:attachment":[{"href":"https:\/\/uj.adatbank.ro\/lexikon\/wp-json\/wp\/v2\/media?parent=24853"}],"wp:term":[{"taxonomy":"product_brand","embeddable":true,"href":"https:\/\/uj.adatbank.ro\/lexikon\/wp-json\/wp\/v2\/product_brand?post=24853"},{"taxonomy":"product_cat","embeddable":true,"href":"https:\/\/uj.adatbank.ro\/lexikon\/wp-json\/wp\/v2\/product_cat?post=24853"},{"taxonomy":"product_tag","embeddable":true,"href":"https:\/\/uj.adatbank.ro\/lexikon\/wp-json\/wp\/v2\/product_tag?post=24853"}],"curies":[{"name":"wp","href":"https:\/\/api.w.org\/{rel}","templated":true}]}}

<p>Segesvár, 1787. okt. 13., † Bécs, 1847. máj. 15.: teológus, orientalista. – Tanult Bécsben (1809). Tanár volt Nagyszebenben. Korának egyik vezérorientalistája volt, gondozott egy új héber nyelvű bibliakiadást a londoni bibliatársaság kiadásában. Tagja volt az újonnan megalakult bécsi Tudományos Akadémiának. –  <strong>F. m..:</strong> De auctorum Graecorum versionibus et commentariis Syriacis, Arabicis, Armeniacis, Persiacisque commentatio (Leipzig, 1842); Rerum ab Arabicis in Italia insulisque adiacentibus Sicilia maxime, Sardinia atque Corsica gestarum commentarii(Leipzig, 1845); De poeseos Habraicae atque Arabicae origine, indole mutuoque consensu atque discrimine commentatio (Leipzig, 1847). <br /><strong>– Irod.:</strong> LSS; Szabó–Szögi.</br></p>

<p>Segesvár, 1787. okt. 13., † Bécs, 1847. máj. 15.: teológus, orientalista. – Tanult Bécsben (1809). Tanár volt Nagyszebenben. Korának egyik vezérorientalistája volt, gondozott egy új héber nyelvű bibliakiadást a londoni bibliatársaság kiadásában. Tagja volt az újonnan megalakult bécsi Tudományos Akadémiának. – F. m..: De auctorum Graecorum versionibus et commentariis Syriacis, Arabicis, Armeniacis, Persiacisque commentatio (Leipzig, [&hellip;]</p>
