{"id":24855,"date":"2025-08-01T18:23:15","date_gmt":"2025-08-01T16:23:15","guid":{"rendered":"https:\/\/uj.adatbank.ro\/lexikon\/termek\/wenrich-vilmos\/"},"modified":"2025-08-01T18:23:15","modified_gmt":"2025-08-01T16:23:15","slug":"wenrich-vilmos","status":"publish","type":"product","link":"https:\/\/uj.adatbank.ro\/lexikon\/termek\/wenrich-vilmos\/","title":{"rendered":"WENRICH Vilmos"},"content":{"rendered":"<p>Segesv\u00e1r, 1822. nov. 14., \u2020 Segesv\u00e1r, 1895. jan. 20.: \u00fcgyv\u00e9d, orsz\u00e1ggy\u0171l\u00e9si k\u00e9pvisel\u0151. \u2013 Miut\u00e1n gimn\u00e1ziumi tanulm\u00e1nyait sz\u00fcl\u0151v\u00e1ros\u00e1ban elv\u00e9gezte (1841); a kv.-i ref. koll\u00e9giumban a hazai t\u00f6rv\u00e9nyek hallgat\u00f3ja volt (\u20131843); ekkor a mv.-i kir. t\u00f6rv\u00e9nysz\u00e9khez ment, s ott mint tiszt. gyakornok m\u0171k\u00f6d\u00f6tt. Letette az \u00fcgyv\u00e9di vizsg\u00e1t (1846. j\u00fan.) \u00e9s Segesv\u00e1r tiszteleti tan\u00e1csjegyz\u0151je lett. A szabads\u00e1gharc kit\u00f6r\u00e9sekor a felh\u00edv\u00e1snak engedve, mint \u00f6nk\u00e9ntes az erd\u00e9lyi sz\u00e1sz vad\u00e1szz\u00e1szl\u00f3aljba l\u00e9pett (1848) \u00e9s Puchner alatt v\u00e9gig k\u00fczd\u00f6tte az 1848\u201349. erd\u00e9lyi hadj\u00e1ratot. A nyugalom helyre\u00e1llv\u00e1n, f\u0151hadnagyi ranggal, t\u00f6bb tisztt\u00e1rs\u00e1val egy\u00fctt az Erd\u00e9lyre n\u00e9zve elrendelt n\u00e9psz\u00e1ml\u00e1l\u00e1st a b\u00e1nffyhunyadi ker\u00fcletben foganatos\u00edtotta. A 23., majd a 12. vad\u00e1szz\u00e1szl\u00f3aljhoz rendelve, Leipnikon \u00e9s Nagyb\u00e1ny\u00e1n \u00e1llom\u00e1sozott. R\u00e9szt vett az olasz hadj\u00e1ratban (1859), m\u00e1sod-, majd els\u0151rang\u00fa sz\u00e1zados lett. Nyugalomba vonul (1870) Segesv\u00e1rra \u00e9s t\u00f6rt\u00e9nelmi tanulm\u00e1nyainak \u00e9lt. A sz\u00e1sz egyetem megb\u00edzta a sz\u00e1sz nemzeti lev\u00e9lt\u00e1r rendez\u00e9s\u00e9vel (1871), k\u00f6zben mint az ifj\u00fa sz\u00e1sz p\u00e1rt tev\u00e9keny tagja m\u0171k\u00f6d\u00f6tt \u00e9s r\u00e9szt vett a S\u00e4chsisches Volksblatt szerkeszt\u00e9s\u00e9be. A M. T\u00f6rt. T\u00e1rsulat segesv\u00e1ri nagygy\u0171l\u00e9s\u00e9n mint el\u0151ad\u00f3 vett r\u00e9szt (1874), az 1879. kir\u00e1ndul\u00e1skor: N\u00e9h\u00e1ny sz\u00f3 k\u00e9t hazai m\u0171v\u00e9szr\u0151l (Kolozsv\u00e1ri M\u00e1rton \u00e9s Gy\u00f6rgy) c\u00edmmel felolvas\u00e1st tartott. A segesv\u00e1ri ker\u00fcletben orsz\u00e1ggy\u0171l\u00e9si k\u00e9pvisel\u0151v\u00e9 v\u00e1lasztott\u00e1k szabadelv\u0171 programmal (1881, 1884), k\u00e9s\u0151bb a sz\u00e1sz n\u00e9pp\u00e1rthoz csatlakozott. \u2013  <strong>F. m..:<\/strong> Schematismus der k. k. Feldj\u00e4gerbataillone. (\u00d6denburg, 1859).; K\u00e9ziratban h\u00e1trahagyott 30 4-r\u00e9t k\u00f6tetben az 1600. \u00e9vig terjed\u0151 oklev\u00e9l m\u00e1solatokat. <br \/><strong>\u2013 Irod.:<\/strong> Szinnyei.<\/br><\/p>\n","protected":false},"excerpt":{"rendered":"<p>Segesv\u00e1r, 1822. nov. 14., \u2020 Segesv\u00e1r, 1895. jan. 20.: \u00fcgyv\u00e9d, orsz\u00e1ggy\u0171l\u00e9si k\u00e9pvisel\u0151. \u2013 Miut\u00e1n gimn\u00e1ziumi tanulm\u00e1nyait sz\u00fcl\u0151v\u00e1ros\u00e1ban elv\u00e9gezte (1841); a kv.-i ref. koll\u00e9giumban a hazai t\u00f6rv\u00e9nyek hallgat\u00f3ja volt (\u20131843); ekkor a mv.-i kir. t\u00f6rv\u00e9nysz\u00e9khez ment, s ott mint tiszt. gyakornok m\u0171k\u00f6d\u00f6tt. Letette az \u00fcgyv\u00e9di vizsg\u00e1t (1846. j\u00fan.) \u00e9s Segesv\u00e1r tiszteleti tan\u00e1csjegyz\u0151je lett. A szabads\u00e1gharc kit\u00f6r\u00e9sekor [&hellip;]<\/p>\n","protected":false},"featured_media":0,"comment_status":"open","ping_status":"closed","template":"","meta":[],"product_brand":[],"product_cat":[137],"product_tag":[],"class_list":{"0":"post-24855","1":"product","2":"type-product","3":"status-publish","5":"product_cat-maros-megyei-eletrajzi-lexikon","7":"first","8":"instock","9":"shipping-taxable","10":"product-type-simple"},"_links":{"self":[{"href":"https:\/\/uj.adatbank.ro\/lexikon\/wp-json\/wp\/v2\/product\/24855","targetHints":{"allow":["GET"]}}],"collection":[{"href":"https:\/\/uj.adatbank.ro\/lexikon\/wp-json\/wp\/v2\/product"}],"about":[{"href":"https:\/\/uj.adatbank.ro\/lexikon\/wp-json\/wp\/v2\/types\/product"}],"replies":[{"embeddable":true,"href":"https:\/\/uj.adatbank.ro\/lexikon\/wp-json\/wp\/v2\/comments?post=24855"}],"wp:attachment":[{"href":"https:\/\/uj.adatbank.ro\/lexikon\/wp-json\/wp\/v2\/media?parent=24855"}],"wp:term":[{"taxonomy":"product_brand","embeddable":true,"href":"https:\/\/uj.adatbank.ro\/lexikon\/wp-json\/wp\/v2\/product_brand?post=24855"},{"taxonomy":"product_cat","embeddable":true,"href":"https:\/\/uj.adatbank.ro\/lexikon\/wp-json\/wp\/v2\/product_cat?post=24855"},{"taxonomy":"product_tag","embeddable":true,"href":"https:\/\/uj.adatbank.ro\/lexikon\/wp-json\/wp\/v2\/product_tag?post=24855"}],"curies":[{"name":"wp","href":"https:\/\/api.w.org\/{rel}","templated":true}]}}

<p>Segesvár, 1822. nov. 14., † Segesvár, 1895. jan. 20.: ügyvéd, országgyűlési képviselő. – Miután gimnáziumi tanulmányait szülővárosában elvégezte (1841); a kv.-i ref. kollégiumban a hazai törvények hallgatója volt (–1843); ekkor a mv.-i kir. törvényszékhez ment, s ott mint tiszt. gyakornok működött. Letette az ügyvédi vizsgát (1846. jún.) és Segesvár tiszteleti tanácsjegyzője lett. A szabadságharc kitörésekor a felhívásnak engedve, mint önkéntes az erdélyi szász vadászzászlóaljba lépett (1848) és Puchner alatt végig küzdötte az 1848–49. erdélyi hadjáratot. A nyugalom helyreállván, főhadnagyi ranggal, több tiszttársával együtt az Erdélyre nézve elrendelt népszámlálást a bánffyhunyadi kerületben foganatosította. A 23., majd a 12. vadászzászlóaljhoz rendelve, Leipnikon és Nagybányán állomásozott. Részt vett az olasz hadjáratban (1859), másod-, majd elsőrangú százados lett. Nyugalomba vonul (1870) Segesvárra és történelmi tanulmányainak élt. A szász egyetem megbízta a szász nemzeti levéltár rendezésével (1871), közben mint az ifjú szász párt tevékeny tagja működött és részt vett a Sächsisches Volksblatt szerkesztésébe. A M. Tört. Társulat segesvári nagygyűlésén mint előadó vett részt (1874), az 1879. kiránduláskor: Néhány szó két hazai művészről (Kolozsvári Márton és György) címmel felolvasást tartott. A segesvári kerületben országgyűlési képviselővé választották szabadelvű programmal (1881, 1884), később a szász néppárthoz csatlakozott. –  <strong>F. m..:</strong> Schematismus der k. k. Feldjägerbataillone. (Ödenburg, 1859).; Kéziratban hátrahagyott 30 4-rét kötetben az 1600. évig terjedő oklevél másolatokat. <br /><strong>– Irod.:</strong> Szinnyei.</br></p>

<p>Segesvár, 1822. nov. 14., † Segesvár, 1895. jan. 20.: ügyvéd, országgyűlési képviselő. – Miután gimnáziumi tanulmányait szülővárosában elvégezte (1841); a kv.-i ref. kollégiumban a hazai törvények hallgatója volt (–1843); ekkor a mv.-i kir. törvényszékhez ment, s ott mint tiszt. gyakornok működött. Letette az ügyvédi vizsgát (1846. jún.) és Segesvár tiszteleti tanácsjegyzője lett. A szabadságharc kitörésekor [&hellip;]</p>
