{"id":24865,"date":"2025-08-01T18:23:38","date_gmt":"2025-08-01T16:23:38","guid":{"rendered":"https:\/\/uj.adatbank.ro\/lexikon\/termek\/wermescher-victor\/"},"modified":"2025-08-01T18:23:38","modified_gmt":"2025-08-01T16:23:38","slug":"wermescher-victor","status":"publish","type":"product","link":"https:\/\/uj.adatbank.ro\/lexikon\/termek\/wermescher-victor\/","title":{"rendered":"WERMESCHER, Victor"},"content":{"rendered":"<p>? \u2020\u00a0?: tan\u00e1r. \u2013 Bp.-en szerzett testnevel\u0151 tan\u00e1ri oklevelet. Folytatta a Julius Unberath \u00e1ltal kezdett sz\u00e1szr\u00e9geni testnevel\u00e9soktat\u00e1s fejleszt\u00e9s\u00e9t (az I. vh. ut\u00e1n). <br \/><strong>\u2013 Irod.:<\/strong> S\u00e4chsisch-Regen.<\/br><\/p>\n","protected":false},"excerpt":{"rendered":"<p>? \u2020\u00a0?: tan\u00e1r. \u2013 Bp.-en szerzett testnevel\u0151 tan\u00e1ri oklevelet. Folytatta a Julius Unberath \u00e1ltal kezdett sz\u00e1szr\u00e9geni testnevel\u00e9soktat\u00e1s fejleszt\u00e9s\u00e9t (az I. vh. ut\u00e1n). \u2013 Irod.: S\u00e4chsisch-Regen.<\/p>\n","protected":false},"featured_media":0,"comment_status":"open","ping_status":"closed","template":"","meta":[],"product_brand":[],"product_cat":[137],"product_tag":[],"class_list":{"0":"post-24865","1":"product","2":"type-product","3":"status-publish","5":"product_cat-maros-megyei-eletrajzi-lexikon","7":"first","8":"instock","9":"shipping-taxable","10":"product-type-simple"},"_links":{"self":[{"href":"https:\/\/uj.adatbank.ro\/lexikon\/wp-json\/wp\/v2\/product\/24865","targetHints":{"allow":["GET"]}}],"collection":[{"href":"https:\/\/uj.adatbank.ro\/lexikon\/wp-json\/wp\/v2\/product"}],"about":[{"href":"https:\/\/uj.adatbank.ro\/lexikon\/wp-json\/wp\/v2\/types\/product"}],"replies":[{"embeddable":true,"href":"https:\/\/uj.adatbank.ro\/lexikon\/wp-json\/wp\/v2\/comments?post=24865"}],"wp:attachment":[{"href":"https:\/\/uj.adatbank.ro\/lexikon\/wp-json\/wp\/v2\/media?parent=24865"}],"wp:term":[{"taxonomy":"product_brand","embeddable":true,"href":"https:\/\/uj.adatbank.ro\/lexikon\/wp-json\/wp\/v2\/product_brand?post=24865"},{"taxonomy":"product_cat","embeddable":true,"href":"https:\/\/uj.adatbank.ro\/lexikon\/wp-json\/wp\/v2\/product_cat?post=24865"},{"taxonomy":"product_tag","embeddable":true,"href":"https:\/\/uj.adatbank.ro\/lexikon\/wp-json\/wp\/v2\/product_tag?post=24865"}],"curies":[{"name":"wp","href":"https:\/\/api.w.org\/{rel}","templated":true}]}}