{"id":24868,"date":"2025-08-01T18:23:44","date_gmt":"2025-08-01T16:23:44","guid":{"rendered":"https:\/\/uj.adatbank.ro\/lexikon\/termek\/werner-janos-%c2%a7\/"},"modified":"2025-08-01T18:23:44","modified_gmt":"2025-08-01T16:23:44","slug":"werner-janos-%c2%a7","status":"publish","type":"product","link":"https:\/\/uj.adatbank.ro\/lexikon\/termek\/werner-janos-%c2%a7\/","title":{"rendered":"WERNER J\u00e1nos, \u00a7"},"content":{"rendered":"<p>1861? \u2020\u00a0Mv., 1925. febr. 4.: szab\u00f3mester, sportol\u00f3. \u2013 Feles\u00e9ge: D\u00e1jbuk\u00e1t R\u00f3za. Gyermekeik: W. Juliska \u2013 Sz\u00e1sz B\u00e9l\u00e1n\u00e9; Katalin \u2013 Pildner Tam\u00e1sn\u00e9; W. M\u00e1rton. A mv.-i f\u00e9rfi \u00e9s n\u0151i Szab\u00f3ipart\u00e1rsulat eln\u00f6ke. Az MSE alap\u00edt\u00f3 tagja (1898). A Ker\u00e9kp\u00e1r Egylet (1888) \u00e9s a Marosv\u00e1s\u00e1rhelyi Ker\u00e9kp\u00e1roz\u00f3k Egyes\u00fclet\u00e9nek (1899) egyik alap\u00edt\u00f3ja. <br \/><strong>\u2013 Irod.:<\/strong> Gy\u00e1szjelent\u0151; Illy\u00e9s; Kl\u00f3sz\u2013Tolok\u00e1n; Nurids\u00e1ny Tibor: 100 \u00e9ve alakult meg a Mv.-i Sport Egylet \u2013 MSE (N\u00fa., 1998. jan. 16.).<\/br><\/p>\n","protected":false},"excerpt":{"rendered":"<p>1861? \u2020\u00a0Mv., 1925. febr. 4.: szab\u00f3mester, sportol\u00f3. \u2013 Feles\u00e9ge: D\u00e1jbuk\u00e1t R\u00f3za. Gyermekeik: W. Juliska \u2013 Sz\u00e1sz B\u00e9l\u00e1n\u00e9; Katalin \u2013 Pildner Tam\u00e1sn\u00e9; W. M\u00e1rton. A mv.-i f\u00e9rfi \u00e9s n\u0151i Szab\u00f3ipart\u00e1rsulat eln\u00f6ke. Az MSE alap\u00edt\u00f3 tagja (1898). A Ker\u00e9kp\u00e1r Egylet (1888) \u00e9s a Marosv\u00e1s\u00e1rhelyi Ker\u00e9kp\u00e1roz\u00f3k Egyes\u00fclet\u00e9nek (1899) egyik alap\u00edt\u00f3ja. \u2013 Irod.: Gy\u00e1szjelent\u0151; Illy\u00e9s; Kl\u00f3sz\u2013Tolok\u00e1n; Nurids\u00e1ny Tibor: 100 [&hellip;]<\/p>\n","protected":false},"featured_media":0,"comment_status":"open","ping_status":"closed","template":"","meta":[],"product_brand":[],"product_cat":[137],"product_tag":[],"class_list":{"0":"post-24868","1":"product","2":"type-product","3":"status-publish","5":"product_cat-maros-megyei-eletrajzi-lexikon","7":"first","8":"instock","9":"shipping-taxable","10":"product-type-simple"},"_links":{"self":[{"href":"https:\/\/uj.adatbank.ro\/lexikon\/wp-json\/wp\/v2\/product\/24868","targetHints":{"allow":["GET"]}}],"collection":[{"href":"https:\/\/uj.adatbank.ro\/lexikon\/wp-json\/wp\/v2\/product"}],"about":[{"href":"https:\/\/uj.adatbank.ro\/lexikon\/wp-json\/wp\/v2\/types\/product"}],"replies":[{"embeddable":true,"href":"https:\/\/uj.adatbank.ro\/lexikon\/wp-json\/wp\/v2\/comments?post=24868"}],"wp:attachment":[{"href":"https:\/\/uj.adatbank.ro\/lexikon\/wp-json\/wp\/v2\/media?parent=24868"}],"wp:term":[{"taxonomy":"product_brand","embeddable":true,"href":"https:\/\/uj.adatbank.ro\/lexikon\/wp-json\/wp\/v2\/product_brand?post=24868"},{"taxonomy":"product_cat","embeddable":true,"href":"https:\/\/uj.adatbank.ro\/lexikon\/wp-json\/wp\/v2\/product_cat?post=24868"},{"taxonomy":"product_tag","embeddable":true,"href":"https:\/\/uj.adatbank.ro\/lexikon\/wp-json\/wp\/v2\/product_tag?post=24868"}],"curies":[{"name":"wp","href":"https:\/\/api.w.org\/{rel}","templated":true}]}}

WERNER János, §

<p>1861? † Mv., 1925. febr. 4.: szabómester, sportoló. – Felesége: Dájbukát Róza. Gyermekeik: W. Juliska – Szász Béláné; Katalin – Pildner Tamásné; W. Márton. A mv.-i férfi és női Szabóipartársulat elnöke. Az MSE alapító tagja (1898). A Kerékpár Egylet (1888) és a Marosvásárhelyi Kerékpározók Egyesületének (1899) egyik alapítója. <br /><strong>– Irod.:</strong> Gyászjelentő; Illyés; Klósz–Tolokán; Nuridsány Tibor: 100 éve alakult meg a Mv.-i Sport Egylet – MSE (Nú., 1998. jan. 16.).</br></p>

<p>1861? † Mv., 1925. febr. 4.: szabómester, sportoló. – Felesége: Dájbukát Róza. Gyermekeik: W. Juliska – Szász Béláné; Katalin – Pildner Tamásné; W. Márton. A mv.-i férfi és női Szabóipartársulat elnöke. Az MSE alapító tagja (1898). A Kerékpár Egylet (1888) és a Marosvásárhelyi Kerékpározók Egyesületének (1899) egyik alapítója. – Irod.: Gyászjelentő; Illyés; Klósz–Tolokán; Nuridsány Tibor: 100 [&hellip;]</p>
