{"id":24869,"date":"2025-08-01T18:23:49","date_gmt":"2025-08-01T16:23:49","guid":{"rendered":"https:\/\/uj.adatbank.ro\/lexikon\/termek\/wertan-pal\/"},"modified":"2025-08-01T18:23:49","modified_gmt":"2025-08-01T16:23:49","slug":"wertan-pal","status":"publish","type":"product","link":"https:\/\/uj.adatbank.ro\/lexikon\/termek\/wertan-pal\/","title":{"rendered":"WERT\u00c1N P\u00e1l"},"content":{"rendered":"<p>1859? \u2020\u00a0Mv., 1941. m\u00e1j. 13.: tan\u00e1r. \u2013 A mv.-i R. K. II. R\u00e1k\u00f3czi Ferenc Gimn. tan\u00e1ra 36 \u00e9vig. <br \/><strong>\u2013 Irod.:<\/strong> Gy\u00e1szjelent\u0151; P\u00e1l-Antal 2013.<\/br><\/p>\n","protected":false},"excerpt":{"rendered":"<p>1859? \u2020\u00a0Mv., 1941. m\u00e1j. 13.: tan\u00e1r. \u2013 A mv.-i R. K. II. R\u00e1k\u00f3czi Ferenc Gimn. tan\u00e1ra 36 \u00e9vig. \u2013 Irod.: Gy\u00e1szjelent\u0151; P\u00e1l-Antal 2013.<\/p>\n","protected":false},"featured_media":0,"comment_status":"open","ping_status":"closed","template":"","meta":[],"product_brand":[],"product_cat":[137],"product_tag":[],"class_list":{"0":"post-24869","1":"product","2":"type-product","3":"status-publish","5":"product_cat-maros-megyei-eletrajzi-lexikon","7":"first","8":"instock","9":"shipping-taxable","10":"product-type-simple"},"_links":{"self":[{"href":"https:\/\/uj.adatbank.ro\/lexikon\/wp-json\/wp\/v2\/product\/24869","targetHints":{"allow":["GET"]}}],"collection":[{"href":"https:\/\/uj.adatbank.ro\/lexikon\/wp-json\/wp\/v2\/product"}],"about":[{"href":"https:\/\/uj.adatbank.ro\/lexikon\/wp-json\/wp\/v2\/types\/product"}],"replies":[{"embeddable":true,"href":"https:\/\/uj.adatbank.ro\/lexikon\/wp-json\/wp\/v2\/comments?post=24869"}],"wp:attachment":[{"href":"https:\/\/uj.adatbank.ro\/lexikon\/wp-json\/wp\/v2\/media?parent=24869"}],"wp:term":[{"taxonomy":"product_brand","embeddable":true,"href":"https:\/\/uj.adatbank.ro\/lexikon\/wp-json\/wp\/v2\/product_brand?post=24869"},{"taxonomy":"product_cat","embeddable":true,"href":"https:\/\/uj.adatbank.ro\/lexikon\/wp-json\/wp\/v2\/product_cat?post=24869"},{"taxonomy":"product_tag","embeddable":true,"href":"https:\/\/uj.adatbank.ro\/lexikon\/wp-json\/wp\/v2\/product_tag?post=24869"}],"curies":[{"name":"wp","href":"https:\/\/api.w.org\/{rel}","templated":true}]}}