{"id":24877,"date":"2025-08-01T18:24:06","date_gmt":"2025-08-01T16:24:06","guid":{"rendered":"https:\/\/uj.adatbank.ro\/lexikon\/termek\/wesselenyi-istvan\/"},"modified":"2025-08-01T18:24:06","modified_gmt":"2025-08-01T16:24:06","slug":"wesselenyi-istvan","status":"publish","type":"product","link":"https:\/\/uj.adatbank.ro\/lexikon\/termek\/wesselenyi-istvan\/","title":{"rendered":"WESSEL\u00c9NYI Istv\u00e1n"},"content":{"rendered":"<p>Feles\u00e9ge Daniel Polix\u00e9nia, aki a kutyfalvi birtokot \u00f6r\u00f6k\u00f6lte, majd le\u00e1nyuk, M\u00e1ria \u00f6r\u00f6k\u00f6lte a birtokot, aki Teleki \u00c1d\u00e1m feles\u00e9ge lett. <br \/><strong>\u2013 Irod.:<\/strong> Erd\u00e9lyi arcok.<\/br><\/p>\n","protected":false},"excerpt":{"rendered":"<p>Feles\u00e9ge Daniel Polix\u00e9nia, aki a kutyfalvi birtokot \u00f6r\u00f6k\u00f6lte, majd le\u00e1nyuk, M\u00e1ria \u00f6r\u00f6k\u00f6lte a birtokot, aki Teleki \u00c1d\u00e1m feles\u00e9ge lett. \u2013 Irod.: Erd\u00e9lyi arcok.<\/p>\n","protected":false},"featured_media":0,"comment_status":"open","ping_status":"closed","template":"","meta":[],"product_brand":[],"product_cat":[137],"product_tag":[],"class_list":{"0":"post-24877","1":"product","2":"type-product","3":"status-publish","5":"product_cat-maros-megyei-eletrajzi-lexikon","7":"first","8":"instock","9":"shipping-taxable","10":"product-type-simple"},"_links":{"self":[{"href":"https:\/\/uj.adatbank.ro\/lexikon\/wp-json\/wp\/v2\/product\/24877","targetHints":{"allow":["GET"]}}],"collection":[{"href":"https:\/\/uj.adatbank.ro\/lexikon\/wp-json\/wp\/v2\/product"}],"about":[{"href":"https:\/\/uj.adatbank.ro\/lexikon\/wp-json\/wp\/v2\/types\/product"}],"replies":[{"embeddable":true,"href":"https:\/\/uj.adatbank.ro\/lexikon\/wp-json\/wp\/v2\/comments?post=24877"}],"wp:attachment":[{"href":"https:\/\/uj.adatbank.ro\/lexikon\/wp-json\/wp\/v2\/media?parent=24877"}],"wp:term":[{"taxonomy":"product_brand","embeddable":true,"href":"https:\/\/uj.adatbank.ro\/lexikon\/wp-json\/wp\/v2\/product_brand?post=24877"},{"taxonomy":"product_cat","embeddable":true,"href":"https:\/\/uj.adatbank.ro\/lexikon\/wp-json\/wp\/v2\/product_cat?post=24877"},{"taxonomy":"product_tag","embeddable":true,"href":"https:\/\/uj.adatbank.ro\/lexikon\/wp-json\/wp\/v2\/product_tag?post=24877"}],"curies":[{"name":"wp","href":"https:\/\/api.w.org\/{rel}","templated":true}]}}