{"id":24883,"date":"2025-08-01T18:24:22","date_gmt":"2025-08-01T16:24:22","guid":{"rendered":"https:\/\/uj.adatbank.ro\/lexikon\/termek\/wesselenyi-margit-hadadi-br-rothenthal-henrikne\/"},"modified":"2025-08-01T18:24:22","modified_gmt":"2025-08-01T16:24:22","slug":"wesselenyi-margit-hadadi-br-rothenthal-henrikne","status":"publish","type":"product","link":"https:\/\/uj.adatbank.ro\/lexikon\/termek\/wesselenyi-margit-hadadi-br-rothenthal-henrikne\/","title":{"rendered":"WESSEL\u00c9NYI Margit, hadadi br., Rothenthal Henrikn\u00e9"},"content":{"rendered":"<p>1866., \u2020\u00a0Kv., 1918. nov. 20., temetve Sz\u0151kefalva: sz\u0151kefalvi birtokos. \u2013 W. Istv\u00e1n (1836\u20131885) \u00e9s kisr\u00e9dei gr.Rh\u00e9dey Stef\u00e1nia (1836\u20131925) l\u00e1nya. F\u00e9rje br. Rothenthal Henrik (Egerszeg, 1862-Sz\u0151kefalva, 1907). A sz\u0151kefalvi kast\u00e9ly \u00e9p\u00edttet\u0151je f\u00e9rj\u00e9vel (1898), a kast\u00e9ly udvar\u00e1n van a s\u00edrja. T\u00e1mogatta a sz\u0151kefalvi ref. templom \u00e9p\u00edt\u00e9s\u00e9t. A Rh\u00e9dey\u2013Rothenthal-kast\u00e9ly a 18\u201319. sz.-ban \u00e9p\u00fclt V\u00e1mosg\u00e1lfalv\u00e1n, \u201eA\u201d kateg\u00f3ri\u00e1ba tartoz\u00f3 m\u0171eml\u00e9k. <br \/><strong>\u2013 Irod.:<\/strong> Valori mure\u015fene de patrimoniu. <br \/><strong>\u2013 Irod.:<\/strong> Nagy L\u00e1szl\u00f3; Szucher Ervin: Akad\u00e1lyozott kast\u00e9ly\u00e1tv\u00e9tel (Kr\u00f3nika, 2009. j\u00fal. 9.).<\/br><\/p>\n","protected":false},"excerpt":{"rendered":"<p>1866., \u2020\u00a0Kv., 1918. nov. 20., temetve Sz\u0151kefalva: sz\u0151kefalvi birtokos. \u2013 W. Istv\u00e1n (1836\u20131885) \u00e9s kisr\u00e9dei gr.Rh\u00e9dey Stef\u00e1nia (1836\u20131925) l\u00e1nya. F\u00e9rje br. Rothenthal Henrik (Egerszeg, 1862-Sz\u0151kefalva, 1907). A sz\u0151kefalvi kast\u00e9ly \u00e9p\u00edttet\u0151je f\u00e9rj\u00e9vel (1898), a kast\u00e9ly udvar\u00e1n van a s\u00edrja. T\u00e1mogatta a sz\u0151kefalvi ref. templom \u00e9p\u00edt\u00e9s\u00e9t. A Rh\u00e9dey\u2013Rothenthal-kast\u00e9ly a 18\u201319. sz.-ban \u00e9p\u00fclt V\u00e1mosg\u00e1lfalv\u00e1n, \u201eA\u201d kateg\u00f3ri\u00e1ba tartoz\u00f3 m\u0171eml\u00e9k. [&hellip;]<\/p>\n","protected":false},"featured_media":0,"comment_status":"open","ping_status":"closed","template":"","meta":[],"product_brand":[],"product_cat":[137],"product_tag":[],"class_list":{"0":"post-24883","1":"product","2":"type-product","3":"status-publish","5":"product_cat-maros-megyei-eletrajzi-lexikon","7":"first","8":"instock","9":"shipping-taxable","10":"product-type-simple"},"_links":{"self":[{"href":"https:\/\/uj.adatbank.ro\/lexikon\/wp-json\/wp\/v2\/product\/24883","targetHints":{"allow":["GET"]}}],"collection":[{"href":"https:\/\/uj.adatbank.ro\/lexikon\/wp-json\/wp\/v2\/product"}],"about":[{"href":"https:\/\/uj.adatbank.ro\/lexikon\/wp-json\/wp\/v2\/types\/product"}],"replies":[{"embeddable":true,"href":"https:\/\/uj.adatbank.ro\/lexikon\/wp-json\/wp\/v2\/comments?post=24883"}],"wp:attachment":[{"href":"https:\/\/uj.adatbank.ro\/lexikon\/wp-json\/wp\/v2\/media?parent=24883"}],"wp:term":[{"taxonomy":"product_brand","embeddable":true,"href":"https:\/\/uj.adatbank.ro\/lexikon\/wp-json\/wp\/v2\/product_brand?post=24883"},{"taxonomy":"product_cat","embeddable":true,"href":"https:\/\/uj.adatbank.ro\/lexikon\/wp-json\/wp\/v2\/product_cat?post=24883"},{"taxonomy":"product_tag","embeddable":true,"href":"https:\/\/uj.adatbank.ro\/lexikon\/wp-json\/wp\/v2\/product_tag?post=24883"}],"curies":[{"name":"wp","href":"https:\/\/api.w.org\/{rel}","templated":true}]}}

WESSELÉNYI Margit, hadadi br., Rothenthal Henrikné

<p>1866., † Kv., 1918. nov. 20., temetve Szőkefalva: szőkefalvi birtokos. – W. István (1836–1885) és kisrédei gr.Rhédey Stefánia (1836–1925) lánya. Férje br. Rothenthal Henrik (Egerszeg, 1862-Szőkefalva, 1907). A szőkefalvi kastély építtetője férjével (1898), a kastély udvarán van a sírja. Támogatta a szőkefalvi ref. templom építését. A Rhédey–Rothenthal-kastély a 18–19. sz.-ban épült Vámosgálfalván, „A” kategóriába tartozó műemlék. <br /><strong>– Irod.:</strong> Valori mureşene de patrimoniu. <br /><strong>– Irod.:</strong> Nagy László; Szucher Ervin: Akadályozott kastélyátvétel (Krónika, 2009. júl. 9.).</br></p>

<p>1866., † Kv., 1918. nov. 20., temetve Szőkefalva: szőkefalvi birtokos. – W. István (1836–1885) és kisrédei gr.Rhédey Stefánia (1836–1925) lánya. Férje br. Rothenthal Henrik (Egerszeg, 1862-Szőkefalva, 1907). A szőkefalvi kastély építtetője férjével (1898), a kastély udvarán van a sírja. Támogatta a szőkefalvi ref. templom építését. A Rhédey–Rothenthal-kastély a 18–19. sz.-ban épült Vámosgálfalván, „A” kategóriába tartozó műemlék. [&hellip;]</p>
