{"id":24885,"date":"2025-08-01T18:24:27","date_gmt":"2025-08-01T16:24:27","guid":{"rendered":"https:\/\/uj.adatbank.ro\/lexikon\/termek\/wesselenyi-miklos-%c2%a7-hadadi-br-id\/"},"modified":"2025-08-01T18:24:27","modified_gmt":"2025-08-01T16:24:27","slug":"wesselenyi-miklos-%c2%a7-hadadi-br-id","status":"publish","type":"product","link":"https:\/\/uj.adatbank.ro\/lexikon\/termek\/wesselenyi-miklos-%c2%a7-hadadi-br-id\/","title":{"rendered":"WESSEL\u00c9NYI Mikl\u00f3s, \u00a7 hadadi, br. id."},"content":{"rendered":"<p>Zsib\u00f3, 1750. dec. 11., \u2020 Zsib\u00f3, 1809. okt. 25.: kapit\u00e1ny, f\u0151isp\u00e1ni helyettes. \u2013 Wessel\u00e9nyi Istv\u00e1n (1708\u20131751), cs. k. kapit\u00e1ny \u00e9s br. D\u00e1niel Polixena (1720\u20131775) fia. Neje 1777-t\u0151l: nagyajtai Cserei Ilona (1754\u20131830). Hasonnev\u0171 fia (1796. dec. 30. \u2013 1850. \u00e1pr. 21.). Tanulm\u00e1nyait Cornides D\u00e1niel \u00e9s De\u00e1ki P\u00e1l nevel\u0151k \u00fcgyelete alatt kezdte, majd a kv.-i ref. f\u0151tanod\u00e1ban v\u00e9gezve, a katonai p\u00e1ly\u00e1ra l\u00e9pett \u00e9s a Bark\u00f3-husz\u00e1rezredben szolg\u00e1lt, mint kapit\u00e1ny Gal\u00edci\u00e1ban \u00e1llom\u00e1sozott (1772\u2013).T\u00falf\u0171t\u00f6tt term\u00e9szete miatt sz\u00e9ls\u0151s\u00e9ges tettekre ragadtatta mag\u00e1t, \u00e9s emiatt lemondani k\u00e9nyszer\u00fclt, gazd\u00e1lkodni Zsib\u00f3ra vonult. Testalkat\u00e1t \u00e9s hatalmas testi erej\u00e9t a Wessel\u00e9nyiekt\u0151l \u00f6r\u00f6k\u00f6lte, \u00e9s ennek tudat\u00e1ban indulatait nem tudta f\u00e9kezni. H\u00edres v\u00edv\u00f3 volt, \u00e9s f\u00e9rfias nagy l\u00e9lek nyilatkozott meg tetteiben. A t\u00falhajtott mulatts\u00e1gok id\u0151t\u00f6lt\u00e9se mellett azonban nem feledkezett meg a tudom\u00e1nyokr\u00f3l sem. A francia \u00edr\u00f3kkal foglalkozott, \u00e9s k\u00fcl\u00f6n\u00f6sen Voltaire-\u00e9rt rajongott. A szabads\u00e1geszm\u00e9k ir\u00e1nt mindenekfelett lelkesedett, s ez hozta \u00f6ssze\u00fctk\u00f6z\u00e9sbe Haller gr\u00f3ffal, ki ellen form\u00e1lis hadat vezetett \u00e9s a Haller-v\u00e1rat v\u00e9d\u0151 kapit\u00e1nyt elfogatta. Ezen jogs\u00e9rt\u00e9s\u00e9rt II. J\u00f3zsef Kufsteinba z\u00e1ratta. Nyolc \u00e9vi fogs\u00e1g ut\u00e1n, neje k\u00f6zbenj\u00e1r\u00e1s\u00e1ra szabadult ki (1789). Az 1791-i erd\u00e9lyi orsz\u00e1ggy\u0171l\u00e9sen t\u00fczes sz\u00f3noklataival az ellenz\u00e9ket is maga mell\u00e9 siker\u00fclt hangolni, \u00e9s ett\u0151l kezdve minden orsz\u00e1ggy\u0171l\u00e9sen szerepelt (\u20131809). K\u00f6z\u00e9p-Szolnok f\u0151isp\u00e1nja lett (1804). Az irodalom vez\u00e9rf\u00e9rfiaival \u00e1lland\u00f3 \u00e9l\u00e9nk \u00f6sszek\u00f6ttet\u00e9st tartott. K\u00fcl\u00f6n\u00f6sen az erd\u00e9lyi magyar sz\u00edn\u00e9szet \u00e9rdek\u00e9ben munk\u00e1lkodott, \u00e9s mint a kolozsv\u00e1ri \u201eNemzeti J\u00e1&#8217;dz\u00f3 Szini Institutumnak \u00fcgyel\u00e9s\u00e9re, a&#8217; Tkts. Ns. Orsz\u00e1g Rend\u00e9it\u0151l rendeltetett Commissio\u201d eln\u00f6ke, mv.-i vonatkoz\u00e1sokban is \u00e9l\u00e9nk tev\u00e9kenys\u00e9get fejtett ki. 1803-ban, a mv.-i Theatralis Commissi\u00f3val (gr. Teleki Mih\u00e1ly, marossz\u00e9ki f\u0151kir\u00e1lyb\u00edr\u00f3val) egyet\u00e9rtve, a kolozsv\u00e1ri sz\u00edn\u00e9szt\u00e1rsas\u00e1g mv.-i ny\u00e1ri vend\u00e9gszerepl\u00e9seinek lehet\u0151s\u00e9g\u00e9t egyengette. Ugyancsak 1804. m\u00e1rc. 26-\u00e1n, egy Zsib\u00f3n kelt level\u00e9ben megkereste a mv.-i tan\u00e1csot, hogy a kv.-i sz\u00edn\u00e9szt\u00e1rsas\u00e1got, ez alkalommal is, mint els\u0151 \u00edzben, l\u00e1ssa sz\u00edvesen. K\u00fcl\u00f6n esem\u00e9nysz\u00e1mba ment ez \u00e9v szeptember\u00e9ben itteni l\u00e1togat\u00e1sa, amikor a v\u00e1ros r\u00e9sz\u00e9r\u0151l ill\u0151 fogadtat\u00e1sban r\u00e9szes\u00fclt. T\u00f6bb napi itt-tart\u00f3zkod\u00e1sa alatt vend\u00e9g\u00fcl tartotta a sz\u00edn\u00e9szt\u00e1rsas\u00e1g tagjait. Tisztelet\u00e9re, egyben neve napj\u00e1ra, 1804. szept. 10-\u00e9n bemutatta a t\u00e1rsas\u00e1g a nagy p\u00e1rtfog\u00f3ja \u00e1ltal leford\u00edtott Collin Regulus-\u00e1t, mely el\u0151ad\u00e1s alatt a darab ford\u00edt\u00f3j\u00e1t \u00e9s magas vend\u00e9g\u00e9t melegen \u00fcnnepelte a v\u00e1ros k\u00f6z\u00f6ns\u00e9ge. 1809-ben a k\u00f6zszerepl\u00e9st\u0151l visszavonult, azon mell\u0151z\u00e9s\u00e9rt, hogy a Leopold-f\u00e9le diplom\u00e1val nyert szabadalommal nem \u0151t v\u00e1lasztott\u00e1k az erd\u00e9lyi rendek a mezei hadak t\u00e1bornok\u00e1nak. \u2013 Leford\u00edtotta Collin H. J.: Regulus c. r\u00f3mai t\u00f6rt. szomor\u00faj\u00e1t\u00e9kot 5 felvon\u00e1sban, mely darab Mv.-en sz\u00ednre ker\u00fclt 1804. j\u00fal. 29-\u00e9n, \u00e9s a ford\u00edt\u00f3 jelenl\u00e9t\u00e9ben szeptember 10-\u00e9n. <br \/><strong>\u2013 Irod.:<\/strong> Enyedi: Erd\u00e9lyi m. sz\u00ednj\u00e1tsz\u00e1s; Id\u0151t\u00e1r 1; Kr\u00f3n. F\u00fcz. (1939, 4\/9); P\u00e1l-Antal 2009.<\/br><\/p>\n","protected":false},"excerpt":{"rendered":"<p>Zsib\u00f3, 1750. dec. 11., \u2020 Zsib\u00f3, 1809. okt. 25.: kapit\u00e1ny, f\u0151isp\u00e1ni helyettes. \u2013 Wessel\u00e9nyi Istv\u00e1n (1708\u20131751), cs. k. kapit\u00e1ny \u00e9s br. D\u00e1niel Polixena (1720\u20131775) fia. Neje 1777-t\u0151l: nagyajtai Cserei Ilona (1754\u20131830). Hasonnev\u0171 fia (1796. dec. 30. \u2013 1850. \u00e1pr. 21.). Tanulm\u00e1nyait Cornides D\u00e1niel \u00e9s De\u00e1ki P\u00e1l nevel\u0151k \u00fcgyelete alatt kezdte, majd a kv.-i ref. f\u0151tanod\u00e1ban [&hellip;]<\/p>\n","protected":false},"featured_media":0,"comment_status":"open","ping_status":"closed","template":"","meta":[],"product_brand":[],"product_cat":[137],"product_tag":[],"class_list":{"0":"post-24885","1":"product","2":"type-product","3":"status-publish","5":"product_cat-maros-megyei-eletrajzi-lexikon","7":"first","8":"instock","9":"shipping-taxable","10":"product-type-simple"},"_links":{"self":[{"href":"https:\/\/uj.adatbank.ro\/lexikon\/wp-json\/wp\/v2\/product\/24885","targetHints":{"allow":["GET"]}}],"collection":[{"href":"https:\/\/uj.adatbank.ro\/lexikon\/wp-json\/wp\/v2\/product"}],"about":[{"href":"https:\/\/uj.adatbank.ro\/lexikon\/wp-json\/wp\/v2\/types\/product"}],"replies":[{"embeddable":true,"href":"https:\/\/uj.adatbank.ro\/lexikon\/wp-json\/wp\/v2\/comments?post=24885"}],"wp:attachment":[{"href":"https:\/\/uj.adatbank.ro\/lexikon\/wp-json\/wp\/v2\/media?parent=24885"}],"wp:term":[{"taxonomy":"product_brand","embeddable":true,"href":"https:\/\/uj.adatbank.ro\/lexikon\/wp-json\/wp\/v2\/product_brand?post=24885"},{"taxonomy":"product_cat","embeddable":true,"href":"https:\/\/uj.adatbank.ro\/lexikon\/wp-json\/wp\/v2\/product_cat?post=24885"},{"taxonomy":"product_tag","embeddable":true,"href":"https:\/\/uj.adatbank.ro\/lexikon\/wp-json\/wp\/v2\/product_tag?post=24885"}],"curies":[{"name":"wp","href":"https:\/\/api.w.org\/{rel}","templated":true}]}}

WESSELÉNYI Miklós, § hadadi, br. id.

<p>Zsibó, 1750. dec. 11., † Zsibó, 1809. okt. 25.: kapitány, főispáni helyettes. – Wesselényi István (1708–1751), cs. k. kapitány és br. Dániel Polixena (1720–1775) fia. Neje 1777-től: nagyajtai Cserei Ilona (1754–1830). Hasonnevű fia (1796. dec. 30. – 1850. ápr. 21.). Tanulmányait Cornides Dániel és Deáki Pál nevelők ügyelete alatt kezdte, majd a kv.-i ref. főtanodában végezve, a katonai pályára lépett és a Barkó-huszárezredben szolgált, mint kapitány Galíciában állomásozott (1772–).Túlfűtött természete miatt szélsőséges tettekre ragadtatta magát, és emiatt lemondani kényszerült, gazdálkodni Zsibóra vonult. Testalkatát és hatalmas testi erejét a Wesselényiektől örökölte, és ennek tudatában indulatait nem tudta fékezni. Híres vívó volt, és férfias nagy lélek nyilatkozott meg tetteiben. A túlhajtott mulattságok időtöltése mellett azonban nem feledkezett meg a tudományokról sem. A francia írókkal foglalkozott, és különösen Voltaire-ért rajongott. A szabadságeszmék iránt mindenekfelett lelkesedett, s ez hozta összeütközésbe Haller gróffal, ki ellen formális hadat vezetett és a Haller-várat védő kapitányt elfogatta. Ezen jogsértésért II. József Kufsteinba záratta. Nyolc évi fogság után, neje közbenjárására szabadult ki (1789). Az 1791-i erdélyi országgyűlésen tüzes szónoklataival az ellenzéket is maga mellé sikerült hangolni, és ettől kezdve minden országgyűlésen szerepelt (–1809). Közép-Szolnok főispánja lett (1804). Az irodalom vezérférfiaival állandó élénk összeköttetést tartott. Különösen az erdélyi magyar színészet érdekében munkálkodott, és mint a kolozsvári „Nemzeti Já&#8217;dzó Szini Institutumnak ügyelésére, a&#8217; Tkts. Ns. Ország Rendéitől rendeltetett Commissio” elnöke, mv.-i vonatkozásokban is élénk tevékenységet fejtett ki. 1803-ban, a mv.-i Theatralis Commissióval (gr. Teleki Mihály, marosszéki főkirálybíróval) egyetértve, a kolozsvári színésztársaság mv.-i nyári vendégszerepléseinek lehetőségét egyengette. Ugyancsak 1804. márc. 26-án, egy Zsibón kelt levelében megkereste a mv.-i tanácsot, hogy a kv.-i színésztársaságot, ez alkalommal is, mint első ízben, lássa szívesen. Külön eseményszámba ment ez év szeptemberében itteni látogatása, amikor a város részéről illő fogadtatásban részesült. Több napi itt-tartózkodása alatt vendégül tartotta a színésztársaság tagjait. Tiszteletére, egyben neve napjára, 1804. szept. 10-én bemutatta a társaság a nagy pártfogója által lefordított Collin Regulus-át, mely előadás alatt a darab fordítóját és magas vendégét melegen ünnepelte a város közönsége. 1809-ben a közszerepléstől visszavonult, azon mellőzésért, hogy a Leopold-féle diplomával nyert szabadalommal nem őt választották az erdélyi rendek a mezei hadak tábornokának. – Lefordította Collin H. J.: Regulus c. római tört. szomorújátékot 5 felvonásban, mely darab Mv.-en színre került 1804. júl. 29-én, és a fordító jelenlétében szeptember 10-én. <br /><strong>– Irod.:</strong> Enyedi: Erdélyi m. színjátszás; Időtár 1; Krón. Füz. (1939, 4/9); Pál-Antal 2009.</br></p>

<p>Zsibó, 1750. dec. 11., † Zsibó, 1809. okt. 25.: kapitány, főispáni helyettes. – Wesselényi István (1708–1751), cs. k. kapitány és br. Dániel Polixena (1720–1775) fia. Neje 1777-től: nagyajtai Cserei Ilona (1754–1830). Hasonnevű fia (1796. dec. 30. – 1850. ápr. 21.). Tanulmányait Cornides Dániel és Deáki Pál nevelők ügyelete alatt kezdte, majd a kv.-i ref. főtanodában [&hellip;]</p>
