{"id":24886,"date":"2025-08-01T18:24:29","date_gmt":"2025-08-01T16:24:29","guid":{"rendered":"https:\/\/uj.adatbank.ro\/lexikon\/termek\/wesselenyi-miklos-hadadi-br\/"},"modified":"2025-08-01T18:24:29","modified_gmt":"2025-08-01T16:24:29","slug":"wesselenyi-miklos-hadadi-br","status":"publish","type":"product","link":"https:\/\/uj.adatbank.ro\/lexikon\/termek\/wesselenyi-miklos-hadadi-br\/","title":{"rendered":"WESSEL\u00c9NYI Mikl\u00f3s, hadadi, br."},"content":{"rendered":"<p>Zsib\u00f3, 1796. dec. 30., \u2020 Pest, 1850. \u00e1pr. 21.: politikus. \u2013 Mikl\u00f3s (1750\u20131809) \u00e9s Cserey Ilona fia. Feles\u00e9ge Lux Anna. Gyermekei: Mikl\u00f3s (1845\u20131916), B\u00e9la (1847\u20131904). \u2013 A szabad eszm\u00e9k terjeszt\u00e9se v\u00e9gett megyegy\u0171l\u00e9sr\u0151l megyegy\u0171l\u00e9sre j\u00e1rt n\u00e9h\u00e1nyad mag\u00e1val, Mv.-en \u00e9s Marossz\u00e9ken D\u00f3sa Elek volt egyik tev\u00e9keny t\u00e1mogat\u00f3ja. Az ellene folytatott h\u0171tlens\u00e9gi perben Marossz\u00e9k k\u00f6zgy\u0171l\u00e9se igazolta, hogy kor\u00e1bban nem k\u00f6vetett el fels\u00e9gs\u00e9rt\u00e9st a sz\u00e9kben, nem v\u00e9tkezett az Ausztriai H\u00e1z ellen (1838). \u2013 D\u00f3sa Elek t\u00e1mogat\u00e1s\u00e1nak \u00e9s tan\u00e1cs\u00e1nak k\u00f6sz\u00f6nhet\u0151, hogy W. telket v\u00e1s\u00e1rolt Makfalv\u00e1n, \u00e9s 4000 ft.-os alap\u00edtv\u00e1nyt tett (1835), amelyet a helyb\u00e9li ref. egyh\u00e1zk\u00f6zs\u00e9g \u00e9s Buthler br. kieg\u00e9sz\u00edtett (1836\u201338), \u00e9s ez\u00e1ltal iskol\u00e1t alap\u00edtott Makfalv\u00e1n (alapk\u0151let\u00e9tel: 1836. okt.17.). Az iskola homlokzat\u00e1n l\u00e9v\u0151 m\u00e1rv\u00e1nyt\u00e1bla szerint: \u201eAdt\u00e1k a sz\u00e9kelyek hazafis\u00e1g\u00e9rt, szenteli hazafis\u00e1g kifejt\u00e9s\u00e9\u00e9rt a sz\u00e9kely nemzetnek Wessel\u00e9nyi\u201d. D\u00f3sa Elek fel\u00fcgyel\u0151 gondnoks\u00e1ga alatt ny\u00edlt meg az iskola (1838\u2013), hat tanteremmel, \u00f3vod\u00e1val \u00e9s lak\u00e1ssal rendelkezett. Ez a koll\u00e9gium volt Erd\u00e9ly egyetlen alap\u00edtv\u00e1nyi iskol\u00e1ja, 100 \u00e9vig m\u0171k\u00f6d\u00f6tt. A k\u00f6rnyez\u0151 k\u00f6zs\u00e9gek gyermekei is tanulhattak ott. Ma az iskola felvette a W. M. nevet (2000). W. v\u00e9grendelet\u00e9ben m\u00e9g 6000 ft.-t hagyott a ma nev\u00e9t visel\u0151 iskol\u00e1ra. Az iskola anyagi kiad\u00e1sait az alap\u00edtv\u00e1nyi kamatokb\u00f3l, k\u00e9s\u0151bb a j\u00f3l m\u0171k\u00f6d\u0151 faiskola j\u00f6vedelm\u00e9b\u0151l p\u00f3tolta a megb\u00edzott gondnoks\u00e1g. A n\u00e9piskol\u00e1ba m\u00e1r \u00edrni-olvasni tud\u00f3 fi\u00fakat vettek fel vall\u00e1si, nemzetis\u00e9gi k\u00fcl\u00f6nbs\u00e9g n\u00e9lk\u00fcl. A v\u00e9gz\u0151s\u00f6k felv\u00e9teli vizsga n\u00e9lk\u00fcl a mv.-i Ref. Koll.-ban tanulhattak tov\u00e1bb. Ebben az \u00e9p\u00fcletben alakult meg Marossz\u00e9k els\u0151 \u00f3vod\u00e1ja (1844). Az iskol\u00e1t csend\u0151ri k\u00f6zrem\u0171k\u00f6d\u00e9ssel kisaj\u00e1t\u00edtott\u00e1k \u00e9s rom\u00e1n nyelv\u0171 \u00e1llami iskol\u00e1v\u00e1 alak\u00edtott\u00e1k (1936). Ol\u00e1hsolymoson is alap\u00edtott \u00f3vod\u00e1t (1844). \u2013 Wessel\u00e9nyi utca l\u00e9tezett Mv.-en (1900\u201312, 1920\u20131934, 1941\u20131995). A Wessel\u00e9nyi Mikl\u00f3s M\u0171vel\u0151d\u00e9si Egylet m\u0171k\u00f6dik Makfalv\u00e1n (1992-t\u0151l vagy 1990-t\u0151l), \u00e9s itt eml\u00e9k\u00e9re szobrot \u00e1ll\u00edtottak (2007), amely a makfalvi sz\u00e1rmaz\u00e1s\u00fa m\u0171v\u00e9sz, Suba L\u00e1szl\u00f3 alkot\u00e1sa. \u2013  <strong>F. m..:<\/strong> Bal\u00edt\u00e9letekr\u0151l (Lipcse, 1833); (V\u00e1logatta, a bevezet\u0151t \u00e9s a jegyzeteket \u00edrta: Veress D\u00e1niel; Buk., 1974). <br \/><strong>\u2013 Irod.:<\/strong> \u00c1br\u00e1m Zolt\u00e1n: W. M. \u00e9s Makfalva (N\u00fa., 1996. j\u00fan. 27.); B. Wessel\u00e9nyi Mikl\u00f3s h\u0171tlens\u00e9gi b\u0171npere: T\u00f6rt\u00e9neti bevezet\u00e9ssel\/az eredeti p\u00e9ld\u00e1nyok egyik\u00e9b\u0151l sajt\u00f3 al\u00e1 rendezte Jakab Elek. (Kv., 1876); B\u00e9nyei; Erd\u00e9lyi csillagok F\u00fcl\u00f6p D\u00e9nes: Adt\u00e1k a sz\u00e9kelyek W.-nek (N\u00fa., 1990. szept. 19.); F\u00fcl\u00f6p Ir\u00e9n: 400 \u00e9ves a makfalvi oktat\u00e1s (N\u00e9p\u00fajs\u00e1g, 2010. \u00e1pr. 20.); F\u00fcl\u00f6p Ir\u00e9n: \u201eAdt\u00e1k a sz\u00e9kelyek W.-nek\u201d (N\u00fa., 1998. \u00e1pr. 10.); F\u00fcl\u00f6p Ir\u00e9n: 155 \u00e9ves a makfalvi \u00f3voda (N\u00fa., 1999. m\u00e1rc. 30.); G\u00e1l Istv\u00e1n: Ifj.Wessel\u00e9nyi Mikl\u00f3s; portr\u00e9 = Erd\u00e9lyi csillagok 1942; Id\u0151t\u00e1r 1.; A k\u00e9t Wessel\u00e9nyi Mikl\u00f3s \/ Kem\u00e9ny Zsigmond = Magyar sz\u00f3nokok \u00e9s st\u00e1tusf\u00e9rfiak: Politicai jellemrajzok \/ kiadja Cengeri Antal (Pesten, 1851); Makfalvi okt. t\u00f6rt.; A makkfalvi iskola Vessel\u00e9nyi alap\u00edtv\u00e1nya (Sz\u00e9kely H\u00edrlap, 1870. \u00e1pr. 27.); K\u00f6zpont (2007. j\u00fal. 16\u201322, 28. sz.); Paget; P\u00e1lmay; Sepsisz\u00e9ki; Szathm\u00e1ry K\u00e1roly P; \u00daM\u00c9L; Vigh; Wessel\u00e9nyi.<\/br><\/p>\n","protected":false},"excerpt":{"rendered":"<p>Zsib\u00f3, 1796. dec. 30., \u2020 Pest, 1850. \u00e1pr. 21.: politikus. \u2013 Mikl\u00f3s (1750\u20131809) \u00e9s Cserey Ilona fia. Feles\u00e9ge Lux Anna. Gyermekei: Mikl\u00f3s (1845\u20131916), B\u00e9la (1847\u20131904). \u2013 A szabad eszm\u00e9k terjeszt\u00e9se v\u00e9gett megyegy\u0171l\u00e9sr\u0151l megyegy\u0171l\u00e9sre j\u00e1rt n\u00e9h\u00e1nyad mag\u00e1val, Mv.-en \u00e9s Marossz\u00e9ken D\u00f3sa Elek volt egyik tev\u00e9keny t\u00e1mogat\u00f3ja. Az ellene folytatott h\u0171tlens\u00e9gi perben Marossz\u00e9k k\u00f6zgy\u0171l\u00e9se igazolta, hogy kor\u00e1bban [&hellip;]<\/p>\n","protected":false},"featured_media":0,"comment_status":"open","ping_status":"closed","template":"","meta":[],"product_brand":[],"product_cat":[137],"product_tag":[],"class_list":{"0":"post-24886","1":"product","2":"type-product","3":"status-publish","5":"product_cat-maros-megyei-eletrajzi-lexikon","7":"first","8":"instock","9":"shipping-taxable","10":"product-type-simple"},"_links":{"self":[{"href":"https:\/\/uj.adatbank.ro\/lexikon\/wp-json\/wp\/v2\/product\/24886","targetHints":{"allow":["GET"]}}],"collection":[{"href":"https:\/\/uj.adatbank.ro\/lexikon\/wp-json\/wp\/v2\/product"}],"about":[{"href":"https:\/\/uj.adatbank.ro\/lexikon\/wp-json\/wp\/v2\/types\/product"}],"replies":[{"embeddable":true,"href":"https:\/\/uj.adatbank.ro\/lexikon\/wp-json\/wp\/v2\/comments?post=24886"}],"wp:attachment":[{"href":"https:\/\/uj.adatbank.ro\/lexikon\/wp-json\/wp\/v2\/media?parent=24886"}],"wp:term":[{"taxonomy":"product_brand","embeddable":true,"href":"https:\/\/uj.adatbank.ro\/lexikon\/wp-json\/wp\/v2\/product_brand?post=24886"},{"taxonomy":"product_cat","embeddable":true,"href":"https:\/\/uj.adatbank.ro\/lexikon\/wp-json\/wp\/v2\/product_cat?post=24886"},{"taxonomy":"product_tag","embeddable":true,"href":"https:\/\/uj.adatbank.ro\/lexikon\/wp-json\/wp\/v2\/product_tag?post=24886"}],"curies":[{"name":"wp","href":"https:\/\/api.w.org\/{rel}","templated":true}]}}

WESSELÉNYI Miklós, hadadi, br.

<p>Zsibó, 1796. dec. 30., † Pest, 1850. ápr. 21.: politikus. – Miklós (1750–1809) és Cserey Ilona fia. Felesége Lux Anna. Gyermekei: Miklós (1845–1916), Béla (1847–1904). – A szabad eszmék terjesztése végett megyegyűlésről megyegyűlésre járt néhányad magával, Mv.-en és Marosszéken Dósa Elek volt egyik tevékeny támogatója. Az ellene folytatott hűtlenségi perben Marosszék közgyűlése igazolta, hogy korábban nem követett el felségsértést a székben, nem vétkezett az Ausztriai Ház ellen (1838). – Dósa Elek támogatásának és tanácsának köszönhető, hogy W. telket vásárolt Makfalván, és 4000 ft.-os alapítványt tett (1835), amelyet a helybéli ref. egyházközség és Buthler br. kiegészített (1836–38), és ezáltal iskolát alapított Makfalván (alapkőletétel: 1836. okt.17.). Az iskola homlokzatán lévő márványtábla szerint: „Adták a székelyek hazafiságért, szenteli hazafiság kifejtéséért a székely nemzetnek Wesselényi”. Dósa Elek felügyelő gondnoksága alatt nyílt meg az iskola (1838–), hat tanteremmel, óvodával és lakással rendelkezett. Ez a kollégium volt Erdély egyetlen alapítványi iskolája, 100 évig működött. A környező községek gyermekei is tanulhattak ott. Ma az iskola felvette a W. M. nevet (2000). W. végrendeletében még 6000 ft.-t hagyott a ma nevét viselő iskolára. Az iskola anyagi kiadásait az alapítványi kamatokból, később a jól működő faiskola jövedelméből pótolta a megbízott gondnokság. A népiskolába már írni-olvasni tudó fiúkat vettek fel vallási, nemzetiségi különbség nélkül. A végzősök felvételi vizsga nélkül a mv.-i Ref. Koll.-ban tanulhattak tovább. Ebben az épületben alakult meg Marosszék első óvodája (1844). Az iskolát csendőri közreműködéssel kisajátították és román nyelvű állami iskolává alakították (1936). Oláhsolymoson is alapított óvodát (1844). – Wesselényi utca létezett Mv.-en (1900–12, 1920–1934, 1941–1995). A Wesselényi Miklós Művelődési Egylet működik Makfalván (1992-től vagy 1990-től), és itt emlékére szobrot állítottak (2007), amely a makfalvi származású művész, Suba László alkotása. –  <strong>F. m..:</strong> Balítéletekről (Lipcse, 1833); (Válogatta, a bevezetőt és a jegyzeteket írta: Veress Dániel; Buk., 1974). <br /><strong>– Irod.:</strong> Ábrám Zoltán: W. M. és Makfalva (Nú., 1996. jún. 27.); B. Wesselényi Miklós hűtlenségi bűnpere: Történeti bevezetéssel/az eredeti példányok egyikéből sajtó alá rendezte Jakab Elek. (Kv., 1876); Bényei; Erdélyi csillagok Fülöp Dénes: Adták a székelyek W.-nek (Nú., 1990. szept. 19.); Fülöp Irén: 400 éves a makfalvi oktatás (Népújság, 2010. ápr. 20.); Fülöp Irén: „Adták a székelyek W.-nek” (Nú., 1998. ápr. 10.); Fülöp Irén: 155 éves a makfalvi óvoda (Nú., 1999. márc. 30.); Gál István: Ifj.Wesselényi Miklós; portré = Erdélyi csillagok 1942; Időtár 1.; A két Wesselényi Miklós / Kemény Zsigmond = Magyar szónokok és státusférfiak: Politicai jellemrajzok / kiadja Cengeri Antal (Pesten, 1851); Makfalvi okt. tört.; A makkfalvi iskola Vesselényi alapítványa (Székely Hírlap, 1870. ápr. 27.); Központ (2007. júl. 16–22, 28. sz.); Paget; Pálmay; Sepsiszéki; Szathmáry Károly P; ÚMÉL; Vigh; Wesselényi.</br></p>

<p>Zsibó, 1796. dec. 30., † Pest, 1850. ápr. 21.: politikus. – Miklós (1750–1809) és Cserey Ilona fia. Felesége Lux Anna. Gyermekei: Miklós (1845–1916), Béla (1847–1904). – A szabad eszmék terjesztése végett megyegyűlésről megyegyűlésre járt néhányad magával, Mv.-en és Marosszéken Dósa Elek volt egyik tevékeny támogatója. Az ellene folytatott hűtlenségi perben Marosszék közgyűlése igazolta, hogy korábban [&hellip;]</p>
