{"id":24888,"date":"2025-08-01T18:24:37","date_gmt":"2025-08-01T16:24:37","guid":{"rendered":"https:\/\/uj.adatbank.ro\/lexikon\/termek\/wesselenyi-polixenia\/"},"modified":"2025-08-01T18:24:37","modified_gmt":"2025-08-01T16:24:37","slug":"wesselenyi-polixenia","status":"publish","type":"product","link":"https:\/\/uj.adatbank.ro\/lexikon\/termek\/wesselenyi-polixenia\/","title":{"rendered":"WESSEL\u00c9NYI Polix\u00e9nia"},"content":{"rendered":"<p>? 1801, \u2020\u00a0Aranyosgy\u00e9res, 1878. szept. 1.: sz\u0151kefalvi birtokos. \u2013 F\u00e9rje: 1. B\u00e1nffy L\u00e1szl\u00f3, gr. (1795\u20131839); 2., John Paget (Paget J\u00e1nos). L\u00e1nya B\u00e1nffy Jozefa \u2013Bethlen S\u00e1ndorn\u00e9. Sz\u0151kefalv\u00e1n volt birtoka, M\u00e1sodik f\u00e9rj\u00e9vel telket adom\u00e1nyoztak a sz\u0151kefalvi unit. egyh\u00e1znak templom\u00e9p\u00edt\u00e9s c\u00e9lj\u00e1b\u00f3l. Napl\u00f3\u00edr\u00f3. Barab\u00e1s Mikl\u00f3s tan\u00edtv\u00e1nya volt. Az aranyosgy\u00e9resi birtok \u00e9s kast\u00e9ly tulajdonosa. <br \/><strong>\u2013 Irod.:<\/strong> Ga\u00e1l 2001; H\u00e1zsong\u00e1rd; Nagy L\u00e1szl\u00f3; Paget.<\/br><\/p>\n","protected":false},"excerpt":{"rendered":"<p>? 1801, \u2020\u00a0Aranyosgy\u00e9res, 1878. szept. 1.: sz\u0151kefalvi birtokos. \u2013 F\u00e9rje: 1. B\u00e1nffy L\u00e1szl\u00f3, gr. (1795\u20131839); 2., John Paget (Paget J\u00e1nos). L\u00e1nya B\u00e1nffy Jozefa \u2013Bethlen S\u00e1ndorn\u00e9. Sz\u0151kefalv\u00e1n volt birtoka, M\u00e1sodik f\u00e9rj\u00e9vel telket adom\u00e1nyoztak a sz\u0151kefalvi unit. egyh\u00e1znak templom\u00e9p\u00edt\u00e9s c\u00e9lj\u00e1b\u00f3l. Napl\u00f3\u00edr\u00f3. Barab\u00e1s Mikl\u00f3s tan\u00edtv\u00e1nya volt. Az aranyosgy\u00e9resi birtok \u00e9s kast\u00e9ly tulajdonosa. \u2013 Irod.: Ga\u00e1l 2001; H\u00e1zsong\u00e1rd; Nagy [&hellip;]<\/p>\n","protected":false},"featured_media":0,"comment_status":"open","ping_status":"closed","template":"","meta":[],"product_brand":[],"product_cat":[137],"product_tag":[],"class_list":{"0":"post-24888","1":"product","2":"type-product","3":"status-publish","5":"product_cat-maros-megyei-eletrajzi-lexikon","7":"first","8":"instock","9":"shipping-taxable","10":"product-type-simple"},"_links":{"self":[{"href":"https:\/\/uj.adatbank.ro\/lexikon\/wp-json\/wp\/v2\/product\/24888","targetHints":{"allow":["GET"]}}],"collection":[{"href":"https:\/\/uj.adatbank.ro\/lexikon\/wp-json\/wp\/v2\/product"}],"about":[{"href":"https:\/\/uj.adatbank.ro\/lexikon\/wp-json\/wp\/v2\/types\/product"}],"replies":[{"embeddable":true,"href":"https:\/\/uj.adatbank.ro\/lexikon\/wp-json\/wp\/v2\/comments?post=24888"}],"wp:attachment":[{"href":"https:\/\/uj.adatbank.ro\/lexikon\/wp-json\/wp\/v2\/media?parent=24888"}],"wp:term":[{"taxonomy":"product_brand","embeddable":true,"href":"https:\/\/uj.adatbank.ro\/lexikon\/wp-json\/wp\/v2\/product_brand?post=24888"},{"taxonomy":"product_cat","embeddable":true,"href":"https:\/\/uj.adatbank.ro\/lexikon\/wp-json\/wp\/v2\/product_cat?post=24888"},{"taxonomy":"product_tag","embeddable":true,"href":"https:\/\/uj.adatbank.ro\/lexikon\/wp-json\/wp\/v2\/product_tag?post=24888"}],"curies":[{"name":"wp","href":"https:\/\/api.w.org\/{rel}","templated":true}]}}

WESSELÉNYI Polixénia

<p>? 1801, † Aranyosgyéres, 1878. szept. 1.: szőkefalvi birtokos. – Férje: 1. Bánffy László, gr. (1795–1839); 2., John Paget (Paget János). Lánya Bánffy Jozefa –Bethlen Sándorné. Szőkefalván volt birtoka, Második férjével telket adományoztak a szőkefalvi unit. egyháznak templomépítés céljából. Naplóíró. Barabás Miklós tanítványa volt. Az aranyosgyéresi birtok és kastély tulajdonosa. <br /><strong>– Irod.:</strong> Gaál 2001; Házsongárd; Nagy László; Paget.</br></p>

<p>? 1801, † Aranyosgyéres, 1878. szept. 1.: szőkefalvi birtokos. – Férje: 1. Bánffy László, gr. (1795–1839); 2., John Paget (Paget János). Lánya Bánffy Jozefa –Bethlen Sándorné. Szőkefalván volt birtoka, Második férjével telket adományoztak a szőkefalvi unit. egyháznak templomépítés céljából. Naplóíró. Barabás Miklós tanítványa volt. Az aranyosgyéresi birtok és kastély tulajdonosa. – Irod.: Gaál 2001; Házsongárd; Nagy [&hellip;]</p>
