{"id":24889,"date":"2025-08-01T18:24:41","date_gmt":"2025-08-01T16:24:41","guid":{"rendered":"https:\/\/uj.adatbank.ro\/lexikon\/termek\/wesselenyi-sarolta-hadadi-br-gr-bethlen-odonne\/"},"modified":"2025-08-01T18:24:41","modified_gmt":"2025-08-01T16:24:41","slug":"wesselenyi-sarolta-hadadi-br-gr-bethlen-odonne","status":"publish","type":"product","link":"https:\/\/uj.adatbank.ro\/lexikon\/termek\/wesselenyi-sarolta-hadadi-br-gr-bethlen-odonne\/","title":{"rendered":"WESSEL\u00c9NYI Sarolta hadadi br., gr. Bethlen \u00d6d\u00f6nn\u00e9"},"content":{"rendered":"<p>Kv., 1860. j\u00fal 26., \u2020\u00a0Kv., 1928. jan. 23.: birtokos br.- W. Istv\u00e1n (1836\u20131885) \u00e9s kisr\u00e9dei gr. Rh\u00e9dey Stef\u00e1nia l\u00e1nya. F\u00e9rje: gr. Bethlen \u00d6d\u00f6n (1822\u2013). Gyermekei: P\u00e1l (1883\u20131971), Stef\u00e1nia (1885\u20131975), Gy\u00f6rgy (1888\u20131968), Sarolta (1897\u20131964). \u00d6r\u00f6k\u00f6lte apj\u00e1t\u00f3l a dr\u00e1gi uradalmat \u00e9s kast\u00e9lyt. Le\u00e1nya Stef\u00e1nia pedig a sz\u0151kefalvi uradalmat \u00e9s kast\u00e9lyt. Halotti c\u00edmere a kv.-i Farkas utcai templomban. <br \/><strong>\u2013 Irod.:<\/strong> \u00c1ll\u00f3- \u00e9s mozg\u00f3k\u00e9pek; Entz\u2013Kov\u00e1cs.<\/br><\/p>\n","protected":false},"excerpt":{"rendered":"<p>Kv., 1860. j\u00fal 26., \u2020\u00a0Kv., 1928. jan. 23.: birtokos br.- W. Istv\u00e1n (1836\u20131885) \u00e9s kisr\u00e9dei gr. Rh\u00e9dey Stef\u00e1nia l\u00e1nya. F\u00e9rje: gr. Bethlen \u00d6d\u00f6n (1822\u2013). Gyermekei: P\u00e1l (1883\u20131971), Stef\u00e1nia (1885\u20131975), Gy\u00f6rgy (1888\u20131968), Sarolta (1897\u20131964). \u00d6r\u00f6k\u00f6lte apj\u00e1t\u00f3l a dr\u00e1gi uradalmat \u00e9s kast\u00e9lyt. Le\u00e1nya Stef\u00e1nia pedig a sz\u0151kefalvi uradalmat \u00e9s kast\u00e9lyt. Halotti c\u00edmere a kv.-i Farkas utcai templomban. [&hellip;]<\/p>\n","protected":false},"featured_media":0,"comment_status":"open","ping_status":"closed","template":"","meta":[],"product_brand":[],"product_cat":[137],"product_tag":[],"class_list":{"0":"post-24889","1":"product","2":"type-product","3":"status-publish","5":"product_cat-maros-megyei-eletrajzi-lexikon","7":"first","8":"instock","9":"shipping-taxable","10":"product-type-simple"},"_links":{"self":[{"href":"https:\/\/uj.adatbank.ro\/lexikon\/wp-json\/wp\/v2\/product\/24889","targetHints":{"allow":["GET"]}}],"collection":[{"href":"https:\/\/uj.adatbank.ro\/lexikon\/wp-json\/wp\/v2\/product"}],"about":[{"href":"https:\/\/uj.adatbank.ro\/lexikon\/wp-json\/wp\/v2\/types\/product"}],"replies":[{"embeddable":true,"href":"https:\/\/uj.adatbank.ro\/lexikon\/wp-json\/wp\/v2\/comments?post=24889"}],"wp:attachment":[{"href":"https:\/\/uj.adatbank.ro\/lexikon\/wp-json\/wp\/v2\/media?parent=24889"}],"wp:term":[{"taxonomy":"product_brand","embeddable":true,"href":"https:\/\/uj.adatbank.ro\/lexikon\/wp-json\/wp\/v2\/product_brand?post=24889"},{"taxonomy":"product_cat","embeddable":true,"href":"https:\/\/uj.adatbank.ro\/lexikon\/wp-json\/wp\/v2\/product_cat?post=24889"},{"taxonomy":"product_tag","embeddable":true,"href":"https:\/\/uj.adatbank.ro\/lexikon\/wp-json\/wp\/v2\/product_tag?post=24889"}],"curies":[{"name":"wp","href":"https:\/\/api.w.org\/{rel}","templated":true}]}}

WESSELÉNYI Sarolta hadadi br., gr. Bethlen Ödönné

<p>Kv., 1860. júl 26., † Kv., 1928. jan. 23.: birtokos br.- W. István (1836–1885) és kisrédei gr. Rhédey Stefánia lánya. Férje: gr. Bethlen Ödön (1822–). Gyermekei: Pál (1883–1971), Stefánia (1885–1975), György (1888–1968), Sarolta (1897–1964). Örökölte apjától a drági uradalmat és kastélyt. Leánya Stefánia pedig a szőkefalvi uradalmat és kastélyt. Halotti címere a kv.-i Farkas utcai templomban. <br /><strong>– Irod.:</strong> Álló- és mozgóképek; Entz–Kovács.</br></p>

<p>Kv., 1860. júl 26., † Kv., 1928. jan. 23.: birtokos br.- W. István (1836–1885) és kisrédei gr. Rhédey Stefánia lánya. Férje: gr. Bethlen Ödön (1822–). Gyermekei: Pál (1883–1971), Stefánia (1885–1975), György (1888–1968), Sarolta (1897–1964). Örökölte apjától a drági uradalmat és kastélyt. Leánya Stefánia pedig a szőkefalvi uradalmat és kastélyt. Halotti címere a kv.-i Farkas utcai templomban. [&hellip;]</p>
