{"id":24895,"date":"2025-08-01T18:24:57","date_gmt":"2025-08-01T16:24:57","guid":{"rendered":"https:\/\/uj.adatbank.ro\/lexikon\/termek\/weszelovszky-endre\/"},"modified":"2025-08-01T18:24:57","modified_gmt":"2025-08-01T16:24:57","slug":"weszelovszky-endre","status":"publish","type":"product","link":"https:\/\/uj.adatbank.ro\/lexikon\/termek\/weszelovszky-endre\/","title":{"rendered":"WESZELOVSZKY Endre"},"content":{"rendered":"<p>Brass\u00f3, 1888., \u2020\u00a0?: k\u00f3rh\u00e1zi \u00e9lelmez\u0151tiszt Mv.-en. \u2013 R\u00e9szt vett az els\u0151 vh.-ban (1914\u201318), Mv.-en vonult be a 62. k\u00f6z\u00f6s gy. e.-hez \u00e9s az orosz, rom\u00e1n, olasz \u00e9s francia fronton harcolt, megsebes\u00fclt. A sz\u00e9kely hadoszt\u00e1lyban harcolt (1918\u2013). Mint hadnagy szerelt le kit\u00fcntet\u00e9sekkel. <br \/><strong>\u2013 Irod.:<\/strong> Erd\u00e9lyi ezredek.<\/br><\/p>\n","protected":false},"excerpt":{"rendered":"<p>Brass\u00f3, 1888., \u2020\u00a0?: k\u00f3rh\u00e1zi \u00e9lelmez\u0151tiszt Mv.-en. \u2013 R\u00e9szt vett az els\u0151 vh.-ban (1914\u201318), Mv.-en vonult be a 62. k\u00f6z\u00f6s gy. e.-hez \u00e9s az orosz, rom\u00e1n, olasz \u00e9s francia fronton harcolt, megsebes\u00fclt. A sz\u00e9kely hadoszt\u00e1lyban harcolt (1918\u2013). Mint hadnagy szerelt le kit\u00fcntet\u00e9sekkel. \u2013 Irod.: Erd\u00e9lyi ezredek.<\/p>\n","protected":false},"featured_media":0,"comment_status":"open","ping_status":"closed","template":"","meta":[],"product_brand":[],"product_cat":[137],"product_tag":[],"class_list":{"0":"post-24895","1":"product","2":"type-product","3":"status-publish","5":"product_cat-maros-megyei-eletrajzi-lexikon","7":"first","8":"instock","9":"shipping-taxable","10":"product-type-simple"},"_links":{"self":[{"href":"https:\/\/uj.adatbank.ro\/lexikon\/wp-json\/wp\/v2\/product\/24895","targetHints":{"allow":["GET"]}}],"collection":[{"href":"https:\/\/uj.adatbank.ro\/lexikon\/wp-json\/wp\/v2\/product"}],"about":[{"href":"https:\/\/uj.adatbank.ro\/lexikon\/wp-json\/wp\/v2\/types\/product"}],"replies":[{"embeddable":true,"href":"https:\/\/uj.adatbank.ro\/lexikon\/wp-json\/wp\/v2\/comments?post=24895"}],"wp:attachment":[{"href":"https:\/\/uj.adatbank.ro\/lexikon\/wp-json\/wp\/v2\/media?parent=24895"}],"wp:term":[{"taxonomy":"product_brand","embeddable":true,"href":"https:\/\/uj.adatbank.ro\/lexikon\/wp-json\/wp\/v2\/product_brand?post=24895"},{"taxonomy":"product_cat","embeddable":true,"href":"https:\/\/uj.adatbank.ro\/lexikon\/wp-json\/wp\/v2\/product_cat?post=24895"},{"taxonomy":"product_tag","embeddable":true,"href":"https:\/\/uj.adatbank.ro\/lexikon\/wp-json\/wp\/v2\/product_tag?post=24895"}],"curies":[{"name":"wp","href":"https:\/\/api.w.org\/{rel}","templated":true}]}}

<p>Brassó, 1888., † ?: kórházi élelmezőtiszt Mv.-en. – Részt vett az első vh.-ban (1914–18), Mv.-en vonult be a 62. közös gy. e.-hez és az orosz, román, olasz és francia fronton harcolt, megsebesült. A székely hadosztályban harcolt (1918–). Mint hadnagy szerelt le kitüntetésekkel. <br /><strong>– Irod.:</strong> Erdélyi ezredek.</br></p>

<p>Brassó, 1888., † ?: kórházi élelmezőtiszt Mv.-en. – Részt vett az első vh.-ban (1914–18), Mv.-en vonult be a 62. közös gy. e.-hez és az orosz, román, olasz és francia fronton harcolt, megsebesült. A székely hadosztályban harcolt (1918–). Mint hadnagy szerelt le kitüntetésekkel. – Irod.: Erdélyi ezredek.</p>
