{"id":24897,"date":"2025-08-01T18:25:01","date_gmt":"2025-08-01T16:25:01","guid":{"rendered":"https:\/\/uj.adatbank.ro\/lexikon\/termek\/weszely-tibor\/"},"modified":"2025-08-01T18:25:01","modified_gmt":"2025-08-01T16:25:01","slug":"weszely-tibor","status":"publish","type":"product","link":"https:\/\/uj.adatbank.ro\/lexikon\/termek\/weszely-tibor\/","title":{"rendered":"WESZELY Tibor"},"content":{"rendered":"<p>Br\u00e1d, 1936. jan. 16. \u2020 Mv., 2019. dec. 5..: matematikus, egyetemi tan\u00e1r. \u2013 W. P\u00e9ter \u00e9s Jol\u00e1n fia. Feles\u00e9ge Bod\u00f3 Ilka. \u2013 A mv.-i R\u00f3mai Katolikus Gimn. di\u00e1kja volt. A k\u00f6z\u00e9piskol\u00e1sok atl\u00e9tikai verseny\u00e9nek d\u00f6nt\u0151 szakasz\u00e1n Buk.-ben a 4&#215;100 m staf\u00e9ta tagjak\u00e9nt orsz\u00e1gos bajnoks\u00e1got nyert (1940). A Buk.-i TE matematika szak\u00e1n v\u00e9gzett (1959). A mv.-i Bolyai Farkas Elm\u00e9leti L\u00edc. tan\u00e1ra (1959\u201363) \u00e9s (1983\u20132001). K\u00f6zben Marokk\u00f3ban vend\u00e9gtan\u00e1r k\u00e9t \u00e9vig (az 1970-es \u00e9vekben). Tan\u00e1rseg\u00e9d a mv.-i Pedag\u00f3giai F\u0151iskol\u00e1n (1963\u2013), majd adjunktus (1983\u2013). A Sapientia \u2013EMTE docense (2001\u20132007), \u00f3raad\u00f3 oktat\u00f3 nyugd\u00edjba vonul\u00e1s\u00e1ig. (1983\u20132001). Kutat\u00f3munk\u00e1ja, tanulm\u00e1nyainak eredm\u00e9nyei k\u00f6tetekben t\u00fckr\u00f6z\u0151dnek: Bolyai Farkas, a matematikus (Buk., 1974); A Bolyai\u2013Lobacsevszkij geometria modelljei (Kv., 1975); Bolyai J\u00e1nos matematikai munk\u00e1ss\u00e1ga (Buk., 1983); V\u00e1lyi Gyula \u00e9lete \u00e9s munk\u00e1ss\u00e1ga (Buk., 1983); Bolyai J\u00e1nos- Az els\u0151 200 \u00e9v (Bp., 2002); Teleki S\u00e1muel levelez\u00e9se vil\u00e1gh\u00edr\u0171 tud\u00f3sokkal (Mv., 2003); Analitikus geometria \u00e9s differenci\u00e1lgeometria (Kv., 2003).  <strong>t\u00e1rsszerz\u0151:<\/strong> Fi\u00fa \u00e9s apa (Bp., 2003). T\u00f6bb mint 100 szakdolgozat, tudom\u00e1nyn\u00e9pszer\u0171s\u00edt\u0151, cikk szerz\u0151je. A Term\u00e9szet Vil\u00e1ga bp.-i foly\u00f3irat szerkeszt\u0151bizotts\u00e1g\u00e1nak tagja. A matematikai tudom\u00e1nyok doktora (Buk., 1971). A Korunk szerkeszt\u0151s\u00e9g\u00e9nek Bolyai-d\u00edja (1982), Beke Man\u00f3-d\u00edj (Mo., 1984); International Center \u00c9rdemoklevele (Cambridge, 1988), az RMDSZ Mv. v\u00e1rosi tan\u00e1cs\u00e1nak eln\u00f6ke (1990. m\u00e1rc.-ig); Ez\u00fcst Gyop\u00e1r-d\u00edj (1999), ), Mv. d\u00edszpolg\u00e1ra (2007). Dom\u00e1ldon kopjaf\u00e1t \u00e1ll\u00edtott Bolyai J\u00e1nos \u00e9desan yj\u00e1nak jeltelen s\u00edrj\u00e1ra. <br \/><strong>\u2013 Irod.:<\/strong> EMKK 2010; Magy.kutat\u00f3k; Mv.-i R. K. okt.; Staar Gyula: A harmadik m\u00e9rf\u00f6ldk\u0151: Eml\u00e9kez\u00e9s Weszely Tiborra (1936\u20132019), (N\u00fa., M\u00fazsa, 2021. jan. 9; 2021. jan. 23.); T\u0151k\u00e9s.<\/br><\/p>\n","protected":false},"excerpt":{"rendered":"<p>Br\u00e1d, 1936. jan. 16. \u2020 Mv., 2019. dec. 5..: matematikus, egyetemi tan\u00e1r. \u2013 W. P\u00e9ter \u00e9s Jol\u00e1n fia. Feles\u00e9ge Bod\u00f3 Ilka. \u2013 A mv.-i R\u00f3mai Katolikus Gimn. di\u00e1kja volt. A k\u00f6z\u00e9piskol\u00e1sok atl\u00e9tikai verseny\u00e9nek d\u00f6nt\u0151 szakasz\u00e1n Buk.-ben a 4&#215;100 m staf\u00e9ta tagjak\u00e9nt orsz\u00e1gos bajnoks\u00e1got nyert (1940). A Buk.-i TE matematika szak\u00e1n v\u00e9gzett (1959). A mv.-i Bolyai [&hellip;]<\/p>\n","protected":false},"featured_media":0,"comment_status":"open","ping_status":"closed","template":"","meta":[],"product_brand":[],"product_cat":[137],"product_tag":[],"class_list":{"0":"post-24897","1":"product","2":"type-product","3":"status-publish","5":"product_cat-maros-megyei-eletrajzi-lexikon","7":"first","8":"instock","9":"shipping-taxable","10":"product-type-simple"},"_links":{"self":[{"href":"https:\/\/uj.adatbank.ro\/lexikon\/wp-json\/wp\/v2\/product\/24897","targetHints":{"allow":["GET"]}}],"collection":[{"href":"https:\/\/uj.adatbank.ro\/lexikon\/wp-json\/wp\/v2\/product"}],"about":[{"href":"https:\/\/uj.adatbank.ro\/lexikon\/wp-json\/wp\/v2\/types\/product"}],"replies":[{"embeddable":true,"href":"https:\/\/uj.adatbank.ro\/lexikon\/wp-json\/wp\/v2\/comments?post=24897"}],"wp:attachment":[{"href":"https:\/\/uj.adatbank.ro\/lexikon\/wp-json\/wp\/v2\/media?parent=24897"}],"wp:term":[{"taxonomy":"product_brand","embeddable":true,"href":"https:\/\/uj.adatbank.ro\/lexikon\/wp-json\/wp\/v2\/product_brand?post=24897"},{"taxonomy":"product_cat","embeddable":true,"href":"https:\/\/uj.adatbank.ro\/lexikon\/wp-json\/wp\/v2\/product_cat?post=24897"},{"taxonomy":"product_tag","embeddable":true,"href":"https:\/\/uj.adatbank.ro\/lexikon\/wp-json\/wp\/v2\/product_tag?post=24897"}],"curies":[{"name":"wp","href":"https:\/\/api.w.org\/{rel}","templated":true}]}}

<p>Brád, 1936. jan. 16. † Mv., 2019. dec. 5..: matematikus, egyetemi tanár. – W. Péter és Jolán fia. Felesége Bodó Ilka. – A mv.-i Római Katolikus Gimn. diákja volt. A középiskolások atlétikai versenyének döntő szakaszán Buk.-ben a 4&#215;100 m staféta tagjaként országos bajnokságot nyert (1940). A Buk.-i TE matematika szakán végzett (1959). A mv.-i Bolyai Farkas Elméleti Líc. tanára (1959–63) és (1983–2001). Közben Marokkóban vendégtanár két évig (az 1970-es években). Tanársegéd a mv.-i Pedagógiai Főiskolán (1963–), majd adjunktus (1983–). A Sapientia –EMTE docense (2001–2007), óraadó oktató nyugdíjba vonulásáig. (1983–2001). Kutatómunkája, tanulmányainak eredményei kötetekben tükröződnek: Bolyai Farkas, a matematikus (Buk., 1974); A Bolyai–Lobacsevszkij geometria modelljei (Kv., 1975); Bolyai János matematikai munkássága (Buk., 1983); Vályi Gyula élete és munkássága (Buk., 1983); Bolyai János- Az első 200 év (Bp., 2002); Teleki Sámuel levelezése világhírű tudósokkal (Mv., 2003); Analitikus geometria és differenciálgeometria (Kv., 2003).  <strong>társszerző:</strong> Fiú és apa (Bp., 2003). Több mint 100 szakdolgozat, tudománynépszerűsítő, cikk szerzője. A Természet Világa bp.-i folyóirat szerkesztőbizottságának tagja. A matematikai tudományok doktora (Buk., 1971). A Korunk szerkesztőségének Bolyai-díja (1982), Beke Manó-díj (Mo., 1984); International Center Érdemoklevele (Cambridge, 1988), az RMDSZ Mv. városi tanácsának elnöke (1990. márc.-ig); Ezüst Gyopár-díj (1999), ), Mv. díszpolgára (2007). Domáldon kopjafát állított Bolyai János édesan yjának jeltelen sírjára. <br /><strong>– Irod.:</strong> EMKK 2010; Magy.kutatók; Mv.-i R. K. okt.; Staar Gyula: A harmadik mérföldkő: Emlékezés Weszely Tiborra (1936–2019), (Nú., Múzsa, 2021. jan. 9; 2021. jan. 23.); Tőkés.</br></p>

<p>Brád, 1936. jan. 16. † Mv., 2019. dec. 5..: matematikus, egyetemi tanár. – W. Péter és Jolán fia. Felesége Bodó Ilka. – A mv.-i Római Katolikus Gimn. diákja volt. A középiskolások atlétikai versenyének döntő szakaszán Buk.-ben a 4&#215;100 m staféta tagjaként országos bajnokságot nyert (1940). A Buk.-i TE matematika szakán végzett (1959). A mv.-i Bolyai [&hellip;]</p>
