{"id":24901,"date":"2025-08-01T18:25:10","date_gmt":"2025-08-01T16:25:10","guid":{"rendered":"https:\/\/uj.adatbank.ro\/lexikon\/termek\/widder-endre\/"},"modified":"2025-08-01T18:25:10","modified_gmt":"2025-08-01T16:25:10","slug":"widder-endre","status":"publish","type":"product","link":"https:\/\/uj.adatbank.ro\/lexikon\/termek\/widder-endre\/","title":{"rendered":"WIDDER Endre"},"content":{"rendered":"<p>Debrecen, 1902. aug.10., \u2020\u00a0Mv., 1966. \u00e1pr. 16.: gy\u00f3gyszer\u00e9sz. \u2013 Auschwitzban halt meg: \u00e9desanyja, els\u0151 feles\u00e9ge: Kov\u00e1cs Kl\u00e1ra \u00e9s kisle\u00e1nyuk 10 \u00e9vesen. 2. feles\u00e9ge: Glauczmann Kl\u00e1ra. Testv\u00e9re: Widder (k\u00e9s\u0151bb V\u00e9rtes) Imre (Debrecen, 1905. \u00e1pr. 12. \u2013 1986. j\u00fal. 16.), gy\u00f3gyszer\u00e9sz. \u2013 Nagyk\u00e1rolyban v\u00e9gezte a k\u00f6z\u00e9piskol\u00e1t, uo. gy\u00f3gyszer\u00e9szgyakornok, majd Bp.-en. Egyetemi tanulm\u00e1nyait P\u00e1rizsban, Strasbourgban v\u00e9gezte (1927). Visszat\u00e9rve gyakornok Nagyk\u00e1rolyban (1927\u2013), Nagyv\u00e1radon (1929\u201330), Nagyb\u00e1ny\u00e1n (1930\u201332). Mv.-en telepedett le (1932. nov.\u2013), Osv\u00e1th K\u00e1roly Arany Kereszt gy\u00f3gyszert\u00e1r\u00e1ban (Szent Gy\u00f6rgy u. 4.) volt alkalmazott, amit megvett a tulajdonost\u00f3l (1936\u2013) \u00e9s ezt vezette, am\u00edg elhurcolt\u00e1k Ukrajn\u00e1ba munkaszolg\u00e1latra (1942. j\u00fal. 20. \u2013 1945. m\u00e1rc.). Visszat\u00e9r\u00e9se ut\u00e1n az \u00e1llamos\u00edt\u00e1sig vezette a saj\u00e1t gy\u00f3gyszert\u00e1r\u00e1t (1949. \u00e1pr. 2.). Az \u00e1llamos\u00edt\u00e1s ut\u00e1n r\u00f6vid ideig vezette a Szent L\u00e9lek gy\u00f3gyszert\u00e1rat, ami a D\u00e1vid J\u00e1nos patik\u00e1ja volt. A Maros megyei Gy\u00f3gyszerv\u00e1llalat (Centrofarm) aligazgat\u00f3ja \u00e9s a kereskedelmi oszt\u00e1ly vezet\u0151je (1950\u201352), gy\u00f3gyszer\u00e9sz az 5. sz., majd a f\u0151t\u00e9ri 1. sz. gy\u00f3gyszert\u00e1rban nyugd\u00edjaz\u00e1s\u00e1ig (1965. jan. 15). A Maros megyei gy\u00f3gyszer\u00e9szek koll.-\u00e1nak eln\u00f6ke (1948. febr. 8.\u2013). <br \/><strong>\u2013 Irod.:<\/strong> P\u00e9ter H. M.; P\u00e9ter H. M. 2013.<\/br><\/p>\n","protected":false},"excerpt":{"rendered":"<p>Debrecen, 1902. aug.10., \u2020\u00a0Mv., 1966. \u00e1pr. 16.: gy\u00f3gyszer\u00e9sz. \u2013 Auschwitzban halt meg: \u00e9desanyja, els\u0151 feles\u00e9ge: Kov\u00e1cs Kl\u00e1ra \u00e9s kisle\u00e1nyuk 10 \u00e9vesen. 2. feles\u00e9ge: Glauczmann Kl\u00e1ra. Testv\u00e9re: Widder (k\u00e9s\u0151bb V\u00e9rtes) Imre (Debrecen, 1905. \u00e1pr. 12. \u2013 1986. j\u00fal. 16.), gy\u00f3gyszer\u00e9sz. \u2013 Nagyk\u00e1rolyban v\u00e9gezte a k\u00f6z\u00e9piskol\u00e1t, uo. gy\u00f3gyszer\u00e9szgyakornok, majd Bp.-en. Egyetemi tanulm\u00e1nyait P\u00e1rizsban, Strasbourgban v\u00e9gezte (1927). Visszat\u00e9rve [&hellip;]<\/p>\n","protected":false},"featured_media":0,"comment_status":"open","ping_status":"closed","template":"","meta":[],"product_brand":[],"product_cat":[137],"product_tag":[],"class_list":{"0":"post-24901","1":"product","2":"type-product","3":"status-publish","5":"product_cat-maros-megyei-eletrajzi-lexikon","7":"first","8":"instock","9":"shipping-taxable","10":"product-type-simple"},"_links":{"self":[{"href":"https:\/\/uj.adatbank.ro\/lexikon\/wp-json\/wp\/v2\/product\/24901","targetHints":{"allow":["GET"]}}],"collection":[{"href":"https:\/\/uj.adatbank.ro\/lexikon\/wp-json\/wp\/v2\/product"}],"about":[{"href":"https:\/\/uj.adatbank.ro\/lexikon\/wp-json\/wp\/v2\/types\/product"}],"replies":[{"embeddable":true,"href":"https:\/\/uj.adatbank.ro\/lexikon\/wp-json\/wp\/v2\/comments?post=24901"}],"wp:attachment":[{"href":"https:\/\/uj.adatbank.ro\/lexikon\/wp-json\/wp\/v2\/media?parent=24901"}],"wp:term":[{"taxonomy":"product_brand","embeddable":true,"href":"https:\/\/uj.adatbank.ro\/lexikon\/wp-json\/wp\/v2\/product_brand?post=24901"},{"taxonomy":"product_cat","embeddable":true,"href":"https:\/\/uj.adatbank.ro\/lexikon\/wp-json\/wp\/v2\/product_cat?post=24901"},{"taxonomy":"product_tag","embeddable":true,"href":"https:\/\/uj.adatbank.ro\/lexikon\/wp-json\/wp\/v2\/product_tag?post=24901"}],"curies":[{"name":"wp","href":"https:\/\/api.w.org\/{rel}","templated":true}]}}

<p>Debrecen, 1902. aug.10., † Mv., 1966. ápr. 16.: gyógyszerész. – Auschwitzban halt meg: édesanyja, első felesége: Kovács Klára és kisleányuk 10 évesen. 2. felesége: Glauczmann Klára. Testvére: Widder (később Vértes) Imre (Debrecen, 1905. ápr. 12. – 1986. júl. 16.), gyógyszerész. – Nagykárolyban végezte a középiskolát, uo. gyógyszerészgyakornok, majd Bp.-en. Egyetemi tanulmányait Párizsban, Strasbourgban végezte (1927). Visszatérve gyakornok Nagykárolyban (1927–), Nagyváradon (1929–30), Nagybányán (1930–32). Mv.-en telepedett le (1932. nov.–), Osváth Károly Arany Kereszt gyógyszertárában (Szent György u. 4.) volt alkalmazott, amit megvett a tulajdonostól (1936–) és ezt vezette, amíg elhurcolták Ukrajnába munkaszolgálatra (1942. júl. 20. – 1945. márc.). Visszatérése után az államosításig vezette a saját gyógyszertárát (1949. ápr. 2.). Az államosítás után rövid ideig vezette a Szent Lélek gyógyszertárat, ami a Dávid János patikája volt. A Maros megyei Gyógyszervállalat (Centrofarm) aligazgatója és a kereskedelmi osztály vezetője (1950–52), gyógyszerész az 5. sz., majd a főtéri 1. sz. gyógyszertárban nyugdíjazásáig (1965. jan. 15). A Maros megyei gyógyszerészek koll.-ának elnöke (1948. febr. 8.–). <br /><strong>– Irod.:</strong> Péter H. M.; Péter H. M. 2013.</br></p>

<p>Debrecen, 1902. aug.10., † Mv., 1966. ápr. 16.: gyógyszerész. – Auschwitzban halt meg: édesanyja, első felesége: Kovács Klára és kisleányuk 10 évesen. 2. felesége: Glauczmann Klára. Testvére: Widder (később Vértes) Imre (Debrecen, 1905. ápr. 12. – 1986. júl. 16.), gyógyszerész. – Nagykárolyban végezte a középiskolát, uo. gyógyszerészgyakornok, majd Bp.-en. Egyetemi tanulmányait Párizsban, Strasbourgban végezte (1927). Visszatérve [&hellip;]</p>
