{"id":24902,"date":"2025-08-01T18:25:13","date_gmt":"2025-08-01T16:25:13","guid":{"rendered":"https:\/\/uj.adatbank.ro\/lexikon\/termek\/widder-karoly\/"},"modified":"2025-08-01T18:25:13","modified_gmt":"2025-08-01T16:25:13","slug":"widder-karoly","status":"publish","type":"product","link":"https:\/\/uj.adatbank.ro\/lexikon\/termek\/widder-karoly\/","title":{"rendered":"WIDDER K\u00e1roly"},"content":{"rendered":"<p>1868? \u2020\u00a01924. aug. 19.: \u00e9kszer\u00e9sz. \u2013 Feles\u00e9ge Schuller Emma. Fiuk: K\u00e1roly. \u2013 Mv.-en aranym\u0171ves, \u00e9kszer\u00e9sz, \u00f3r\u00e1s \u00e9s optikai \u00fczlete volt (alap\u00edt\u00e1s: 1868), majd Erd\u00e9lyi M\u00f3r lett a tulajdonos \u00e9s akkor Widder \u00e9s Erd\u00e9lyi n\u00e9ven m\u0171k\u00f6d\u00f6tt. A marosszentkir\u00e1lyi \u00c1rp\u00e1d kori leletben tal\u00e1lhat\u00f3 S v\u00e9g\u0171 hajkarik\u00e1kat az akkori harangoz\u00f3 aranynak v\u00e9lte \u00e9s megpr\u00f3b\u00e1lta eladni az \u00e9kszer\u00e9sznek, de \u0151 csal\u00e1sra gyanakodva kidobta azokat az utc\u00e1ra (1890-es \u00e9vekben). A Mv.-i Kaszin\u00f3 tagja. <br \/><strong>\u2013 Irod.:<\/strong> Bi\u00e1s Istv\u00e1n; EBKL, Gy\u00e1szjelent\u0151; Id\u0151t\u00e1r 5\/3; P\u00e1l-Antal 2009.<\/br><\/p>\n","protected":false},"excerpt":{"rendered":"<p>1868? \u2020\u00a01924. aug. 19.: \u00e9kszer\u00e9sz. \u2013 Feles\u00e9ge Schuller Emma. Fiuk: K\u00e1roly. \u2013 Mv.-en aranym\u0171ves, \u00e9kszer\u00e9sz, \u00f3r\u00e1s \u00e9s optikai \u00fczlete volt (alap\u00edt\u00e1s: 1868), majd Erd\u00e9lyi M\u00f3r lett a tulajdonos \u00e9s akkor Widder \u00e9s Erd\u00e9lyi n\u00e9ven m\u0171k\u00f6d\u00f6tt. A marosszentkir\u00e1lyi \u00c1rp\u00e1d kori leletben tal\u00e1lhat\u00f3 S v\u00e9g\u0171 hajkarik\u00e1kat az akkori harangoz\u00f3 aranynak v\u00e9lte \u00e9s megpr\u00f3b\u00e1lta eladni az \u00e9kszer\u00e9sznek, de [&hellip;]<\/p>\n","protected":false},"featured_media":0,"comment_status":"open","ping_status":"closed","template":"","meta":[],"product_brand":[],"product_cat":[137],"product_tag":[],"class_list":{"0":"post-24902","1":"product","2":"type-product","3":"status-publish","5":"product_cat-maros-megyei-eletrajzi-lexikon","7":"first","8":"instock","9":"shipping-taxable","10":"product-type-simple"},"_links":{"self":[{"href":"https:\/\/uj.adatbank.ro\/lexikon\/wp-json\/wp\/v2\/product\/24902","targetHints":{"allow":["GET"]}}],"collection":[{"href":"https:\/\/uj.adatbank.ro\/lexikon\/wp-json\/wp\/v2\/product"}],"about":[{"href":"https:\/\/uj.adatbank.ro\/lexikon\/wp-json\/wp\/v2\/types\/product"}],"replies":[{"embeddable":true,"href":"https:\/\/uj.adatbank.ro\/lexikon\/wp-json\/wp\/v2\/comments?post=24902"}],"wp:attachment":[{"href":"https:\/\/uj.adatbank.ro\/lexikon\/wp-json\/wp\/v2\/media?parent=24902"}],"wp:term":[{"taxonomy":"product_brand","embeddable":true,"href":"https:\/\/uj.adatbank.ro\/lexikon\/wp-json\/wp\/v2\/product_brand?post=24902"},{"taxonomy":"product_cat","embeddable":true,"href":"https:\/\/uj.adatbank.ro\/lexikon\/wp-json\/wp\/v2\/product_cat?post=24902"},{"taxonomy":"product_tag","embeddable":true,"href":"https:\/\/uj.adatbank.ro\/lexikon\/wp-json\/wp\/v2\/product_tag?post=24902"}],"curies":[{"name":"wp","href":"https:\/\/api.w.org\/{rel}","templated":true}]}}

WIDDER Károly

<p>1868? † 1924. aug. 19.: ékszerész. – Felesége Schuller Emma. Fiuk: Károly. – Mv.-en aranyműves, ékszerész, órás és optikai üzlete volt (alapítás: 1868), majd Erdélyi Mór lett a tulajdonos és akkor Widder és Erdélyi néven működött. A marosszentkirályi Árpád kori leletben található S végű hajkarikákat az akkori harangozó aranynak vélte és megpróbálta eladni az ékszerésznek, de ő csalásra gyanakodva kidobta azokat az utcára (1890-es években). A Mv.-i Kaszinó tagja. <br /><strong>– Irod.:</strong> Biás István; EBKL, Gyászjelentő; Időtár 5/3; Pál-Antal 2009.</br></p>

<p>1868? † 1924. aug. 19.: ékszerész. – Felesége Schuller Emma. Fiuk: Károly. – Mv.-en aranyműves, ékszerész, órás és optikai üzlete volt (alapítás: 1868), majd Erdélyi Mór lett a tulajdonos és akkor Widder és Erdélyi néven működött. A marosszentkirályi Árpád kori leletben található S végű hajkarikákat az akkori harangozó aranynak vélte és megpróbálta eladni az ékszerésznek, de [&hellip;]</p>
