{"id":24906,"date":"2025-08-01T18:25:24","date_gmt":"2025-08-01T16:25:24","guid":{"rendered":"https:\/\/uj.adatbank.ro\/lexikon\/termek\/wiener-ferenc-francis-%c2%a7\/"},"modified":"2025-08-01T18:25:24","modified_gmt":"2025-08-01T16:25:24","slug":"wiener-ferenc-francis-%c2%a7","status":"publish","type":"product","link":"https:\/\/uj.adatbank.ro\/lexikon\/termek\/wiener-ferenc-francis-%c2%a7\/","title":{"rendered":"WIENER Ferenc, Francis \u00a7"},"content":{"rendered":"<p>? \u2020\u00a0?: orvos. \u2013 Feles\u00e9ge: Babonits Magda. Kandid\u00e1tusi fokozatot nyert (1959). A Fogorvosi Karon a biol\u00f3gia tan\u00e1rseg\u00e9de, el\u0151ad\u00f3tan\u00e1ra lett. A MOGYI \u00c1ltal\u00e1nos Orvosi Kar\u00e1nak d\u00e9k\u00e1nhelyettese (1961\u201364). Tan\u00e1rseg\u00e9d a parazitol\u00f3giai katedr\u00e1n. Kutat\u00f3 a MOGYI Orvosi Biol\u00f3giai Tansz\u00e9k\u00e9n. A Tartom\u00e1nyi P\u00e1rtbizotts\u00e1g tagja, az egyetemi p\u00e1rtbizotts\u00e1g nagyhatalm\u00fa vezet\u0151je volt. A mv.-i fogd\u00e1ban b\u00f6rt\u00f6norvosk\u00e9nt is tev\u00e9kenykedett. Sv\u00e9do.-ba t\u00e1vozott, megtartotta rom\u00e1n \u00e1llampolg\u00e1rs\u00e1g\u00e1t. A stockholmi Karolinska Int\u00e9zet munkat\u00e1rsa, majd professzora lett (1969\u2013), r\u00e1kkutat\u00f3. <br \/><strong>\u2013 Irod.:<\/strong> Dezs\u0151 Istv\u00e1n; \u00c9szaki magyarok = \u00c9szaki v\u00e1ltozatok. \/ T\u00f3falvi Zolt\u00e1n; Genersich; Kiss Cs. M 3.; Nagy L.; Sz\u00e1sz Istv\u00e1n Tas: A forradalom \u00e9s ut\u00f3\u00e9lete a mv.-i orvosi egyetemen (Erd\u00e9lyi Napl\u00f3, 2006, 41. sz.).<\/br><\/p>\n","protected":false},"excerpt":{"rendered":"<p>? \u2020\u00a0?: orvos. \u2013 Feles\u00e9ge: Babonits Magda. Kandid\u00e1tusi fokozatot nyert (1959). A Fogorvosi Karon a biol\u00f3gia tan\u00e1rseg\u00e9de, el\u0151ad\u00f3tan\u00e1ra lett. A MOGYI \u00c1ltal\u00e1nos Orvosi Kar\u00e1nak d\u00e9k\u00e1nhelyettese (1961\u201364). Tan\u00e1rseg\u00e9d a parazitol\u00f3giai katedr\u00e1n. Kutat\u00f3 a MOGYI Orvosi Biol\u00f3giai Tansz\u00e9k\u00e9n. A Tartom\u00e1nyi P\u00e1rtbizotts\u00e1g tagja, az egyetemi p\u00e1rtbizotts\u00e1g nagyhatalm\u00fa vezet\u0151je volt. A mv.-i fogd\u00e1ban b\u00f6rt\u00f6norvosk\u00e9nt is tev\u00e9kenykedett. Sv\u00e9do.-ba t\u00e1vozott, megtartotta [&hellip;]<\/p>\n","protected":false},"featured_media":0,"comment_status":"open","ping_status":"closed","template":"","meta":[],"product_brand":[],"product_cat":[137],"product_tag":[],"class_list":{"0":"post-24906","1":"product","2":"type-product","3":"status-publish","5":"product_cat-maros-megyei-eletrajzi-lexikon","7":"first","8":"instock","9":"shipping-taxable","10":"product-type-simple"},"_links":{"self":[{"href":"https:\/\/uj.adatbank.ro\/lexikon\/wp-json\/wp\/v2\/product\/24906","targetHints":{"allow":["GET"]}}],"collection":[{"href":"https:\/\/uj.adatbank.ro\/lexikon\/wp-json\/wp\/v2\/product"}],"about":[{"href":"https:\/\/uj.adatbank.ro\/lexikon\/wp-json\/wp\/v2\/types\/product"}],"replies":[{"embeddable":true,"href":"https:\/\/uj.adatbank.ro\/lexikon\/wp-json\/wp\/v2\/comments?post=24906"}],"wp:attachment":[{"href":"https:\/\/uj.adatbank.ro\/lexikon\/wp-json\/wp\/v2\/media?parent=24906"}],"wp:term":[{"taxonomy":"product_brand","embeddable":true,"href":"https:\/\/uj.adatbank.ro\/lexikon\/wp-json\/wp\/v2\/product_brand?post=24906"},{"taxonomy":"product_cat","embeddable":true,"href":"https:\/\/uj.adatbank.ro\/lexikon\/wp-json\/wp\/v2\/product_cat?post=24906"},{"taxonomy":"product_tag","embeddable":true,"href":"https:\/\/uj.adatbank.ro\/lexikon\/wp-json\/wp\/v2\/product_tag?post=24906"}],"curies":[{"name":"wp","href":"https:\/\/api.w.org\/{rel}","templated":true}]}}

<p>? † ?: orvos. – Felesége: Babonits Magda. Kandidátusi fokozatot nyert (1959). A Fogorvosi Karon a biológia tanársegéde, előadótanára lett. A MOGYI Általános Orvosi Karának dékánhelyettese (1961–64). Tanársegéd a parazitológiai katedrán. Kutató a MOGYI Orvosi Biológiai Tanszékén. A Tartományi Pártbizottság tagja, az egyetemi pártbizottság nagyhatalmú vezetője volt. A mv.-i fogdában börtönorvosként is tevékenykedett. Svédo.-ba távozott, megtartotta román állampolgárságát. A stockholmi Karolinska Intézet munkatársa, majd professzora lett (1969–), rákkutató. <br /><strong>– Irod.:</strong> Dezső István; Északi magyarok = Északi változatok. / Tófalvi Zoltán; Genersich; Kiss Cs. M 3.; Nagy L.; Szász István Tas: A forradalom és utóélete a mv.-i orvosi egyetemen (Erdélyi Napló, 2006, 41. sz.).</br></p>

<p>? † ?: orvos. – Felesége: Babonits Magda. Kandidátusi fokozatot nyert (1959). A Fogorvosi Karon a biológia tanársegéde, előadótanára lett. A MOGYI Általános Orvosi Karának dékánhelyettese (1961–64). Tanársegéd a parazitológiai katedrán. Kutató a MOGYI Orvosi Biológiai Tanszékén. A Tartományi Pártbizottság tagja, az egyetemi pártbizottság nagyhatalmú vezetője volt. A mv.-i fogdában börtönorvosként is tevékenykedett. Svédo.-ba távozott, megtartotta [&hellip;]</p>
